NOAA style reports

NOAA-style Climate Reports

Select a Year or Month report
V/Λ2019 > Jan Feb Mar Apr May Jun Jul Aug Sep Oct Nov Dec
V/Λ2018 > Jan Feb Mar Apr May Jun Jul Aug Sep Oct Nov Dec
V/Λ2017 > Jan Feb Mar Apr May Jun Jul Aug Sep Oct Nov Dec
V/Λ2016 > Jan Feb Mar Apr May Jun Jul Aug Sep Oct Nov Dec
V/Λ2015 > Jan Feb Mar Apr May Jun Jul Aug Sep Oct Nov Dec
V/Λ2014 > Jan Feb Mar Apr May Jun Jul Aug Sep Oct Nov Dec
V/Λ2013 > Jan Feb Mar Apr May Jun Jul Aug Sep Oct Nov Dec

Report for 2019 Mar
                   Monthly Climatological Summary for mar 2019

Name: kvikklunsj.net   City: Alta   State: Norge
Elevation: 16 m  Lat: N 69° 52' 21"   Lon: E 023° 28' 10"

                  Temperature (°C), Rain (mm), Wind Speed (m/s)

                                      Heat  Cool        Avg
    Mean                              Deg   Deg         Wind                 Dom
Day Temp  High   Time   Low    Time   Days  Days  Rain  Speed High   Time    Dir
----------------------------------------------------------------------------------
 1  -7,0  -1,8   03:53 -17,6   23:57  22,5   0,0   0,2   0,4   7,6   02:38   ØSØ
 2 -16,9  -9,5   14:07 -21,8   07:09  32,4   0,0   0,0   0,1   2,2   12:55    SØ
 3 -14,8  -6,3   14:34 -23,2   03:57  30,3   0,0   0,0   0,5   6,7   20:56    SØ
 4 -10,0  -5,9   10:07 -14,9   05:52  25,5   0,0   0,0   1,5   9,4   10:27    NV
 5  -7,7  -4,8   13:57 -12,8   03:56  23,2   0,0   0,0   1,3   6,7   07:11    SØ
 6  -6,3  -3,7   03:44  -9,7   18:15  21,8   0,0   0,0   1,1  13,9   05:30   VNV
 7  -8,9  -3,9   13:02 -17,6   23:23  24,4   0,0   0,0   0,7   5,8   20:34    SØ
 8 -17,8 -13,6   15:30 -21,6   06:54  33,3   0,0   0,0   0,1   4,0   00:25    SØ
 9  -8,8  -3,9   14:18 -17,3   00:00  24,3   0,0   0,0   0,8   4,9   09:17   NNV
10 -12,1  -4,3   13:24 -18,9   06:35  27,6   0,0   0,0   0,1   2,2   12:21     Ø
11 -12,0  -5,6   13:49 -20,0   03:27  27,5   0,0   0,0   0,1   2,2   06:16    SØ
12  -5,9   1,3   13:09 -13,8   06:43  21,4   0,0   0,2   0,5   6,3   14:14    SØ
13  -7,9  -4,6   13:05 -12,5   04:54  23,4   0,0   0,2   1,9  11,6   21:47    SØ
14  -4,3  -1,9   23:28  -6,2   05:48  19,7   0,0   0,2   2,6   9,8   08:23    SØ
15  -0,8   1,6   13:55  -2,3   04:44  16,3   0,0   0,0   0,7   9,4   00:44    SØ
16  -3,8   2,3   12:33  -9,1   06:00  19,3   0,0   0,2   0,6   4,9   17:09    SØ
17  -6,0  -1,9   13:30 -11,9   06:38  21,5   0,0   0,0   0,6   5,4   02:52   ØSØ
18  -5,8  -2,8   14:34  -9,9   06:36  21,3   0,0   0,0   0,1   2,2   10:43    NV
19  -4,2   2,0   11:41 -12,3   04:27  19,7   0,0   0,0   0,6   6,3   15:49    SØ
----------------------------------------------------------------------------------
    -8,5   2,3    16   -23,2     3   455,4   0,0   1,0   0,8  13,9     6      SØ

Max >=  18,0:  0
Max <=   0,0: 15
Min <=   0,0: 19
Min <= -18,0:  5
Max Rain: 0,2 on day 1
Days of Rain: 5 (>= 0,2 mm)  0 (>= 2,0 mm)  0 (>= 10,0 mm)
Heat Base: 15,5  Cool Base: 18,3  Method: Integration