NOAA style reports

NOAA-style Climate Reports


Report for 2017 Oct
                   Monthly Climatological Summary for okt 2017

Name: kvikklunsj.net   City: Alta   State: Norway
Elevation: 23 m  Lat: N 69° 55' 19"   Lon: E 023° 16' 15"

                  Temperature (°C), Rain (mm), Wind Speed (m/s)

                                      Heat  Cool        Avg
    Mean                              Deg   Deg         Wind                 Dom
Day Temp  High   Time   Low    Time   Days  Days  Rain  Speed High   Time    Dir
----------------------------------------------------------------------------------
 1   9,2  16,5   14.50   3,9   23.58   6,4   0,0   0,0   1,2   6,5   12.46    SE
 2   6,5   8,4   18.14   3,3   02.34   9,0   0,0   0,0   3,9  16,7   11.17    SE
 3   7,1   7,7   12.11   6,8   02.27   8,4   0,0   0,0   3,7  13,4   02.49    SE
 4   6,9   7,9   14.17   5,7   23.54   8,6   0,0   0,0   2,8  12,8   04.35    SE
 5   6,3   8,3   14.22   4,2   23.52   9,2   0,0   0,0   0,4   4,3   00.59    SE
 6   3,6   7,1   13.23  -2,2   07.21  11,9   0,0   0,0   0,0   2,2   13.25   NNW
 7   5,1   7,4   14.59   3,4   03.18  10,4   0,0   2,4   0,1   3,7   14.15   NNE
 8   4,8   6,3   12.50   3,4   23.46  10,7   0,0   3,2   0,0   1,6   14.31    NW
 9   4,2   6,6   15.39   2,6   05.59  11,3   0,0   0,6   0,1   5,4   23.55    SE
10   2,1   4,6   00.00  -1,4   18.06  13,4   0,0   0,0   0,7   8,0   12.50    SE
11   2,8   4,6   14.17   0,6   00.43  12,6   0,0   0,0   0,6   7,0   13.32    SE
12   4,0   7,1   12.06   0,2   21.18  11,5   0,0   0,0   1,0  10,7   13.16    SE
13   2,1   5,0   22.09  -2,1   08.25  13,4   0,0   0,2   1,4  12,8   20.50    SE
14   5,4   5,9   14.17   4,5   00.00  10,1   0,0   0,4   4,4  18,2   11.50    SE
15   5,6   6,4   12.50   4,9   00.57   9,9   0,0   0,0   2,1   9,6   01.56    SE
16   3,2   5,7   07.37  -0,2   23.57  12,3   0,0   4,8   1,7  15,6   09.19    SE
17   0,0   1,3   15.29  -0,8   23.55  15,4   0,0   0,0   0,2   3,2   05.39    SE
18   0,7   2,3   13.42  -0,9   01.07  14,8   0,0   5,4   0,0   0,5   01.28   ---
19   0,8   2,6   12.59  -2,1   20.06  14,7   0,0   1,8   0,0   2,6   21.37    SE
20  -0,2   3,8   22.26  -2,9   05.18  15,7   0,0   0,2   0,4   4,8   16.43    SE
----------------------------------------------------------------------------------
     4,0  16,5     1    -2,9    20   229,7   0,0  19,0   1,2  18,2    14      SE

Max >=  18,0:  0
Max <=   0,0:  0
Min <=   0,0:  8
Min <= -18,0:  0
Max Rain: 5,4 on day 18
Days of Rain: 9 (>= 0,2 mm)  4 (>= 2,0 mm)  0 (>= 10,0 mm)
Heat Base: 15,5  Cool Base: 18,3  Method: Integration