NOAA style reports

NOAA-style Climate Reports

Select a Year or Month report
V/Λ2020 > Jan Feb Mar Apr May Jun Jul Aug Sep Oct Nov Dec
V/Λ2019 > Jan Feb Mar Apr May Jun Jul Aug Sep Oct Nov Dec
V/Λ2018 > Jan Feb Mar Apr May Jun Jul Aug Sep Oct Nov Dec
V/Λ2017 > Jan Feb Mar Apr May Jun Jul Aug Sep Oct Nov Dec
V/Λ2016 > Jan Feb Mar Apr May Jun Jul Aug Sep Oct Nov Dec
V/Λ2015 > Jan Feb Mar Apr May Jun Jul Aug Sep Oct Nov Dec
V/Λ2014 > Jan Feb Mar Apr May Jun Jul Aug Sep Oct Nov Dec
V/Λ2013 > Jan Feb Mar Apr May Jun Jul Aug Sep Oct Nov Dec

Report for 2020 Feb
                   Monthly Climatological Summary for feb 2020

Name: kvikklunsj.net   City: Alta   State: Norge
Elevation: 16 m  Lat: N 69° 52' 21"   Lon: E 023° 28' 10"

                  Temperature (°C), Rain (mm), Wind Speed (m/s)

                                      Heat  Cool        Avg
    Mean                              Deg   Deg         Wind                 Dom
Day Temp  High   Time   Low    Time   Days  Days  Rain  Speed High   Time    Dir
----------------------------------------------------------------------------------
 1  -8,6  -7,4   01:28  -9,5   18:40  24,1   0,0   0,0   3,6  17,9   06:24   SSØ
 2  -8,9  -6,8   08:12 -13,2   18:25  24,4   0,0   0,0   0,8  10,3   02:04   SSØ
 3  -5,1  -1,3   03:36 -12,6   23:58  20,6   0,0   0,0   0,4   5,8   07:21    NV
 4  -9,7  -4,6   20:33 -15,4   10:09  25,2   0,0   0,0   0,1   5,8   20:29   NNV
 5  -6,8  -5,1   20:02  -9,4   01:10  22,3   0,0   0,0   0,8  15,2   04:50     S
 6  -5,7  -2,3   08:25 -10,6   23:21  21,2   0,0   0,0   1,0  10,7   05:54    NV
 7  -3,0   3,3   16:59 -10,1   00:00  18,5   0,0   0,0   0,9   9,4   07:02   SSØ
 8   2,4   5,4   10:39  -4,1   23:57  13,1   0,0   6,4   1,4   6,7   12:35   SSØ
 9  -5,0  -1,5   23:58  -6,9   03:56  20,5   0,0   0,0   1,4   8,5   21:41   SSØ
10  -0,3   1,3   08:33  -4,1   23:50  15,7   0,0   0,0   0,6   8,5   05:54   SSØ
11  -3,4   0,6   23:44  -5,5   19:25  18,9   0,0   0,0   0,0   3,1   23:30     S
12  -2,2   1,1   02:14  -7,3   23:59  17,6   0,0   0,0   1,6   6,7   21:33     S
13  -5,0   0,0   14:13  -8,3   03:06  20,5   0,0   0,0   1,8   8,5   02:11   SSØ
14 -10,7  -5,7   00:55 -14,8   16:48  26,2   0,0   0,0   0,8   6,3   00:03   SSØ
15 -10,7  -6,4   11:26 -14,7   02:25  26,2   0,0   0,0   0,4   6,3   16:57   SSØ
16  -9,1  -0,8   21:58 -17,1   05:39  24,6   0,0   0,0   0,6   8,0   13:39   SSØ
17  -1,6   2,7   13:52  -5,6   08:56  17,1   0,0   0,6   0,1   4,9   22:21    NV
18  -1,6   1,3   02:30  -3,8   21:46  17,1   0,0   0,0   0,2   5,4   06:30     N
19  -5,6  -3,4   01:26  -9,4   08:32  21,1   0,0   0,0   1,0   6,3   03:12   SSØ
20  -5,7  -2,2   23:00  -8,8   12:14  21,2   0,0   0,0   2,5  13,9   13:28   SSØ
21   0,0   2,2   14:04  -2,9   00:50  15,5   0,0   0,0   3,0  15,6   01:56   SSØ
22   1,9   3,3   12:42   0,2   21:56  13,6   0,0   0,2   3,2  14,8   06:17   SSØ
23  -5,4   0,6   00:01 -10,3   20:31  20,9   0,0   0,0   0,2   4,9   00:05   SSØ
24  -3,1   0,6   06:33  -7,6   00:00  18,6   0,0   0,0   0,9   7,6   08:54   NNV
25  -8,8  -5,2   13:31 -14,7   23:59  24,3   0,0   0,0   0,2   3,1   18:09   SSØ
26 -10,0  -4,3   21:16 -15,6   00:46  25,5   0,0   0,0   0,4   5,4   13:27   SSØ
27  -5,3  -0,8   12:49 -10,1   02:49  20,8   0,0   0,0   2,0   9,8   10:18   SSØ
28 -10,0  -5,5   12:26 -16,3   21:19  25,5   0,0   0,0   0,6   7,2   01:49   SSØ
----------------------------------------------------------------------------------
    -5,2   5,4     8   -17,1    16   580,8   0,0   7,2   1,1  17,9     1     SSØ

Max >=  18,0:  0
Max <=   0,0: 17
Min <=   0,0: 27
Min <= -18,0:  0
Max Rain: 6,4 on day 8
Days of Rain: 3 (>= 0,2 mm)  1 (>= 2,0 mm)  0 (>= 10,0 mm)
Heat Base: 15,5  Cool Base: 18,3  Method: Integration