NOAA style reports

NOAA-style Climate Reports

Select a Year or Month report

Report for 2021 Oct
                   Monthly Climatological Summary for okt 2021

Name: kvikklunsj.net   City: Alta   State: Norge
Elevation: 16 m  Lat: N 69° 52' 21"   Lon: E 023° 28' 10"

                  Temperature (°C), Rain (mm), Wind Speed (m/s)

                                      Heat  Cool        Avg
    Mean                              Deg   Deg         Wind                 Dom
Day Temp  High   Time   Low    Time   Days  Days  Rain  Speed High   Time    Dir
----------------------------------------------------------------------------------
 1   8,8  10,8   14:41   7,4   00:15   6,7   0,0   0,2   3,1  13,0   18:47   SSØ
 2  11,3  12,8   14:12   8,2   00:06   4,2   0,0   0,4   3,9  16,1   07:29   SSØ
 3  11,1  12,8   01:23   9,6   06:41   4,4   0,0   0,4   3,7  16,1   11:24   SSØ
 4  12,6  14,2   11:11  11,0   03:36   2,8   0,0   1,8   4,7  18,3   12:07   SSØ
 5  12,5  14,4   12:57  10,9   23:11   3,0   0,0   0,0   3,2  12,5   12:18   SSØ
 6   9,1  13,3   12:52   5,6   23:58   6,4   0,0   0,0   1,0   9,8   00:45   SSØ
 7   3,5   5,7   00:00  -0,9   21:47  12,0   0,0   0,2   0,7   5,8   12:04     N
 8   2,9   5,5   12:59  -0,2   23:42  12,6   0,0   0,0   0,5   6,3   18:19   SSØ
 9   3,0   5,3   14:32  -0,1   00:00  12,5   0,0   0,0   0,5   5,8   13:46   SSØ
10   5,4   7,8   12:58   4,1   05:13  10,1   0,0   0,6   0,1   2,2   04:51   SSØ
11   5,2   6,8   13:30   3,8   03:39  10,3   0,0  24,0   0,3   4,9   15:41   NNØ
12   5,6   7,1   11:16   3,9   05:41   9,5   0,0   0,6   0,5   5,4   02:16    NV
13   3,1   6,3   13:29   1,4   02:51  12,3   0,0   0,0   0,7   4,9   22:47     S
14   1,7   3,5   03:45   0,1   20:53  13,8   0,0   0,0   0,9   4,9   07:23   SSØ
15   0,2   1,6   14:01  -2,3   23:34  15,3   0,0   3,2   0,0   1,8   12:26   SSØ
16   0,9   3,6   18:50  -2,4   07:49  14,6   0,0   5,0   1,0   6,7   21:27     N
17   3,1   4,1   12:57   1,5   23:02  12,4   0,0   3,0   2,7   8,9   20:28     N
18   0,2   1,8   00:05  -1,8   21:03  15,3   0,0   0,4   1,3   7,6   15:53     N
19  -3,3   0,1   00:23  -7,9   23:43  18,8   0,0   0,0   0,4   4,0   10:33   SSØ
20  -5,9  -2,4   21:31  -8,8   01:24  21,4   0,0   0,0   0,7   7,6   21:38     Ø
21  -0,5   1,6   18:06  -2,6   04:40  16,0   0,0   0,0   0,7   5,8   00:20    NØ
22  -0,5   1,6   04:03  -4,5   23:31  16,0   0,0   0,0   1,1   8,0   06:45    NØ
----------------------------------------------------------------------------------
     4,1  14,4     5    -8,8    20   250,4   0,0  39,8   1,4  18,3     4      SØ

Max >=  18,0:  0
Max <=   0,0:  1
Min <=   0,0: 10
Min <= -18,0:  0
Max Rain: 24,0 on day 11
Days of Rain: 12 (>= 0,2 mm)  4 (>= 2,0 mm)  1 (>= 10,0 mm)
Heat Base: 15,5  Cool Base: 18,3  Method: Integration