NOAA style reports

NOAA-style Climate Reports

Select a Year or Month report
V/Λ2020 > Jan Feb Mar Apr May Jun Jul Aug Sep Oct Nov Dec
V/Λ2019 > Jan Feb Mar Apr May Jun Jul Aug Sep Oct Nov Dec
V/Λ2018 > Jan Feb Mar Apr May Jun Jul Aug Sep Oct Nov Dec
V/Λ2017 > Jan Feb Mar Apr May Jun Jul Aug Sep Oct Nov Dec
V/Λ2016 > Jan Feb Mar Apr May Jun Jul Aug Sep Oct Nov Dec
V/Λ2015 > Jan Feb Mar Apr May Jun Jul Aug Sep Oct Nov Dec
V/Λ2014 > Jan Feb Mar Apr May Jun Jul Aug Sep Oct Nov Dec
V/Λ2013 > Jan Feb Mar Apr May Jun Jul Aug Sep Oct Nov Dec

Report for 2020 May
                   Monthly Climatological Summary for mai 2020

Name: kvikklunsj.net   City: Alta   State: Norge
Elevation: 16 m  Lat: N 69° 52' 21"   Lon: E 023° 28' 10"

                  Temperature (°C), Rain (mm), Wind Speed (m/s)

                                      Heat  Cool        Avg
    Mean                              Deg   Deg         Wind                 Dom
Day Temp  High   Time   Low    Time   Days  Days  Rain  Speed High   Time    Dir
----------------------------------------------------------------------------------
 1   1,2   5,2   17:34  -3,6   04:36  14,3   0,0   0,0   1,2   6,7   09:49   SSØ
 2   3,5   6,7   12:25  -1,7   01:55  12,0   0,0   0,0   1,1   8,0   19:51    SØ
 3   3,5   5,2   12:41   1,3   23:53  12,0   0,0   2,0   1,1   7,6   07:59    SØ
 4   3,3   6,2   12:50   0,4   04:22  12,2   0,0   3,6   0,2   4,0   16:10   NNV
 5   4,0   6,1   11:25   1,2   01:22  11,5   0,0   0,0   2,6  13,4   20:58   SSØ
 6   5,3   7,6   12:07   3,6   00:11  10,2   0,0   0,0   1,9  10,7   00:39   SSØ
 7   4,0   5,2   12:18   2,4   07:45  11,5   0,0   0,6   1,9  12,1   14:09     V
 8   2,6   5,2   11:14  -0,3   23:00  12,9   0,0   0,0   0,8   4,5   00:24    NV
 9   2,1   4,8   14:47  -1,6   23:58  13,4   0,0   0,0   1,0   5,4   19:55     S
10   1,1   5,7   13:22  -2,4   02:03  14,4   0,0   0,0   1,1   5,4   01:04   SSØ
11   0,8   3,8   13:05  -3,2   03:46  14,7   0,0   0,0   1,3   9,4   23:59   NNV
12   0,4   2,3   15:32  -0,9   05:18  15,1   0,0   0,0   2,0  11,2   06:57   VNV
13   2,3   6,1   16:10  -2,6   23:55  13,2   0,0   0,0   1,4   7,6   10:59     S
14   0,2   4,0   13:26  -4,7   03:48  15,3   0,0   0,0   0,6   7,6   15:37    NV
15   2,6   4,6   16:55   0,4   03:24  12,9   0,0   3,0   3,1  13,9   16:34   SSØ
16   4,2   8,8   15:43   0,2   03:28  11,3   0,0   0,0   1,0   7,2   01:14   ØNØ
17   2,3   5,5   13:27  -0,4   23:58  13,2   0,0   3,0   0,3   4,0   10:34     N
18   3,0   6,7   15:24  -1,6   02:20  12,5   0,0   0,0   0,6   5,4   14:28    NØ
19   3,6   6,2   14:34   0,4   02:12  11,9   0,0   3,2   0,5   3,6   12:52   NNV
20   3,9   6,8   15:45   0,3   00:44  11,6   0,0   2,2   0,5   3,6   15:47   NNØ
21   4,8   8,3   09:38  -1,1   01:36  10,6   0,0   0,0   0,6   3,6   13:35   NNØ
22   6,2  10,7   15:46  -0,4   01:28   9,3   0,0   0,0   0,9   5,4   10:02    SØ
23   9,4  12,8   15:54   0,1   01:21   5,8   0,0   0,0   1,8  11,6   13:09   SSØ
----------------------------------------------------------------------------------
     3,2  12,8    23    -4,7    14   281,8   0,0  17,6   1,2  13,9    15     SSØ

Max >=  18,0:  0
Max <=   0,0:  0
Min <=   0,0: 13
Min <= -18,0:  0
Max Rain: 3,6 on day 4
Days of Rain: 7 (>= 0,2 mm)  6 (>= 2,0 mm)  0 (>= 10,0 mm)
Heat Base: 15,5  Cool Base: 18,3  Method: Integration