NOAA style reports

NOAA-style Climate Reports

Select a Year or Month report
V/Λ2018 > Jan Feb Mar Apr May Jun Jul Aug Sep Oct Nov Dec
V/Λ2017 > Jan Feb Mar Apr May Jun Jul Aug Sep Oct Nov Dec
V/Λ2016 > Jan Feb Mar Apr May Jun Jul Aug Sep Oct Nov Dec
V/Λ2015 > Jan Feb Mar Apr May Jun Jul Aug Sep Oct Nov Dec
V/Λ2014 > Jan Feb Mar Apr May Jun Jul Aug Sep Oct Nov Dec
V/Λ2013 > Jan Feb Mar Apr May Jun Jul Aug Sep Oct Nov Dec

Report for 2018 Jul
                   Monthly Climatological Summary for jul 2018

Name: kvikklunsj.net   City: Alta   State: Norge
Elevation: 16 m  Lat: N 69° 52' 21"   Lon: E 023° 28' 10"

                  Temperature (°C), Rain (mm), Wind Speed (m/s)

                                      Heat  Cool        Avg
    Mean                              Deg   Deg         Wind                 Dom
Day Temp  High   Time   Low    Time   Days  Days  Rain  Speed High   Time    Dir
----------------------------------------------------------------------------------
 1  13,4  17,5   14:45   7,9   00:09   2,3   0,0   0,0   0,8   4,5   10:22   NNW
 2  16,2  23,6   11:17   8,8   01:01   1,4   0,9   0,0   0,7   5,8   15:59   NNW
 3  15,1  21,4   12:19   8,6   01:12   2,0   0,4   6,8   0,9   7,6   17:11   NNW
 4  10,0  12,4   15:41   8,6   23:56   5,5   0,0   6,2   0,8   5,4   16:32    NW
 5  12,8  18,6   19:18   8,1   02:37   3,2   0,0   0,0   0,6   6,7   22:40   NNE
 6  15,1  20,3   15:41   9,9   01:56   1,6   0,2   0,0   0,9   4,9   09:55   ESE
 7  11,1  11,9   00:00  10,2   23:00   4,4   0,0   0,8   0,6   4,5   04:52   NNW
 8  13,9  19,4   17:20  10,1   00:19   2,1   0,0   0,0   0,4   3,6   13:44    NW
 9  14,2  18,7   14:36   8,9   01:41   1,8   0,0   0,0   0,4   4,0   15:01    NW
10  14,6  17,7   06:22  11,0   23:55   1,2   0,0   0,0   0,8   6,3   18:45    NW
11  13,4  17,6   16:45   9,3   01:36   2,4   0,0   0,0   0,5   3,6   14:58    NW
12  15,4  27,1   09:23   9,7   00:26   1,9   0,9   2,2   0,6   4,9   18:16    NW
13  11,6  14,1   17:07  10,0   07:32   3,9   0,0   0,6   0,7   4,9   18:30    NW
14  11,2  14,2   13:46   8,7   02:10   4,3   0,0   0,0   0,6   4,5   14:42    NW
15  12,9  18,1   16:06  10,3   02:39   2,7   0,0   0,0   0,2   2,7   00:19    NW
16  14,3  16,9   18:39  10,3   02:51   1,4   0,0   0,0   0,4   3,6   15:49    NW
17  19,7  24,6   08:45  10,4   01:48   0,7   2,9   0,0   0,5   4,5   14:26    NW
18  25,4  33,2   16:11  13,9   02:06   0,1   7,7   0,0   1,0   8,0   16:27    SE
19  23,9  31,6   13:08  14,0   23:51   0,0   5,9   0,0   1,8  11,2   11:02    SE
20  16,3  20,1   11:00  12,7   01:39   0,6   0,3   0,0   0,8   5,8   15:50    NW
----------------------------------------------------------------------------------
    15,0  33,2    18     7,9     1    43,5  19,2  16,6   0,7  11,2    19     NNW

Max >=  18,0: 12
Max <=   0,0:  0
Min <=   0,0:  0
Min <= -18,0:  0
Max Rain: 6,8 on day 3
Days of Rain: 5 (>= 0,2 mm)  3 (>= 2,0 mm)  0 (>= 10,0 mm)
Heat Base: 15,5  Cool Base: 18,3  Method: Integration