NOAA style reports

NOAA-style Climate Reports

Select a Year or Month report
V/Λ2018 > Jan Feb Mar Apr May Jun Jul Aug Sep Oct Nov Dec
V/Λ2017 > Jan Feb Mar Apr May Jun Jul Aug Sep Oct Nov Dec
V/Λ2016 > Jan Feb Mar Apr May Jun Jul Aug Sep Oct Nov Dec
V/Λ2015 > Jan Feb Mar Apr May Jun Jul Aug Sep Oct Nov Dec
V/Λ2014 > Jan Feb Mar Apr May Jun Jul Aug Sep Oct Nov Dec
V/Λ2013 > Jan Feb Mar Apr May Jun Jul Aug Sep Oct Nov Dec

Report for 2018 Sep
                   Monthly Climatological Summary for sep 2018

Name: kvikklunsj.net   City: Alta   State: Norge
Elevation: 16 m  Lat: N 69° 52' 21"   Lon: E 023° 28' 10"

                  Temperature (°C), Rain (mm), Wind Speed (m/s)

                                      Heat  Cool        Avg
    Mean                              Deg   Deg         Wind                 Dom
Day Temp  High   Time   Low    Time   Days  Days  Rain  Speed High   Time    Dir
----------------------------------------------------------------------------------
 1  10,6  18,2   16:02   2,7   02:43   5,4   0,0   0,0   1,2   8,5   11:47    SØ
 2  11,6  16,6   14:39   6,4   01:35   3,9   0,0   0,4   0,5   5,8   21:29    SØ
 3  16,4  23,9   14:13   5,8   23:52   1,2   0,9   0,2   2,1  17,0   11:22    SØ
 4   9,9  15,2   11:34   5,4   23:59   5,6   0,0   0,0   0,4   3,6   09:26    NV
 5   9,8  15,6   15:53   3,6   02:48   5,7   0,0   0,2   0,6   4,9   13:57    SØ
 6   9,8  15,3   12:10   4,6   21:54   5,7   0,0   0,0   0,4   5,4   00:56    SØ
 7   7,4  13,4   15:24   1,9   23:21   8,1   0,0   0,0   0,2   2,7   13:20    NV
 8   8,4  14,5   11:22   2,1   23:56   7,1   0,0   0,0   0,2   3,1   13:31    NV
 9   8,4  16,3   15:51  -0,9   05:55   7,1   0,0   0,0   0,1   2,7   14:24   NNV
10  14,8  19,1   13:26   6,2   01:56   1,8   0,1   0,0   2,1  11,2   14:14    SØ
11  14,4  17,1   14:20  11,6   05:22   1,3   0,0   0,0   2,2  11,2   13:04    SØ
12  10,9  13,8   10:36   6,2   07:26   4,6   0,0   0,0   0,2   4,9   00:06    NV
13   9,8  12,7   13:03   5,5   22:10   5,7   0,0   0,0   0,3   4,0   12:00   NNV
14   7,1  10,7   12:02   3,1   04:54   8,4   0,0   0,8   0,1   4,5   12:02    SØ
15   6,8  13,9   13:01   1,5   06:14   8,7   0,0   0,0   0,1   2,7   14:11    NV
16   6,6   8,5   11:57   2,8   00:09   8,9   0,0  20,0   0,2   4,5   11:14    NV
17   7,5   9,7   15:02   5,3   23:28   8,0   0,0   0,2   0,1   3,6   10:29    NV
18   5,7  10,8   12:43  -1,7   05:48   9,8   0,0   0,0   0,0   3,1   14:01    NV
19   7,7  11,7   13:43   4,4   04:15   7,8   0,0   5,2   1,0  10,3   18:55    SØ
20   8,4  11,6   15:45   6,4   23:09   7,1   0,0   1,0   1,2  12,5   11:08    SØ
21  10,7  14,1   13:30   5,7   00:55   4,8   0,0   0,2   1,4   9,4   13:40    SØ
22   7,7  12,6   17:14   2,9   04:36   7,8   0,0   6,8   1,5  12,1   22:42    SØ
23   9,2  11,2   15:40   5,5   23:57   6,3   0,0   3,0   1,9  12,1   09:39    SØ
----------------------------------------------------------------------------------
     9,5  23,9     3    -1,7    18   140,8   1,0  38,0   0,8  17,0     3      SØ

Max >=  18,0:  3
Max <=   0,0:  0
Min <=   0,0:  2
Min <= -18,0:  0
Max Rain: 20,0 on day 16
Days of Rain: 11 (>= 0,2 mm)  4 (>= 2,0 mm)  1 (>= 10,0 mm)
Heat Base: 15,5  Cool Base: 18,3  Method: Integration