NOAA style reports

NOAA-style Climate Reports

Select a Year or Month report

Report for 2013
                   Annual Climatological Summary for 2013

Name: kvikklunsj.net   City: Alta   State: Norway
Elevation: 23 m  Lat: N 69° 55' 19"   Lon: E 023° 16' 15"

                  Temperature (°C), Heat Base: 18,3  Cool Base: 18,3
                          Dep.  Heat  Cool                       Max  Max  Min  Min
        Mean  Mean        From  Deg   Deg                        >=   <=   <=   <=
 YR MO  Max   Min   Mean  Norm  Days  Days  Hi  Date  Low  Date 27,0  0,0  0,0 -18,0
------------------------------------------------------------------------------------
 13  1  -3,4 -12,5  -7,9   0,8     0     0   4,6  12 -28,2   27    0   28   30    7
 13  2  -3,9 -13,3  -8,4  -0,5     0     0   4,9  25 -21,8   15    0   26   27   11
 13  3  -4,0 -15,3 -10,1  -4,9     0     0   3,4  24 -25,7   15    0   19   24    9
 13  4   7,6  -6,6   0,4   1,0     0     0  12,9  15 -18,7    9    0    1   25    2
 13  5  15,9   2,2   9,2   4,4     0     0  27,1  31  -5,6    3    1    0    9    0
 13  6  18,5   8,2  13,2   3,2     0     0  27,1   1   2,2   12    1    0    0    0
 13  7  19,8   8,7  14,1   0,7    95    13  29,3  29   2,9   18    2    0    0    0
 13  8  19,7   7,7  13,1   1,1   180    12  28,4   3   1,9   11    2    0    0    0
 13  9  14,7   3,8   9,3   2,1   280     2  25,4  10  -6,2   30    0    0    6    0
 13 10   3,7  -2,9   0,1  -1,5   586     0  11,2   2 -13,9   23    0    7   23    0
 13 11  -1,5  -9,8  -5,0  -1,4   722     0   2,9   4 -17,1    3    0   21   30    0
 13 12  -1,5  -9,3  -5,3   1,7   685     0   7,1  11 -22,7    7    0   19   31    4
------------------------------------------------------------------------------------
         7,1  -3,3   1,9   0,6  2550    28  29,3 jul -28,2  jan    6  121  205   33

                                Precipitation (mm)

              Dep.   Max        Days of Rain
              From   Obs.           >=
 YR MO Total  Norm   Day Date  0,2  2,0 20,0
---------------------------------------------
 13  1  25,9  -6,1   7,9  11     7    4    0
 13  2   0,0 -25,0   0     0     0    0    0
 13  3   0,0 -23,0   0     0     0    0    0   
 13  4  19,6   2,6   3,6  19     7    4    0
 13  5  10,2  -9,8   3,6  14     7    3    0
 13  6  54,8  21,8  22,4  25     9    9    1
 13  7  16,0 -38,0   4,7  28     7    4    0
 13  8  84,9  35,9  19,2   7    13   10    0
 13  9  12,3 -25,7   3,6   7    10    3    0
 13 10  37,1  -1,9   8,8  12    17    6    0
 13 11   1,0 -33,0   0,5   4     2    0    0
 13 12   8,4 -27,6   5,4  11     4    2    0
---------------------------------------------
       270,2 -129,1 22,4  jun   83   45    1

                                Wind Speed (m/s)
                          Dom
 YR MO   Avg.  Hi   Date  Dir
------------------------------
 13  1   0,4  11,6   23    NE
 13  2   0,9  10,8    3    NE
 13  3   0,8  11,9   12    NE
 13  4   0,6   9,5   29     E
 13  5   1,6   8,3   17    SE
 13  6   0,6  18,0   15     E
 13  7   0,5  13,2   31   ESE
 13  8   0,6  25,6    1   SSE
 13  9   0,8  13,0   16   SSE
 13 10   0,4  20,9   13   SSE
 13 11   0,8  14,3   16   SSE
 13 12   0,9  17,0   25   SSE
------------------------------
         0,7  25,6  aug   SSE