NOAA style reports

NOAA-style Climate Reports

Select a Year or Month report
V/Λ2018 > Jan Feb Mar Apr May Jun Jul Aug Sep Oct Nov Dec V/Λ2017 > Jan Feb Mar Apr May Jun Jul Aug Sep Oct Nov Dec V/Λ2016 > Jan Feb Mar Apr May Jun Jul Aug Sep Oct Nov Dec V/Λ2015 > Jan Feb Mar Apr May Jun Jul Aug Sep Oct Nov Dec V/Λ2014 > Jan Feb Mar Apr May Jun Jul Aug Sep Oct Nov Dec V/Λ2013 > Jan Feb Mar Apr May Jun Jul Aug Sep Oct Nov Dec

Report for 2013 Jul
                   Monthly Climatological Summary for jul 2013

Name: kvikklunsj.net   City: Alta   State: Norway
Elevation: 23 m  Lat: N 69° 55' 19"   Lon: E 023° 16' 15"

                  Temperature (°C), Rain (mm), Wind Speed (m/s)

                                      Heat  Cool        Avg
    Mean                              Deg   Deg         Wind                 Dom
Day Temp  High   Time   Low    Time   Days  Days  Rain  Speed High   Time    Dir
--------------------------------------------------------------------------------
 1  17,4  22,7   11:55  12,2   02:04   0,0   0,0   0,0   0,0   4,1   20:05    SE
 2  18,8  26,4   10:54  14,4   23:55   0,0   0,0   3,6   1,4   8,0   11:48     N
 3  15,4  22,6   12:58  10,8   24:00   0,0   0,0   0,5   0,7   7,0   07:55    SE
 4  15,3  21,8   13:31   9,3   02:01   0,0   0,0   0,0   0,4   5,1   11:51    NW
 5  18,2  26,6   14:14  10,9   24:00   0,0   0,0   4,1   2,2   8,7   13:14    SE
 6  15,3  20,4   15:35  10,8   01:10   0,0   0,0   4,6   0,4   3,7   13:05   NNW
 7  15,2  22,2   14:02   8,9   23:15   0,0   0,0   4,6   1,3   9,3   07:00    SE
 8   9,6  12,8   15:45   8,1   00:45   0,0   0,0   0,0   0,9   4,5   13:30   SSE
 9  10,3  11,9   12:00   8,8   00:01   0,0   0,0   0,0   2,2   4,2   16:45     N
10  11,3  16,3   13:00   8,2   03:30   1,8   0,0   0,0   0,2   3,9   12:02   NNW
14  10,3  12,7   19:05   5,7   23:58   2,9   0,0   0,0   0,1   1,3   19:22   NNW
15  11,2  17,9   14:36   3,8   01:32   7,6   0,0   2,6   0,0   1,8   15:12   NNE
16  11,2  16,3   16:26   5,4   02:46   7,7   0,0   1,0   1,1   7,7   12:52     N
17  10,8  13,8   19:25   6,9   23:57   7,8   0,0   0,0   0,2   3,9   09:13   NNW
18  11,0  16,3   12:23   2,9   03:25   7,8   0,0   0,5   0,6   7,4   11:38     N
19  10,2  12,6   11:58   9,1   03:56   8,7   0,0   0,0   0,7   5,2   11:28   NNE
20  12,1  19,4   15:02   9,1   00:00   6,5   0,0   3,1   0,1   4,0   02:26   NNW
21  11,0  13,4   09:02   8,9   03:06   7,8   0,0   1,0   0,5   4,9   15:03     N
22  11,0  14,4   15:31   5,6   23:56   7,5   0,0   0,0   0,1   3,2   08:35     N
23  13,1  22,1   10:58   3,3   01:20   6,1   0,5   0,0   0,2   3,5   18:21   WSW
24  15,3  23,3   14:54   5,4   02:19   4,5   1,2   0,0   0,1   3,2   12:14   WNW
25  14,2  20,4   16:53   9,2   23:57   4,7   0,1   0,0   0,3   4,1   17:47   NNW
26  12,6  17,3   14:06   8,1   23:53   5,9   0,0   0,0   0,2   4,0   12:40   NNW
27  15,8  26,1   12:22   7,8   03:33   3,7   1,1   3,1   0,5   4,8   08:27   SSE
28  18,9  24,5   16:48  13,7   04:06   1,4   2,0   4,7   0,2   5,1   12:17   WNW
29  21,8  29,3   17:54  13,8   03:44   1,1   4,8   0,0   1,2   9,5   16:56     S
30  18,3  23,4   16:53  11,5   23:54   1,1   1,1   0,0   0,2   5,5   14:40     W
31  18,8  28,3   13:43   9,8   02:16   2,3   2,9   0,0   2,5  13,2   16:32   SSE
----------------------------------------------------------------------------------
    14,1  29,3    29     2,9    18    95,1  13,7  33,4   0,7  13,2    31      SE

Max >=  27,0:  2
Max <=   0,0:  0
Min <=   0,0:  0
Min <= -18,0:  0
Max Rain: 4,7 on day 28
Days of Rain: 7 (>= 0,2 mm)  4 (>= 2,0 mm)  0 (>= 20,0 mm)
Heat Base: 18,3  Cool Base: 18,3  Method: Integration