NOAA style reports

NOAA-style Climate Reports

Select a Year or Month report

Report for 2013 Aug
                   Monthly Climatological Summary for aug 2013

Name: kvikklunsj.net   City: Alta   State: Norway
Elevation: 23 m  Lat: N 69° 55' 19"   Lon: E 023° 16' 15"

                  Temperature (°C), Rain (mm), Wind Speed (m/s)

                                      Heat  Cool        Avg
    Mean                              Deg   Deg         Wind                 Dom
Day Temp  High   Time   Low    Time   Days  Days  Rain  Speed High   Time    Dir
----------------------------------------------------------------------------------
 1  19,5  26,4   15:27  13,7   23:59   1,1   2,3   0,0   2,3  25,6   09:37   SSE
 2  13,4  14,9   18:05  12,3   23:52   5,7   0,0   2,1   0,5   5,5   10:59     N
 3  19,2  28,4   15:38  12,1   00:33   2,2   3,2   0,0   0,8   8,2   17:38     S
 4  18,1  26,1   12:35  12,1   23:39   1,9   1,7  14,5   0,4   5,8   07:20   SSE
 5  14,7  21,5   16:34  10,6   23:57   4,3   0,2  14,0   0,0   3,4   16:38    NW
 6  17,7  28,2   10:04   8,1   02:21   3,4   2,8   0,0   0,8  10,0   15:39     S
 7  17,6  24,1   13:36  11,6   23:44   1,7   1,0  19,2   1,4   9,3   09:30   SSE
 8  13,3  19,8   14:08   9,1   23:33   5,2   0,0   2,1   0,1   3,2   14:05   NNW
 9  11,9  21,9   09:46   6,5   04:57   6,7   0,1   0,0   0,2   5,5   10:48    SW
10  11,1  17,1   15:57   2,4   23:59   7,5   0,0   0,0   0,1   2,9   16:34     W
11  10,1  21,6   09:27   1,9   00:31   8,6   0,2   1,0   0,2   4,7   11:59     N
12  10,2  16,6   17:02   3,8   03:13   8,3   0,0   6,7   0,1   3,0   13:47   NNW
13  11,7  14,9   15:33   7,3   23:43   6,9   0,0   0,0   0,0   2,9   16:09   NNW
14  12,1  20,1   14:37   5,1   03:20   6,6   0,1   0,0   0,1   3,1   11:37   SSE
15  10,4  15,2   16:27   5,4   02:45   8,4   0,0   0,0   0,3   3,7   13:12     N
16  12,3  17,6   10:08   5,9   04:23   6,2   0,0   0,0   0,9   6,3   17:05   SSE
17  13,6  17,8   09:16  10,0   05:11   4,9   0,0   7,8   2,9  11,6   13:20   SSE
18  14,5  20,5   17:57  10,8   05:51   4,0   0,1   9,3   0,1   8,2   19:48   SSE
19  15,1  19,9   13:00  10,5   22:06   3,4   0,1   3,1   1,4   8,4   08:16   SSE
20  14,5  21,6   09:26   9,6   23:55   4,5   0,6   0,5   0,7   8,0   16:34     S
21  11,8  20,5   10:02   3,8   23:52   6,8   0,1   0,5   0,4   4,1   11:40   SSE
22   9,0  14,9   14:52   3,5   00:22   9,6   0,0   0,0   0,1   4,0   18:34    SW
23  11,7  17,6   11:58   5,9   01:51   6,8   0,0   0,0   0,3   5,5   22:06   SSE
24  13,4  21,8   09:50  10,3   23:43   5,1   0,1   0,0   0,2   3,9   07:33   SSW
25  12,9  18,8   10:07   7,5   23:52   5,5   0,0   0,0   0,0   2,0   15:20   WSW
26  13,0  19,3   09:24   5,4   04:04   5,5   0,0   0,0   1,2  11,2   15:41   SSE
27  11,7  18,3   10:08   7,2   03:57   6,8   0,0   0,0   0,0   3,4   13:55    NW
28  11,5  16,4   16:33  10,0   03:10   7,0   0,0   4,1   0,2   4,7   16:57   SSW
29  10,5  17,9   09:37   6,1   01:29   8,1   0,0   0,0   0,5   6,6   19:13   SSW
30  10,8  15,9   14:48   8,6   23:48   8,0   0,0   0,0   0,7   9,1   10:55   SSW
31   9,2  15,8   13:58   2,9   23:58   9,3   0,0   0,0   0,1   4,9   14:22   ESE
----------------------------------------------------------------------------------
    13,1  28,4     3     1,9    11   180,0  12,6  84,9   0,6  25,6     1     SSE

Max >=  27,0:  2
Max <=   0,0:  0
Min <=   0,0:  0
Min <= -18,0:  0
Max Rain: 19,2 on day 7
Days of Rain: 13 (>= 0,2 mm)  10 (>= 2,0 mm)  0 (>= 20,0 mm)
Heat Base: 18,3  Cool Base: 18,3  Method: Integration