NOAA style reports

NOAA-style Climate Reports

Select a Year or Month report
V/Λ2018 > Jan Feb Mar Apr May Jun Jul Aug Sep Oct Nov Dec V/Λ2017 > Jan Feb Mar Apr May Jun Jul Aug Sep Oct Nov Dec V/Λ2016 > Jan Feb Mar Apr May Jun Jul Aug Sep Oct Nov Dec V/Λ2015 > Jan Feb Mar Apr May Jun Jul Aug Sep Oct Nov Dec V/Λ2014 > Jan Feb Mar Apr May Jun Jul Aug Sep Oct Nov Dec V/Λ2013 > Jan Feb Mar Apr May Jun Jul Aug Sep Oct Nov Dec

Report for 2013 Sep
                   Monthly Climatological Summary for sep 2013

Name: kvikklunsj.net   City: Alta   State: Norway
Elevation: 23 m  Lat: N 69° 55' 19"   Lon: E 023° 16' 15"

                  Temperature (°C), Rain (mm), Wind Speed (m/s)

                                      Heat  Cool        Avg
    Mean                              Deg   Deg         Wind                 Dom
Day Temp  High   Time   Low    Time   Days  Days  Rain  Speed High   Time    Dir
----------------------------------------------------------------------------------
 1   7,9  14,9   09:00   0,4   03:34  10,8   0,0   0,0   0,1   4,1   19:19   SSE
 2  10,5  12,8   13:38   4,1   23:42   8,1   0,0   0,0   0,5   4,9   09:06   SSE
 3  11,1  21,0   16:01   1,7   02:55   7,8   0,4   1,0   0,2   4,6   13:48   SSE
 4  10,2  16,9   15:49   4,6   22:43   8,3   0,0   0,5   0,1   2,9   23:25    SE
 5  14,4  19,9   14:49   8,9   00:28   4,4   0,2   1,0   0,7   6,0   07:17   SSE
 6  16,1  21,3   09:56  13,3   00:00   2,4   0,2   0,0   1,3   6,0   20:24   SSE
 7  11,2  14,4   00:23   6,8   06:00   7,3   0,0   3,6   0,3   7,6   11:51   WSW
 8  10,6  19,2   14:16   0,2   23:43   8,0   0,0   0,0   0,1   3,4   06:53     S
 9   8,9  19,8   09:33  -2,5   05:46   9,7   0,0   0,0   0,2   4,0   12:58   SSE
10  12,8  25,4   09:49   3,4   06:15   7,3   1,6   0,0   0,0   2,8   13:44     S
11   9,4  12,5   15:42   5,4   22:01   9,2   0,0   2,1   0,0   3,2   22:57   SSE
12   9,5  15,6   14:51   5,1   05:51   9,2   0,0   0,0   0,3   4,4   01:53     S
13  10,6  19,6   14:00   3,3   06:04   8,0   0,0   0,5   0,7   8,9   16:12   SSE
14   9,8  14,4   17:10   4,2   00:08   8,8   0,0   0,5   0,2   4,6   22:40   SSE
15  12,7  15,6   20:05  10,7   04:14   5,8   0,0   2,1   1,3  12,6   21:12   SSE
16  13,2  17,5   13:26   8,2   23:48   5,3   0,0   0,0   3,4  13,0   12:09   SSE
17  11,0  16,0   12:58   5,8   04:41   7,5   0,0   0,0   1,4   8,2   20:15   SSE
18  13,6  17,4   16:51   9,3   05:56   4,8   0,0   0,0   2,1  11,1   19:59   SSE
19  13,8  17,4   15:07  11,4   07:07   4,4   0,0   0,0   3,0   9,8   00:00   SSE
20  12,7  14,1   14:17   8,8   23:38   5,8   0,0   0,0   2,2   9,3   11:52   SSE
21  10,7  12,1   09:57   6,4   23:59   7,9   0,0   0,0   1,4   8,4   16:01    SE
22   6,9  11,3   14:50   2,4   23:11  11,8   0,0   0,0   1,0   7,8   09:48   SSE
23   5,0  11,3   14:08  -1,0   21:04  13,7   0,0   0,5   0,1   3,8   14:10    NE
24   2,7   9,0   09:34  -3,1   02:16  16,1   0,0   0,0   0,2   3,9   13:38     N
25   4,2   8,4   12:41  -0,1   23:30  14,6   0,0   0,0   0,3   4,7   13:13   NNE
26   5,0   6,9   14:40   0,1   00:00  13,8   0,0   0,5   1,3   6,8   15:46   NNE
27   7,0  10,7   12:16   5,2   22:19  11,7   0,0   0,0   0,2   3,9   02:57    NE
28   5,9  10,3   14:08   2,4   06:10  12,8   0,0   0,0   0,7   8,3   18:46   SSE
29   1,0   7,9   09:29  -4,6   23:35  17,9   0,0   0,0   0,6   8,8   08:22   SSE
30   1,6   7,3   09:19  -6,2   01:39  17,3   0,0   0,0   1,4   8,3   22:42   SSE
----------------------------------------------------------------------------------
     9,3  25,4    10    -6,2    30   280,5   2,4  12,3   0,8  13,0    16     SSE

Max >=  27,0:  0
Max <=   0,0:  0
Min <=   0,0:  6
Min <= -18,0:  0
Max Rain: 3,6 on day 7
Days of Rain: 10 (>= 0,2 mm)  3 (>= 2,0 mm)  0 (>= 20,0 mm)
Heat Base: 18,3  Cool Base: 18,3  Method: Integration