NOAA style reports

NOAA-style Climate Reports

Select a Year or Month report

Report for 2013 Oct
                   Monthly Climatological Summary for okt 2013

Name: kvikklunsj.net   City: Alta   State: Norway
Elevation: 23 m  Lat: N 69° 55' 19"   Lon: E 023° 16' 15"

                  Temperature (°C), Rain (mm), Wind Speed (m/s)

                                      Heat  Cool        Avg
    Mean                              Deg   Deg         Wind                 Dom
Day Temp  High   Time   Low    Time   Days  Days  Rain  Speed High   Time    Dir
----------------------------------------------------------------------------------
 1   4,4   7,8   22:52  -0,2   05:38  14,4   0,0   1,0   1,6   8,5   12:12   SSE
 2   9,1  11,2   14:56   7,5   05:41   9,5   0,0   0,5   0,8   4,3   04:41   SSE
 3   9,4  11,1   13:34   8,3   04:49   9,2   0,0   0,0   0,7   4,1   07:45   SSE
 4   8,8  11,0   11:31   6,5   23:59   9,8   0,0   2,1   0,6   4,4   05:03   SSE
 5   6,8   9,7   12:09   5,1   07:44  11,9   0,0   6,2   0,1   5,2   12:50   SSE
 6   4,1  10,8   14:47  -2,7   23:45  14,7   0,0   4,2   0,0   1,3   13:34   SSW
 7   2,1   9,1   14:06  -3,5   01:28  16,8   0,0   0,5   0,0   0,6   22:23   SSE
 8   0,0   8,1   14:27  -3,9   07:25  18,9   0,0   0,5   0,0   0,0   00:00     E
 9   0,6   3,9   14:11  -6,1   03:44  18,3   0,0   5,7   0,7   6,8   20:45   SSE
10   2,7   7,8   13:04   0,4   06:28  16,7   0,0   2,1   0,6   5,9   20:25   SSW
11   4,0   7,5   14:27   1,9   23:56  14,8   0,0   0,5   0,7   7,2   13:03     S
12   2,6   3,9   13:15   1,2   02:28  16,2   0,0   8,8   0,4   6,7   23:47   NNW
13   1,1   4,7   13:35  -1,0   04:38  17,7   0,0   1,5   1,7  20,9   01:11   NNW
14   3,2   5,7   19:37   0,6   00:00  15,6   0,0   0,5   1,0   6,0   03:44   SSE
15   0,4   3,6   14:32  -2,2   06:11  18,4   0,0   0,5   0,9   7,4   01:05     N
16  -3,7   1,1   13:00  -8,7   23:36  22,8   0,0   1,0   0,0   2,5   19:58   SSE
17  -8,2  -1,2   14:00 -10,7   23:30  27,4   0,0   0,0   0,0   2,7   05:45   SSE
18  -8,4  -2,6   13:19 -12,8   23:32  27,6   0,0   0,0   0,1   3,1   12:36   SSE
19  -8,6   0,6   22:31 -11,8   00:00  27,8   0,0   0,0   0,4   9,6   20:59     N
20  -1,2   0,4   00:00  -5,3   22:37  20,2   0,0   0,0   0,8   9,0   08:57     N
21  -3,3  -1,1   14:39  -5,0   01:13  22,3   0,0   0,0   0,0   0,0   00:00     E
22  -3,8   0,3   14:09  -4,0   02:46  22,8   0,0   1,0   0,0   0,0   00:00     E
23  -5,2   1,1   09:33 -13,9   01:41  24,1   0,0   0,0   0,6   6,6   10:20   SSE
24  -3,1  -0,1   13:35  -6,7   00:00  22,1   0,0   0,0   0,0   3,4   00:52   SSE
25  -1,6   0,6   12:18  -6,9   23:56  23,7   0,0   0,0   0,6   8,5   10:24   SSE
26  -4,7  -2,2   20:08  -8,1   00:32  23,7   0,0   0,0   0,1   3,9   23:00   SSE
27  -2,0  -0,7   10:47  -2,7   00:00  22,7   0,0   0,0   0,0   2,8   02:15   SSE
28  -1,2  -0,2   14:28  -2,2   01:11  20,1   0,0   0,0   0,0   0,0   00:00     E
29  -0,1   0,6   10:36  -0,4   00:00  18,9   0,0   0,5   0,0   0,0   00:00     E
30   0,1   1,3   12:31  -0,6   22:23  18,8   0,0   0,0   0,0   0,0   00:00     E
31   0,0   1,8   12:37  -2,4   21:37  18,9   0,0   0,0   0,6   5,1   09:00   SSE
----------------------------------------------------------------------------------
     0,1  11,2     2   -13,9    23   586,8   0,0  37,1   0,4  20,9    13     SSE

Max >=  27,0:  0
Max <=   0,0:  7
Min <=   0,0: 23
Min <= -18,0:  0
Max Rain: 8,8 on day 12
Days of Rain: 17 (>= 0,2 mm)  6 (>= 2,0 mm)  0 (>= 20,0 mm)
Heat Base: 18,3  Cool Base: 18,3  Method: Integration