NOAA style reports

NOAA-style Climate Reports

Select a Year or Month report
V/Λ2018 > Jan Feb Mar Apr May Jun Jul Aug Sep Oct Nov Dec V/Λ2017 > Jan Feb Mar Apr May Jun Jul Aug Sep Oct Nov Dec V/Λ2016 > Jan Feb Mar Apr May Jun Jul Aug Sep Oct Nov Dec V/Λ2015 > Jan Feb Mar Apr May Jun Jul Aug Sep Oct Nov Dec V/Λ2014 > Jan Feb Mar Apr May Jun Jul Aug Sep Oct Nov Dec V/Λ2013 > Jan Feb Mar Apr May Jun Jul Aug Sep Oct Nov Dec

Report for 2013 Nov
                   Monthly Climatological Summary for nov 2013

Name: kvikklunsj.net   City: Alta   State: Norway
Elevation: 23 m  Lat: N 69° 55' 19"   Lon: E 023° 16' 15"

                  Temperature (°C), Rain (mm), Wind Speed (m/s)

                                      Heat  Cool        Avg
    Mean                              Deg   Deg         Wind                 Dom
Day Temp  High   Time   Low    Time   Days  Days  Rain  Speed High   Time    Dir
----------------------------------------------------------------------------------
 1  -6,4  -1,9   00:40 -12,1   21:54  25,5   0,0   0,0   0,2   3,0   15:11   SSE
 2 -13,4  -9,8   03:32 -15,4   23:36  32,6   0,0   0,0   0,0   1,6   03:41   SSE
 3 -10,9   0,9   23:53 -17,1   06:53  30,1   0,0   0,0   0,1   7,3   23:40   SSE
 4   1,1   2,9   11:01  -1,1   23:57  17,8   0,0   0,5   2,5   8,0   01:40   SSE
 5  -2,4  -0,7   03:16  -6,4   21:01  21,4   0,0   0,0   0,7   4,3   00:31   SSE
 6  -4,0  -2,6   13:26  -5,6   03:03  23,0   0,0   0,0   0,0   0,0   00:00     E
 7  -8,9  -2,7   23:58 -13,9   14:24  28,1   0,0   0,0   0,2   3,3   20:13   SSE
 8  -9,3  -2,2   01:11 -15,9   17:51  28,3   0,0   0,0   0,2   3,7   01:30   SSE
 9  -6,3 -12,9   00:34 -14,5   07:40  27,6   0,0   0,0   0,7   5,0   12:46   SSE
10  -7,9  -4,3   00:14 -11,8   17:46  28,0   0,0   0,0   0,1   3,5   22:29   SSE
11  -2,6   1,5   07:05  -9,4   00:50  21,6   0,0   0,0   0,7   8,7   08:09   SSW
12  -7,5  -2,1   00:09 -11,9   15:53  26,6   0,0   0,0   0,2   4,7   03:04   SSE
13  -0,9   1,7   08:51  -7,2   00:00  19,8   0,0   0,0   1,0   4,3   12:53   SSE
14  -4,1  -0,4   06:27  -9,7   20:33  24,0   0,0   0,0   0,6   7,6   15:31    NW
15  -1,4   2,5   21:07  -6,1   00:00  21,2   0,0   0,5   3,7  13,8   21:13   SSE
16  -0,2   1,3   00:00  -2,4   23:22  19,1   0,0   0,0   2,3  14,3   09:47   SSW
17  -3,9  -1,4   06:56  -7,9   19:43  22,9   0,0   0,0   0,4   3,5   13:02    NW
18  -3,0   1,4   21:25  -8,2   08:58  22,0   0,0   0,0   1,1   6,9   23:58   SSE
19  -6,8   1,3   00:04 -12,4   21:21  26,0   0,0   0,0   0,6   6,9   00:00   SSE
20  -5,7  -1,0   18:52 -13,6   01:07  24,8   0,0   0,0   0,9   4,9   05:07   SSE
21  -5,4  -1,8   00:07 -11,2   23:53  24,5   0,0   0,0   0,6   4,2   00:48   SSE
22  -7,9  -0,2   22:10 -15,5   01:28  27,1   0,0   0,0   0,8   6,1   13:51     S
23  -3,8  -1,5   00:17  -5,5   17:16  24,7   0,0   0,0   1,6   8,1   17:35   SSE
24   0,0   1,5   15:42  -2,4   21:28  14,8   0,0   0,0   2,1  10,6   14:58     N
25  -2,3  -0,1   02:29  -8,7   23:50  22,1   0,0   0,0   0,5   9,1   03:52    NW
26  -7,3  -4,2   08:24 -13,4   05:14  25,6   0,0   0,0   0,5   4,1   15:58   SSE
27  -5,7  -3,1   12:44 -11,0   00:11  24,8   0,0   0,0   0,2   4,5   12:18     S
28  -2,4  -0,3   04:02  -6,0   23:34  20,7   0,0   0,0   1,4   6,3   09:53   NNE
29  -5,3  -2,4   15:17  -9,1   05:58  23,6   0,0   0,0   0,1   3,4   15:51   WSW
30  -6,3  -4,1   05:02  -8,9   17:28  24,6   0,0   0,0   0,2   4,0   04:51   NNW
----------------------------------------------------------------------------------
    -5,0   2,9     4   -17,1     3   722,9   0,0   1,0   0,8  14,3    16     SSE

Max >=  27,0:  0
Max <=   0,0: 21
Min <=   0,0: 30
Min <= -18,0:  0
Max Rain: 0,5 on day 4
Days of Rain: 2 (>= 0,2 mm)  0 (>= 2,0 mm)  0 (>= 20,0 mm)
Heat Base: 18,3  Cool Base: 18,3  Method: Integration