NOAA style reports

NOAA-style Climate Reports

Select a Year or Month report

Report for 2013 Dec
                   Monthly Climatological Summary for des 2013

Name: kvikklunsj.net   City: Alta   State: Norway
Elevation: 23 m  Lat: N 69° 55' 19"   Lon: E 023° 16' 15"

                  Temperature (°C), Rain (mm), Wind Speed (m/s)

                                      Heat  Cool        Avg
    Mean                              Deg   Deg         Wind                 Dom
Day Temp  High   Time   Low    Time   Days  Days  Rain  Speed High   Time    Dir
----------------------------------------------------------------------------------
 1 -10,4  -5,0   23:54 -15,1   08:54  28,7   0,0   0,0   0,2   4,5   16:26   NNW
 2  -5,6  -3,8   23:44  -8,4   05:47  23,9   0,0   0,0   0,1   3,1   19:52   SSE
 3  -1,6   1,6   07:00  -3,8   00:00  19,9   0,0   0,0   2,4  14,7   21:46   SSW
 4  -4,5   1,3   02:35 -12,7   21:42  22,8   0,0   0,0   0,9  11,4   03:52     N
 5  -8,1  -5,9   08:22 -13,1   23:58  26,4   0,0   0,0   0,0   4,1   08:37   SSE
 6 -18,3  -5,9   19:41 -21,6   23:52   6,2   0,0   0,0   0,0   0,4   23:14    SE
 7 -16,9  -7,6   23:54 -22,7   01:08  32,5   0,0   0,0   0,2   4,9   22:20   ESE
 8 -10,5  -7,6   00:43 -13,1   16:25  28,3   0,0   0,0   0,1   3,1   04:29     E
 9 -15,8 -12,2   00:19 -18,8   23:31  34,1   0,0   0,0   0,6   4,9   15:16     E
10  -9,0  -4,2   21:29 -20,2   01:02  27,3   0,0   0,0   1,0   9,8   14:49     E
11   1,8   7,1   14:00  -5,7   00:04  15,6   0,0   5,4   1,9  10,3   20:33   WNW
12  -2,2   2,7   00:00  -8,7   18:57  20,5   0,0   0,0   0,5   9,8   00:09   WNW
13  -4,7  -1,9   10:20  -9,7   00:54  22,9   0,0   0,0   0,3   7,2   03:56   NNW
14 -11,7  -6,6   23:59 -17,8   08:52  29,9   0,0   0,0   0,4   8,0   22:13   ESE
15  -2,0   1,0   18:16  -6,6   00:00  19,6   0,0   0,2   1,7  13,9   12:02    SE
16  -0,7   2,0   23:34  -3,5   01:44  19,0   0,0   0,0   3,0  13,4   19:21   SSE
17  -2,8   2,0   00:04  -7,9   22:13  21,1   0,0   0,0   1,2   6,3   11:54   SSE
18  -5,9  -1,9   12:18  -8,3   04:31  24,2   0,0   0,0   1,1   5,4   12:09   SSE
19  -4,7  -0,8   23:54  -7,4   11:51  23,0   0,0   0,0   1,2   8,5   22:02   SSE
20  -0,6   0,4   13:25  -2,1   23:05  10,0   0,0   0,0   2,1  10,7   00:19   SSE
21  -4,1  -2,1   00:00  -6,3   17:57  21,4   0,0   0,0   0,0   2,2   21:53    SE
22  -4,8  -2,9   19:20  -6,8   06:02  23,0   0,0   0,0   0,8   6,3   11:27   SSE
23  -6,1  -4,1   07:15  -8,6   13:28  24,3   0,0   0,0   0,3   4,9   06:44   SSE
24  -5,7  -2,0   23:52  -9,5   04:11  24,0   0,0   0,0   2,1  14,3   21:32   SSE
25   0,7   4,2   18:06  -2,2   00:38  17,6   0,0   2,0   2,8  17,0   06:51   SSE
26   2,0   3,7   23:52  -1,9   02:15  16,3   0,0   0,8   1,4   6,7   00:37   SSE
27   0,6   4,6   02:54  -3,5   17:08  17,6   0,0   0,0   1,1   7,2   07:52   SSE
28  -0,8   0,9   05:24  -5,4   23:58  19,1   0,0   0,0   0,7   6,7   05:25   SSE
29  -6,6  -3,7   22:06 -10,3   04:43  24,9   0,0   0,0   0,0   1,3   02:03   SSW
30  -3,2  -0,4   23:59  -4,9   01:38  21,5   0,0   0,0   0,0   0,9   06:05     E
31  -1,2   0,0   01:46  -2,9   23:24  19,5   0,0   0,0   1,1  10,7   21:00   ESE
----------------------------------------------------------------------------------
    -5,3   7,1    11   -22,7     7   685,1   0,0   8,4   0,9  17,0    25     SSE

Max >=  27,0:  0
Max <=   0,0: 19
Min <=   0,0: 31
Min <= -18,0:  4
Max Rain: 5,4 on day 11
Days of Rain: 4 (>= 0,2 mm)  2 (>= 2,0 mm)  0 (>= 20,0 mm)
Heat Base: 18,3  Cool Base: 18,3  Method: Integration