NOAA style reports

NOAA-style Climate Reports

Select a Year or Month report
V/Λ2018 > Jan Feb Mar Apr May Jun Jul Aug Sep Oct Nov Dec
V/Λ2017 > Jan Feb Mar Apr May Jun Jul Aug Sep Oct Nov Dec
V/Λ2016 > Jan Feb Mar Apr May Jun Jul Aug Sep Oct Nov Dec
V/Λ2015 > Jan Feb Mar Apr May Jun Jul Aug Sep Oct Nov Dec
V/Λ2014 > Jan Feb Mar Apr May Jun Jul Aug Sep Oct Nov Dec
V/Λ2013 > Jan Feb Mar Apr May Jun Jul Aug Sep Oct Nov Dec

Report for 2014
                   Annual Climatological Summary for 2014

Name: kvikklunsj.net   City: Alta   State: Norway
Elevation: 23 m  Lat: N 69° 55' 19"   Lon: E 023° 16' 15"

                  Temperature (°C), Heat Base: 15,5  Cool Base: 18,3
                          Dep.  Heat  Cool                       Max  Max  Min  Min
        Mean  Mean        From  Deg   Deg                        >=   <=   <=   <=
 YR MO  Max   Min   Mean  Norm  Days  Days  Hi  Date  Low  Date 18,0  0,0  0,0 -18,0
------------------------------------------------------------------------------------
 14  1  -8,4 -15,8 -12,0  -3,3   936     0   3,3   3 -25,7   25    0   27   30   14
 14  2   0,2  -5,8  -2,6   5,3   583     0   7,4  24 -16,6    6    0   12   24    0
 14  3   1,6  -6,7  -2,3   2,9   637     0   7,2  28 -17,7   20    0   12   23    0
 14  4   4,1  -3,0   0,9   1,5   522     0   8,7  19 -14,5    8    0    3   23    0
 14  5   8,1  -0,3   4,4  -0,4   429     0  20,7  30  -7,2    4    1    0   18    0
 14  6  12,8   5,2   9,3  -0,7   275     5  26,3   5   0,1   16    6    0    0    0
 14  7  19,9  10,9  15,8   2,4    59    28  30,5  10   6,2    2   21    0    0    0
 14  8  16,1   7,3  12,0   0,0   128     5  26,4   4  -1,2   24   11    0    2    0
 14  9  11,2   2,2   6,7  -0,5   265     0  19,8   2  -8,3   20    1    0   12    0
 14 10   4,3  -2,2   1,2  -0,4   444     0  14,0   5 -11,9   20    0    4   24    0
 14 11  -0,7  -9,1  -4,6  -1,0   603     0   8,3  19 -17,4    9    0   16   30    0
 14 12  -2,9 -10,4  -6,2   0,8   671     0   6,6  30 -21,1   28    0   19   30    6
------------------------------------------------------------------------------------
         5,5  -2,3   1,9   0,5  5557    40  30,5 jul -25,7  jan   40   93  216   20

                                Precipitation (mm)

              Dep.   Max        Days of Rain
              From   Obs.           >=
 YR MO Total  Norm   Day Date  0,2  2,0 10,0
---------------------------------------------
 14  1   4,9 -27,1   1,3   4     9    0    0
 14  2   6,9 -18,1   2,2  27    10    1    0
 14  3  44,3  21,3   7,8   8    21    9    0
 14  4  24,6   7,6   4,8   6    15    3    0
 14  5  25,2   5,2  18,0  22     7    2    1
 14  6  37,4   4,4  10,0  22    10    7    1
 14  7  15,4 -38,6   6,2  17     8    3    0
 14  8  50,6   1,6  22,6  13    15    5    1
 14  9  30,0  -8,0   7,8  25    18    5    0
 14 10  14,8 -24,2   9,0  27     9    2    0
 14 11  66,7  32,7  10,2   4    14    9    1
 14 12  22,7 -13,3   6,2   4     9    4    0
---------------------------------------------
       343,5 -56,5  22,6  aug  145   50    4

                                Wind Speed (m/s)
                          Dom
 YR MO   Avg.  Hi   Date  Dir
------------------------------
 14  1   0,9  14,8   27   SSE
 14  2   1,9  16,1   10   SSE
 14  3   1,3  17,4    8   SSE
 14  4   1,3  15,6    5     S
 14  5   1,1  11,6   17   ESE
 14  6   1,0  10,3   20     N
 14  7   0,8   9,8   30   ENE
 14  8   0,5   8,5   10    NE
 14  9   0,6  12,1   11     S
 14 10   1,2  19,2   23   SSE
 14 11   0,6  14,3   15   SSE
 14 12   1,0  15,2   10   SSE
------------------------------
         1,0  19,2  okt    SE