NOAA style reports

NOAA-style Climate Reports

Select a Year or Month report

Report for 2014 Jan
                   Monthly Climatological Summary for jan 2014

Name: kvikklunsj.net   City: Alta   State: Norway
Elevation: 23 m  Lat: N 69° 55' 19"   Lon: E 023° 16' 15"

                  Temperature (°C), Rain (mm), Wind Speed (m/s)

                                      Heat  Cool        Avg
    Mean                              Deg   Deg         Wind                 Dom
Day Temp  High   Time   Low    Time   Days  Days  Rain  Speed High   Time    Dir
----------------------------------------------------------------------------------
 1  -5,8  -2,8   00:00  -7,4   14:00  23,1   0,0   0,0   2,1  10,3   01:45    SE
 2  -1,9   3,1   22:09  -6,2   00:06  19,4   0,0   0,4   3,0  12,1   19:08    SE
 3   2,6   3,3   19:27   1,2   02:45  15,7   0,0   0,0   2,5  13,0   22:51   SSE
 4   1,8   3,0   00:26  -1,0   23:36  16,5   0,0   0,0   3,4  13,0   00:28   SSE
 5  -3,1   2,2   06:57 -10,1   18:28  21,4   0,0   0,0   0,7   6,7   04:36   SSE
 6  -7,3  -3,6   23:57  -9,9   14:32  25,6   0,0   0,0   0,8   4,5   08:11    SE
 7  -1,4  -0,2   10:24  -3,6   00:00  19,7   0,0   0,0   1,2   8,0   16:27    SE
 8  -3,4  -2,0   15:02  -5,5   23:50  21,7   0,0   0,0   0,2   4,9   21:59    NE
 9 -17,5  -4,7   00:06 -23,2   23:24  35,8   0,0   0,0   0,1   4,5   00:03   ESE
10 -16,6 -12,7   16:05 -22,7   00:00  34,7   0,0   0,0   0,2   3,1   17:38   SSE
11 -16,5 -12,5   19:41 -23,1   07:38  34,8   0,0   0,0   0,1   2,2   00:55    SE
12 -11,5  -9,2   19:20 -15,3   00:53  29,8   0,0   0,0   0,1   2,7   18:20    SE
13 -10,5  -8,4   10:01 -14,1   23:58  28,8   0,0   0,0   0,7   4,5   23:41    SE
14 -13,2  -9,7   15:57 -17,8   21:18  31,5   0,0   0,0   0,3   4,5   00:38    SE
15 -10,7  -6,7   13:30 -13,8   20:17  29,0   0,0   0,0   0,1   2,7   13:27   SSE
16 -16,2 -13,1   00:00 -19,4   14:00  33,2   0,0   0,0   0,3   4,0   18:41    SE
17 -15,2 -11,0   10:30 -20,6   21:13  33,5   0,0   0,0   1,3  12,1   10:34   SSE
18 -19,8 -18,6   00:18 -21,1   22:50  38,1   0,0   0,0   0,6   4,5   18:39    SE
19 -21,2 -20,4   01:07 -22,3   23:36  39,5   0,0   0,0   1,2   5,4   10:19    SE
20 -20,3 -16,7   19:32 -23,3   03:37  38,6   0,0   0,0   0,4   4,5   00:48    SE
21 -15,7 -10,8   22:55 -20,9   01:49  34,0   0,0   0,0   0,3   4,5   22:24    SE
22 -15,0 -12,1   00:00 -17,0   19:57  33,3   0,0   0,0   0,6   4,9   23:16    SE
23 -20,3 -15,6   23:48 -24,6   10:01  38,6   0,0   0,0   0,7   5,8   23:04   SSE
24 -11,4  -6,8   11:26 -15,6   00:00  29,7   0,0   0,0   0,9   5,4   00:02    SE
25 -20,2 -13,5   00:54 -25,7   22:06  38,5   0,0   0,0   0,4   5,4   06:50   SSE
26 -18,1 -13,9   22:18 -24,5   03:38  36,2   0,0   0,0   0,3   4,9   22:14    SE
27 -11,4  -7,3   22:11 -14,2   00:56  29,7   0,0   0,0   2,8  14,8   19:39   SSE
28 -10,3  -8,4   00:00 -13,4   17:39  28,6   0,0   0,0   2,0  12,1   00:14   SSE
29 -11,5  -7,9   00:49 -15,4   20:23  29,8   0,0   0,0   0,6   4,0   00:15   SSE
30 -14,6 -12,6   14:37 -18,4   23:06  32,9   0,0   0,0   0,7   5,4   07:49   SSE
31 -16,4  -9,7   20:16 -21,6   16:10  34,7   0,0   0,0   0,2   4,0   23:12    SE
----------------------------------------------------------------------------------
   -12,0   3,3     3   -25,7    25   936,4   0,0   0,4   0,9  14,8    27      SE

Max >=  18,0:  0
Max <=   0,0: 27
Min <=   0,0: 30
Min <= -18,0: 14
Max Rain: 0,4 on day 2
Days of Rain: 1 (>= 0,2 mm)  0 (>= 2,0 mm)  0 (>= 20,0 mm)
Heat Base: 18,3  Cool Base: 18,3  Method: Integration