NOAA style reports

NOAA-style Climate Reports

Select a Year or Month report

Report for 2014 Feb
                   Monthly Climatological Summary for feb 2014

Name: kvikklunsj.net   City: Alta   State: Norway
Elevation: 23 m  Lat: N 69° 55' 19"   Lon: E 023° 16' 15"

                  Temperature (°C), Rain (mm), Wind Speed (m/s)

                                      Heat  Cool        Avg
    Mean                              Deg   Deg         Wind                 Dom
Day Temp  High   Time   Low    Time   Days  Days  Rain  Speed High   Time    Dir
----------------------------------------------------------------------------------
 1 -12,8 -11,3   01:41 -15,7   23:55  31,1   0,0   0,0   2,5  11,2   10:43   SSE
 2  -8,5  -3,7   23:56 -16,5   01:43  26,8   0,0   0,0   3,7  13,9   09:55   SSE
 3  -5,8  -1,4   06:11 -13,3   16:41  24,1   0,0   0,0   1,2  10,3   02:10   SSE
 4  -1,0   4,1   15:02  -7,2   01:32  19,3   0,0   0,0   0,5   5,4   08:37    SE
 5  -5,1  -1,4   12:27 -12,3   23:42  23,4   0,0   0,0   0,7   7,2   10:42   SSE
 6 -10,1  -1,0   23:54 -16,6   20:23  28,4   0,0   0,0   0,5   9,4   23:04    SE
 7  -2,9  -1,0   02:14  -4,3   08:46  21,2   0,0   0,0   2,3  10,3   11:48   SSE
 8  -2,9  -1,5   23:57  -4,5   03:13  21,2   0,0   0,0   2,4  11,6   13:52   SSE
 9   1,3   2,8   13:39  -1,5   00:00  16,9   0,0   0,0   3,5  13,4   19:08    SE
10   3,1   3,7   11:30   2,5   07:51  15,2   0,0   0,0   4,7  16,1   13:24    SE
11   2,5   3,6   07:33   0,5   22:48  15,8   0,0   0,0   3,2  13,9   01:49   SSE
12   0,1   1,6   00:00  -1,2   21:46  18,2   0,0   0,0   1,6   7,6   12:12   SSE
13  -0,7   0,2   03:37  -1,6   14:44  19,0   0,0   0,0   2,6  11,6   05:04   SSE
14   0,1   1,4   23:27  -1,1   06:00  17,7   0,0   0,0   3,0  11,2   01:18    SE
15   1,5   2,3   14:12  -0,1   23:55  16,8   0,0   0,0   3,2  12,1   12:53   SSE
16  -0,6   0,4   23:24  -1,0   07:19  18,9   0,0   0,0   4,3  14,3   01:08    SE
17   0,9   1,9   12:28  -0,7   23:45  17,4   0,0   0,0   2,8  11,6   00:47   SSE
18  -1,0   0,0   04:21  -3,1   23:44  19,3   0,0   0,0   0,3   3,6   00:03   SSE
19  -5,6  -2,9   00:22 -10,4   18:09  23,9   0,0   0,0   0,2   4,0   16:18    SE
20 -12,2  -8,0   02:08 -16,2   09:06  30,5   0,0   0,0   0,5   5,8   21:06   SSE
21 -12,7  -8,2   23:36 -16,4   04:08  30,9   0,0   0,0   1,5  14,8   23:53   SSE
22  -5,4  -1,8   20:57  -8,9   01:28  23,6   0,0   0,0   3,3  14,8   00:02   SSE
23  -2,8   0,7   23:59  -8,1   20:13  21,1   0,0   0,0   1,0   8,9   23:58   SSE
24   3,9   7,4   14:34   0,7   00:00  14,2   0,0   0,2   2,1  10,7   01:59   SSE
25   4,2   6,9   12:56   1,6   20:20  14,1   0,0   0,0   1,3   9,4   06:40   SSE
26   0,2   3,8   01:03  -2,8   16:50  18,1   0,0   0,0   1,2  10,7   21:18   SSE
27   0,7   2,7   11:46  -2,4   20:16  17,6   0,0   0,0   1,8  10,7   02:09   SSE
28  -0,6   3,2   14:15  -3,2   20:50  18,9   0,0   0,8   0,2   5,4   12:24   SSE
----------------------------------------------------------------------------------
    -2,6   7,4    24   -16,6     6   583,6   0,0   1,0   1,9  16,1    10     SSE

Max >=  18,0:  0
Max <=   0,0: 12
Min <=   0,0: 24
Min <= -18,0:  0
Max Rain: 0,8 on day 28
Days of Rain: 2 (>= 0,2 mm)  0 (>= 2,0 mm)  0 (>= 20,0 mm)
Heat Base: 18,3  Cool Base: 18,3  Method: Integration