NOAA style reports

NOAA-style Climate Reports

Select a Year or Month report
V/Λ2018 > Jan Feb Mar Apr May Jun Jul Aug Sep Oct Nov Dec
V/Λ2017 > Jan Feb Mar Apr May Jun Jul Aug Sep Oct Nov Dec
V/Λ2016 > Jan Feb Mar Apr May Jun Jul Aug Sep Oct Nov Dec
V/Λ2015 > Jan Feb Mar Apr May Jun Jul Aug Sep Oct Nov Dec
V/Λ2014 > Jan Feb Mar Apr May Jun Jul Aug Sep Oct Nov Dec
V/Λ2013 > Jan Feb Mar Apr May Jun Jul Aug Sep Oct Nov Dec

Report for 2014 Mar
                   Monthly Climatological Summary for mar 2014

Name: kvikklunsj.net   City: Alta   State: Norway
Elevation: 23 m  Lat: N 69° 55' 19"   Lon: E 023° 16' 15"

                  Temperature (°C), Rain (mm), Wind Speed (m/s)

                                      Heat  Cool        Avg
    Mean                              Deg   Deg         Wind                 Dom
Day Temp  High   Time   Low    Time   Days  Days  Rain  Speed High   Time    Dir
----------------------------------------------------------------------------------
 1  -2,5  -0,4   15:05  -5,3   06:57  20,8   0,0   0,0   0,1   3,1   01:35   SSE
 2  -0,4   0,8   19:57  -3,2   03:41  18,7   0,0   0,0   2,0  12,5   21:53   SSE
 3  -1,7   1,2   12:02  -8,9   22:27  20,0   0,0   0,0   2,1  11,2   01:47   SSE
 4  -6,1  -0,7   13:37  -9,4   02:36  24,4   0,0   0,0   1,2   6,7   21:56   SSE
 5  -1,6   2,9   19:05 -11,8   02:11  19,9   0,0   0,0   2,1  11,2   17:27   SSE
 6   2,7   3,9   21:19   1,1   00:51  15,6   0,0   0,0   3,6  15,6   09:21   SSE
 7   2,3   5,0   13:04   0,3   04:22  16,0   0,0   0,0   2,7  13,0   11:34   SSE
 8   3,1   6,2   11:39   1,4   01:59  15,2   0,0   7,8   2,9  17,4   03:33   SSE
 9   2,8   4,7   15:32   0,9   11:21  15,5   0,0   0,0   2,0  15,6   00:02   SSE
10   4,2   5,4   12:51   2,4   20:46  14,1   0,0   0,2   2,0   9,4   21:57   SSE
11   1,8   4,4   23:44  -0,1   20:28  16,5   0,0   0,2   2,3  12,1   22:01     S
12   2,7   5,1   12:55   0,3   18:57  14,9   0,0   6,4   1,1  11,2   05:18   SSW
13  -0,6   1,8   01:04  -2,2   16:39  18,9   0,0   0,0   1,8  14,3   14:08   SSE
14  -2,5  -0,3   12:49  -6,4   04:40  20,8   0,0   0,0   0,4   7,2   22:09   ESE
15  -5,8  -1,7   12:33 -12,6   23:52  24,1   0,0   0,0   0,2   3,1   20:47   SSE
16  -9,0   0,8   14:27 -16,0   02:13  27,3   0,0   0,0   0,1   3,6   18:51   ESE
17  -9,0  -1,8   12:54 -15,6   22:51  27,3   0,0   0,0   0,2   3,1   13:32    SE
18 -10,3  -3,0   15:26 -16,9   06:42  28,6   0,0   0,0   0,3   4,5   06:43    SE
19  -8,7  -0,6   15:47 -14,3   22:53  27,0   0,0   0,0   0,5   4,9   12:50   ESE
20 -11,5  -2,4   14:14 -17,7   05:08  29,8   0,0   0,0   0,6   4,9   10:36    SE
21  -7,8  -4,6   12:45 -13,2   00:00  26,1   0,0   0,0   1,4  12,5   10:13    SE
22  -6,0  -3,2   12:55  -8,9   00:41  24,3   0,0   0,0   1,4   9,8   12:41   SSE
23  -5,2  -1,1   12:03 -12,6   03:01  23,5   0,0   0,0   0,2   4,9   19:06    SE
24  -1,4   3,2   15:42  -4,9   06:14  19,7   0,0   0,2   1,5  12,5   19:50   SSW
25  -0,8   1,4   14:57  -2,8   23:40  19,1   0,0   0,0   2,2  13,0   00:37    NW
26  -0,7   5,0   15:29 -11,1   04:19  19,0   0,0   0,4   1,2   8,0   23:39     S
27   2,8   4,6   13:08   0,8   02:53  15,5   0,0   0,0   1,0   8,0   08:43     N
28   5,2   7,2   10:53   1,0   02:21  13,1   0,0   0,0   1,2   7,2   16:54   SSE
29  -0,5   5,9   00:43  -4,1   20:29  18,8   0,0   0,4   1,4  10,3   13:15    NW
30  -3,1   0,8   14:46  -8,5   22:47  20,5   0,0   0,0   0,6   5,4   00:16    NW
31  -4,0  -0,3   13:38  -7,9   05:33  22,3   0,0   0,2   0,5   6,7   15:01   NNW
----------------------------------------------------------------------------------
    -2,3   7,2    28   -17,7    20   637,3   0,0  15,8   1,3  17,4     8     SSE

Max >=  18,0:  0
Max <=   0,0: 12
Min <=   0,0: 23
Min <= -18,0:  0
Max Rain: 7,8 on day 8
Days of Rain: 8 (>= 0,2 mm)  2 (>= 2,0 mm)  0 (>= 20,0 mm)
Heat Base: 18,3  Cool Base: 18,3  Method: Integration