NOAA style reports

NOAA-style Climate Reports

Select a Year or Month report
V/Λ2018 > Jan Feb Mar Apr May Jun Jul Aug Sep Oct Nov Dec
V/Λ2017 > Jan Feb Mar Apr May Jun Jul Aug Sep Oct Nov Dec
V/Λ2016 > Jan Feb Mar Apr May Jun Jul Aug Sep Oct Nov Dec
V/Λ2015 > Jan Feb Mar Apr May Jun Jul Aug Sep Oct Nov Dec
V/Λ2014 > Jan Feb Mar Apr May Jun Jul Aug Sep Oct Nov Dec
V/Λ2013 > Jan Feb Mar Apr May Jun Jul Aug Sep Oct Nov Dec

Report for 2014 Apr
                   Monthly Climatological Summary for apr 2014

Name: kvikklunsj.net   City: Alta   State: Norway
Elevation: 23 m  Lat: N 69° 55' 19"   Lon: E 023° 16' 15"

                  Temperature (°C), Rain (mm), Wind Speed (m/s)

                                      Heat  Cool        Avg
    Mean                              Deg   Deg         Wind                 Dom
Day Temp  High   Time   Low    Time   Days  Days  Rain  Speed High   Time    Dir
----------------------------------------------------------------------------------
 1  -1,1   1,6   11:35  -3,8   03:19  19,4   0,0   0,4   1,1   7,6   23:39    SW
 2  -1,1   0,8   13:09  -5,1   23:21  19,4   0,0   0,0   1,7   8,9   07:55   NNW
 3  -3,4  -0,2   15:11 -10,1   05:31  21,7   0,0   0,0   0,7   5,4   19:41   NNE
 4  -0,6   3,3   21:10  -5,1   05:24  18,9   0,0   1,2   1,8  12,5   23:51     S
 5  -1,6   1,2   00:00  -4,1   23:09  19,9   0,0   0,0   1,9  15,6   00:44   WNW
 6  -2,4   1,4   13:57  -5,7   05:33  20,6   0,0   3,0   0,6   7,6   14:19     N
 7  -3,7  -0,8   12:52 -13,1   23:59  22,0   0,0   0,0   0,6   7,2   14:10   NNE
 8  -7,2  -0,2   13:39 -14,5   04:24  25,5   0,0   0,0   0,7   5,4   15:04   SSE
 9  -2,8   1,4   15:59  -9,6   00:06  21,0   0,0   0,2   3,3  12,5   22:13   SSE
10   1,5   5,0   15:12  -1,8   01:05  16,8   0,0   0,2   2,0   8,0   16:02   SSE
11   3,4   8,3   16:49  -0,9   05:39  14,9   0,0   0,0   1,3   6,7   13:48   SSE
12   4,8   7,8   15:26   2,8   00:00  13,5   0,0   0,0   1,6   8,9   21:05   SSE
13   3,2   4,9   12:00  -0,6   23:59  15,1   0,0   1,8   0,6   6,7   02:58   SSE
14   2,2   6,7   16:37  -2,5   04:45  16,1   0,0   0,0   0,6   6,3   23:22    NW
15   0,3   2,4   17:37  -2,7   05:00  18,0   0,0   0,6   1,9  11,2   09:40    SE
16   0,9   4,7   23:28  -3,2   04:43  17,4   0,0   0,0   3,4  15,2   21:49   SSE
17   5,0   6,5   12:03   1,4   22:16  13,3   0,0   0,0   2,0  10,7   00:17     S
18   1,9   3,9   10:25  -1,3   03:07  16,4   0,0   0,0   1,2  13,0   23:15     S
19   4,5   8,7   14:01   1,1   00:02  13,8   0,0   0,2   2,6  13,9   17:13   SSW
20   2,6   5,9   16:20  -0,8   03:57  15,7   0,0   0,6   1,3  11,6   01:28    SW
21   4,3   8,6   17:25  -0,9   03:08  14,0   0,0   0,0   1,6   9,8   18:22     S
22   0,2   3,0   15:07  -2,4   22:49  18,1   0,0   1,2   1,9  12,5   08:49     W
23   1,3   4,9   18:27  -2,3   01:56  17,0   0,0   4,4   1,3  10,7   20:22     W
24   5,4   7,9   14:39   3,7   03:35  12,9   0,0   0,0   1,5   8,9   00:55     W
25   2,5   4,3   00:00   0,1   22:57  15,8   0,0   1,6   0,3   4,5   01:01     N
26   3,4   6,3   13:43   0,8   02:35  14,9   0,0   0,0   0,6   5,4   16:38   NNE
27   2,5   5,8   11:12   0,1   03:04  15,3   0,0   0,0   0,4   4,5   18:48     N
28   1,2   3,7   14:26  -1,1   23:43  17,1   0,0   0,0   0,6   4,9   15:42    SE
29   0,3   4,1   13:45  -2,6   23:43  18,0   0,0   0,0   0,6   5,4   12:11    NE
30  -1,4   1,9   12:51  -5,9   03:17  19,7   0,0   0,0   0,5   5,4   18:43     N
----------------------------------------------------------------------------------
     0,9   8,7    19   -14,5     8   522,2   0,0  15,4   1,3  15,6     5       S

Max >=  18,0:  0
Max <=   0,0:  3
Min <=   0,0: 23
Min <= -18,0:  0
Max Rain: 4,4 on day 23
Days of Rain: 12 (>= 0,2 mm)  2 (>= 2,0 mm)  0 (>= 20,0 mm)
Heat Base: 18,3  Cool Base: 18,3  Method: Integration