NOAA style reports

NOAA-style Climate Reports

Select a Year or Month report

Report for 2014 May
                   Monthly Climatological Summary for mai 2014

Name: kvikklunsj.net   City: Alta   State: Norway
Elevation: 23 m  Lat: N 69° 55' 19"   Lon: E 023° 16' 15"

                  Temperature (°C), Rain (mm), Wind Speed (m/s)

                                      Heat  Cool        Avg
    Mean                              Deg   Deg         Wind                 Dom
Day Temp  High   Time   Low    Time   Days  Days  Rain  Speed High   Time    Dir
----------------------------------------------------------------------------------
 1  -0,3   2,7   12:15  -3,1   22:52  18,6   0,0   0,4   0,6   5,4   15:07     N
 2   0,3   3,7   10:37  -4,7   04:08  18,0   0,0   0,0   0,6   4,0   10:49   ESE
 3  -0,1   4,4   15:00  -3,6   00:00  18,2   0,0   2,8   0,8   5,4   09:30   NNE
 4  -0,9   3,3   12:00  -7,2   04:00  18,7   0,0   0,0   0,6   4,0   00:30   NNE
 5  -0,1   4,4   15:09  -3,8   05:04  18,3   0,0   0,0   0,4   3,6   16:58     E
 6  -0,9   3,8   13:23  -6,5   03:58  19,2   0,0   0,0   0,7   4,9   14:15   ENE
 7   0,2   3,6   14:14  -2,0   01:37  18,1   0,0   0,0   0,4   4,0   14:31   ENE
 8   1,0   3,5   16:01  -1,7   03:22  17,3   0,0   0,0   1,9   8,5   13:30   SSE
 9   3,2   7,4   15:39  -1,8   02:34  15,1   0,0   0,0   2,2   8,9   00:56   SSE
10   5,2   9,1   11:44  -0,3   03:17  13,1   0,0   0,0   1,1   6,3   12:06    SE
11   5,1   9,8   12:46  -0,6   02:19  13,2   0,0   0,0   0,5   3,6   10:22   NNE
12   2,7   4,6   11:28   1,5   17:41  15,6   0,0   1,2   0,5   6,3   13:17     N
13   1,9   4,3   12:17  -2,9   23:59  16,4   0,0   1,0   1,3   7,2   13:45     N
14   0,5   3,3   18:20  -4,2   02:59  17,8   0,0   0,0   1,0   6,7   10:20    NW
15   2,7   6,1   16:54  -1,9   23:58  15,6   0,0   0,0   1,6   7,2   14:49   SSW
16   4,4   9,7   15:33  -2,5   04:04  13,9   0,0   0,0   1,1   8,0   10:46   SSE
17   7,7   9,8   08:54   4,4   01:41  10,6   0,0   0,6   2,5  11,6   20:35   SSE
18   7,7   9,7   09:07   2,7   23:59  10,6   0,0   0,0   1,0   6,3   07:03     S
19  10,3  15,3   12:55   1,9   00:42   8,0   0,0   0,0   1,3   9,4   12:40   SSE
20  10,0  15,4   13:22   2,6   02:29   8,3   0,0   0,0   0,7   9,4   23:59     S
21   7,3   9,9   08:48   3,8   23:57  11,0   0,0   0,0   1,4   8,5   03:09    NW
22   1,5   3,8   00:00  -0,1   04:16  16,8   0,0  18,0   0,0   1,8   13:41   NNE
23   4,3   6,3   23:47   2,0   00:00  14,0   0,0   1,2   1,7   8,9   04:12    SE
24   8,1  11,5   13:26   4,9   02:48  10,2   0,0   0,0   0,9   8,0   16:52   WSW
25   3,6   6,2   00:00   1,3   23:43  14,7   0,0   0,0   2,2   7,2   03:46    NE
26   3,4   6,2   19:02  -1,2   23:59  14,9   0,0   0,0   1,1   5,4   15:57     N
27   5,7  10,3   16:37  -2,6   01:33  12,6   0,0   0,0   0,7   5,4   18:48     N
28   9,8  14,7   13:28   3,1   00:50   8,5   0,0   0,0   1,2   5,8   09:42     E
29  10,9  14,8   16:44   4,5   00:21   7,4   0,0   0,0   1,1   4,9   15:18   NNW
30  14,2  20,7   12:44   3,9   00:35   4,5   0,5   0,0   1,1   6,3   12:51   SSE
31   8,0  11,6   05:13   5,1   23:46  10,3   0,0   0,0   1,3   5,8   08:34   NNE
----------------------------------------------------------------------------------
     4,4  20,7    30    -7,2     4   429,5   0,5  25,2   1,1  11,6    17     ESE

Max >=  18,0:  1
Max <=   0,0:  0
Min <=   0,0: 18
Min <= -18,0:  0
Max Rain: 18,0 on day 22
Days of Rain: 7 (>= 0,2 mm)  2 (>= 2,0 mm)  0 (>= 20,0 mm)
Heat Base: 18,3  Cool Base: 18,3  Method: Integration