NOAA style reports

NOAA-style Climate Reports

Select a Year or Month report

Report for 2014 Jun
                   Monthly Climatological Summary for jun 2014

Name: kvikklunsj.net   City: Alta   State: Norway
Elevation: 23 m  Lat: N 69° 55' 19"   Lon: E 023° 16' 15"

                  Temperature (°C), Rain (mm), Wind Speed (m/s)

                                      Heat  Cool        Avg
    Mean                              Deg   Deg         Wind                 Dom
Day Temp  High   Time   Low    Time   Days  Days  Rain  Speed High   Time    Dir
----------------------------------------------------------------------------------
 1   7,7  11,3   18:33   4,6   01:44  10,6   0,0   0,0   1,1   7,6   05:37   NNE
 2  11,3  16,1   13:07   5,9   02:55   7,0   0,0   0,0   1,2   5,8   13:14   ENE
 3  14,1  21,8   14:47   8,2   23:58   4,6   0,4   0,0   0,6   4,5   13:12   NNE
 4  16,0  21,5   16:33   6,1   01:04   3,1   0,9   0,0   0,8   4,0   12:17     N
 5  20,0  26,3   12:40   7,2   01:59   1,9   3,6   0,0   1,1   8,0   13:33   SSE
 6  17,2  20,8   11:55  11,1   23:54   1,7   0,6   0,0   0,9   4,9   14:58   NNE
 7  10,6  12,3   13:14   7,9   23:37   7,7   0,0   0,0   1,4   7,2   14:25     N
 8  13,3  19,5   19:10   7,7   01:31   5,1   0,1   0,0   0,7   6,7   23:43    NE
 9  14,5  18,3   14:50  10,2   05:06   3,8   0,0   0,0   0,9   4,9   00:27   SSE
10  10,6  12,2   00:00   8,2   23:51   7,7   0,0   0,0   0,4   3,6   16:04     N
11  11,1  15,6   19:06   7,3   02:53   7,2   0,0   0,0   0,5   4,0   13:03     N
12   9,3  13,1   05:10   5,8   23:04   9,0   0,0   0,0   1,2   6,3   17:08   NNE
13   6,2   8,7   10:50   4,6   23:26  12,1   0,0   0,0   1,9   8,0   08:05     N
14   8,0  12,3   15:26   3,4   02:14  10,3   0,0   0,0   0,8   7,6   13:05    NW
15   6,2   9,4   16:06   2,8   23:58  12,1   0,0   4,2   0,6   5,8   20:57     N
16   2,5   4,9   17:13   0,1   07:54  15,8   0,0   2,8   1,0   9,4   11:23     N
17   4,6   7,9   11:54   0,4   00:54  13,7   0,0   7,6   1,1   7,6   11:13   SSE
18   6,2   9,0   18:00   4,3   23:55  12,1   0,0   3,4   1,1   7,6   13:02     N
19   5,4   8,8   15:32   2,9   02:56  12,9   0,0   1,8   1,0   5,8   15:43   NNE
20   4,9   7,7   14:34   2,8   03:51  13,4   0,0   3,2   2,3  10,3   14:04     N
21   4,9   6,7   17:59   2,8   04:49  13,4   0,0   3,0   1,6   6,7   11:22     N
22   5,5   7,2   17:30   4,2   03:19  12,8   0,0  10,0   0,8   5,8   16:20     N
23   7,0   9,7   14:32   5,2   23:57  11,3   0,0   0,6   1,0   6,3   14:33     N
24   6,2   8,8   12:10   4,2   02:50  12,1   0,0   0,0   1,4   7,2   11:30   NNE
25   5,9   7,9   11:06   4,0   04:58  12,4   0,0   0,0   1,2   7,2   12:29     N
26   6,3   9,1   15:27   3,5   02:24  12,0   0,0   0,0   1,1   6,3   16:01     N
27   8,2  11,6   23:01   4,1   02:05  10,1   0,0   0,8   0,5   4,5   17:34     N
28  11,3  14,6   14:02   3,6   01:46   7,0   0,0   0,0   0,8   5,4   15:10   NNW
29  12,2  15,7   13:35   5,3   01:22   6,1   0,0   0,0   0,8   5,4   14:17   NNW
30  12,0  15,3   15:10   6,8   01:39   6,3   0,0   0,0   0,8   6,3   11:47   NNW
----------------------------------------------------------------------------------
     9,3  26,3     5     0,1    16   275,3   5,6  37,4   1,0  10,3    20       N

Max >=  18,0:  6
Max <=   0,0:  0
Min <=   0,0:  0
Min <= -18,0:  0
Max Rain: 10,0 on day 22
Days of Rain: 10 (>= 0,2 mm)  7 (>= 2,0 mm)  0 (>= 20,0 mm)
Heat Base: 18,3  Cool Base: 18,3  Method: Integration