NOAA style reports

NOAA-style Climate Reports

Select a Year or Month report
V/Λ2018 > Jan Feb Mar Apr May Jun Jul Aug Sep Oct Nov Dec
V/Λ2017 > Jan Feb Mar Apr May Jun Jul Aug Sep Oct Nov Dec
V/Λ2016 > Jan Feb Mar Apr May Jun Jul Aug Sep Oct Nov Dec
V/Λ2015 > Jan Feb Mar Apr May Jun Jul Aug Sep Oct Nov Dec
V/Λ2014 > Jan Feb Mar Apr May Jun Jul Aug Sep Oct Nov Dec
V/Λ2013 > Jan Feb Mar Apr May Jun Jul Aug Sep Oct Nov Dec

Report for 2014 Jul
                   Monthly Climatological Summary for jul 2014

Name: kvikklunsj.net   City: Alta   State: Norway
Elevation: 23 m  Lat: N 69° 55' 19"   Lon: E 023° 16' 15"

                  Temperature (°C), Rain (mm), Wind Speed (m/s)

                                      Heat  Cool        Avg
    Mean                              Deg   Deg         Wind                 Dom
Day Temp  High   Time   Low    Time   Days  Days  Rain  Speed High   Time    Dir
----------------------------------------------------------------------------------
 1  11,9  14,5   15:57   7,1   01:35   6,4   0,0   0,0   0,8   5,4   14:48   NNW
 2  13,6  17,6   22:30   6,2   01:36   4,6   0,0   0,0   0,9   5,8   14:56     N
 3  11,7  13,7   00:00   9,3   23:48   6,6   0,0   0,4   0,5   6,3   14:30   SSE
 4   8,8  10,4   20:19   7,6   09:36   7,9   0,0   1,2   0,5   4,9   00:03     S
 5  13,9  19,8   18:10   8,4   01:57   2,6   0,1   0,0   1,7   8,9   13:33    SE
 6  21,8  28,1   14:34  14,4   00:30   0,0   4,1   0,0   1,3   9,4   10:59   SSE
 7  21,5  25,1   12:57  14,6   01:35   0,0   3,6   0,0   0,7   4,5   15:22   NNE
 8  19,9  24,1   09:58  13,5   01:28   0,1   2,4   0,0   0,7   5,4   14:55     N
 9  20,0  25,4   16:17  11,6   01:55   0,5   2,8   0,0   1,0   7,2   21:30   ESE
10  24,2  30,5   16:38  17,4   01:35   0,0   6,0   0,0   1,2   6,7   03:10   ESE
11  13,1  18,7   00:00  11,8   16:11   2,5   0,0   0,0   0,7   6,3   13:07     N
12  13,6  16,3   09:37  10,8   02:03   1,9   0,0   0,0   0,9   6,7   15:24     N
13  16,2  22,2   16:02   8,7   01:03   1,4   0,8   0,0   0,6   4,0   13:44     N
14  19,4  23,7   11:49  12,1   01:13   0,3   1,9   0,0   0,9   5,4   08:37    NE
15  20,1  26,7   16:54  12,6   01:44   0,4   2,8   0,0   0,8   6,7   22:12   ENE
16  14,0  16,5   18:14  11,8   05:41   1,6   0,0   0,0   2,0   8,5   14:02    SE
17  17,6  23,8   14:35  11,8   23:51   0,7   1,4   6,2   1,1   7,6   14:05    SE
18  13,2  15,8   15:57  11,6   03:14   2,3   0,0   0,8   0,5   4,9   15:18     N
19  14,5  18,1   16:12  10,3   23:57   1,6   0,0   0,0   0,7   4,0   13:42     N
20  12,9  17,0   15:45   7,6   02:25   2,7   0,0   0,0   0,5   4,0   16:35   NNE
21  17,3  22,3   13:00   8,6   03:18   1,1   1,1   0,0   0,4   4,0   13:58     N
22  15,7  21,3   10:23  11,4   03:09   0,9   0,2   0,4   0,4   4,5   10:49     N
23  14,9  19,0   11:12  11,6   01:37   1,3   0,0   0,0   0,3   3,6   18:25   NNE
24  15,9  19,2   15:18  10,1   01:42   0,9   0,1   0,0   0,9   7,6   16:01   WNW
25  15,9  19,3   14:10  11,0   01:58   0,7   0,0   0,0   0,7   4,9   15:54     N
26  15,6  18,4   12:09  13,8   02:06   0,6   0,0   0,0   0,4   4,9   18:09     N
27  17,7  22,5   10:41  13,1   02:27   0,5   1,1   0,0   0,6   4,5   13:50     N
28  12,4  14,1   06:32   9,8   23:52   3,1   0,0   3,8   0,7   4,9   11:26   NNW
29  11,4  14,0   14:57   8,8   03:29   4,1   0,0   0,2   0,6   5,8   22:21   NNE
30  14,5  18,1   11:29   8,8   03:42   1,6   0,0   0,0   2,0   9,8   10:35   SSE
31  17,0  22,2   11:16  11,4   23:56   0,2   0,4   2,4   0,7   5,8   01:49     E
----------------------------------------------------------------------------------
    15,8  30,5    10     6,2     2    59,1  28,8  15,4   0,8   9,8    30     ENE

Max >=  18,0: 21
Max <=   0,0:  0
Min <=   0,0:  0
Min <= -18,0:  0
Max Rain: 6,2 on day 17
Days of Rain: 8 (>= 0,2 mm)  3 (>= 2,0 mm)  0 (>= 10,0 mm)
Heat Base: 15,5  Cool Base: 18,3  Method: Integration