NOAA style reports

NOAA-style Climate Reports

Select a Year or Month report

Report for 2014 Aug
                   Monthly Climatological Summary for aug 2014

Name: kvikklunsj.net   City: Alta   State: Norway
Elevation: 23 m  Lat: N 69° 55' 19"   Lon: E 023° 16' 15"

                  Temperature (°C), Rain (mm), Wind Speed (m/s)

                                      Heat  Cool        Avg
    Mean                              Deg   Deg         Wind                 Dom
Day Temp  High   Time   Low    Time   Days  Days  Rain  Speed High   Time    Dir
----------------------------------------------------------------------------------
 1  14,6  20,4   08:47   8,8   23:33   1,7   0,1   0,2   0,5   4,5   12:00     N
 2  13,8  19,0   10:02   8,2   00:51   2,5   0,0   0,0   0,4   4,5   15:49     N
 3  16,2  25,7   12:15   9,4   00:02   1,6   0,9   0,0   0,3   5,8   13:20   NNE
 4  18,4  26,4   13:48   9,9   02:44   1,0   2,3   1,8   0,5   6,7   08:17   ESE
 5  18,0  23,2   16:44  13,0   01:16   0,4   1,0   3,0   0,3   6,3   19:34    NE
 6  17,0  19,7   13:32  15,1   22:45   0,0   0,1   0,2   0,5   3,6   14:36     N
 7  16,5  21,2   12:41  13,3   02:30   0,5   0,3   0,0   0,5   4,5   14:06     N
 8  14,5  19,0   16:28  11,9   23:57   1,4   0,0   0,8   0,5   4,9   14:19     N
 9  12,3  14,3   14:54  10,3   04:25   3,2   0,0   0,0   0,8   6,3   23:51   NNE
10  11,6  13,5   17:07   9,5   03:11   3,9   0,0   0,0   2,2   8,5   14:08    SE
11  15,9  20,6   14:56  10,9   04:52   1,1   0,2   0,0   0,8   4,9   18:22    SE
12  16,3  21,8   16:18   8,1   03:37   1,5   0,9   0,0   0,7   7,2   09:51    SE
13  12,9  15,2   13:20  10,3   23:22   2,6   0,0  22,6   0,6   5,8   15:59   SSE
14  10,9  13,4   14:05   7,3   23:55   4,6   0,0   7,0   0,1   3,1   14:24   NNE
15  11,2  15,1   11:12   6,7   00:21   4,3   0,0   0,0   0,7   6,3   12:03    SW
16   9,9  12,3   12:09   7,6   22:15   5,6   0,0   1,0   0,8   6,3   16:11     N
17   9,3  12,5   14:16   6,4   03:29   6,2   0,0   1,8   0,5   4,9   14:47     N
18   9,4  13,0   18:54   5,1   02:33   6,1   0,0   1,6   0,1   3,1   22:16     N
19   9,8  11,0   06:59   8,0   03:48   5,7   0,0   5,0   0,1   3,6   00:41   NNE
20   9,3  10,8   12:36   6,0   23:38   6,2   0,0   1,2   0,8   5,4   11:29   NNE
21   7,8  10,5   14:58   5,8   04:20   7,7   0,0   0,0   0,4   4,5   14:03     N
22   8,5  13,2   14:38   3,6   04:26   7,0   0,0   0,2   0,3   3,6   15:02     N
23   8,2  12,1   16:45   2,4   23:46   7,3   0,0   0,0   0,3   3,1   10:44   NNW
24   8,1  13,9   15:08  -1,2   04:02   7,4   0,0   0,0   0,3   3,6   11:26     N
25  12,2  18,6   14:19   5,9   04:48   3,7   0,0   0,0   0,3   3,1   11:18    SE
26  11,8  15,8   10:45   5,9   23:55   3,7   0,0   0,0   0,2   3,6   15:21     N
27   9,5  12,7   13:06   4,4   02:21   6,0   0,0   4,0   0,4   4,9   14:17     N
28  10,1  11,4   14:21   6,4   23:18   5,4   0,0   0,2   0,5   4,0   06:44     N
29   9,4  14,8   14:25   4,1   05:30   6,1   0,0   0,0   0,4   3,1   14:32   NNE
30   9,3  13,2   11:18   4,7   23:20   6,2   0,0   0,0   0,1   2,2   13:43   NNE
31   7,8  13,8   12:42  -0,4   05:21   7,7   0,0   0,0   0,3   3,6   15:53     N
----------------------------------------------------------------------------------
    12,0  26,4     4    -1,2    24   128,3   5,8  50,6   0,5   8,5    10      NE

Max >=  18,0: 11
Max <=   0,0:  0
Min <=   0,0:  2
Min <= -18,0:  0
Max Rain: 22,6 on day 13
Days of Rain: 15 (>= 0,2 mm)  5 (>= 2,0 mm)  1 (>= 10,0 mm)
Heat Base: 15,5  Cool Base: 18,3  Method: Integration