NOAA style reports

NOAA-style Climate Reports

Select a Year or Month report

Report for 2014 Sep
                   Monthly Climatological Summary for sep 2014

Name: kvikklunsj.net   City: Alta   State: Norway
Elevation: 23 m  Lat: N 69° 55' 19"   Lon: E 023° 16' 15"

                  Temperature (°C), Rain (mm), Wind Speed (m/s)

                                      Heat  Cool        Avg
    Mean                              Deg   Deg         Wind                 Dom
Day Temp  High   Time   Low    Time   Days  Days  Rain  Speed High   Time    Dir
----------------------------------------------------------------------------------
 1   7,9  14,9   13:58  -1,5   04:06   7,6   0,0   0,0   0,2   3,1   12:37     N
 2  11,6  19,8   12:37   7,1   04:38   4,4   0,1   0,4   0,3   7,6   15:25   SSE
 3  11,9  16,1   17:13   8,4   00:00   3,6   0,0   3,0   0,1   4,0   16:49     S
 4  12,1  16,7   12:17   7,8   05:45   3,5   0,0   0,4   0,6   6,3   08:38   SSW
 5  10,2  11,9   08:36   6,9   23:52   5,3   0,0   1,2   0,5   7,2   02:33   SSW
 6   8,2  11,2   12:16   5,9   02:49   7,3   0,0   0,0   0,0   1,8   23:22   SSE
 7   9,5  13,5   12:23   6,5   03:19   6,0   0,0   0,0   0,5   4,9   09:12     S
 8   8,6  14,1   14:23   4,5   21:48   6,9   0,0   1,2   0,1   2,7   15:34   NNE
 9  11,3  16,0   14:13   8,9   00:00   4,2   0,0   4,8   0,2   4,0   03:14    SE
10  11,9  15,1   13:45   8,4   04:13   3,6   0,0   0,2   1,0   6,7   17:32   SSE
11  13,1  17,0   11:10  10,5   20:32   2,4   0,0   0,2   1,1  12,1   07:37     S
12   8,9  12,6   11:39   5,9   06:00   6,6   0,0   0,0   0,5   5,8   02:43   WNW
13  10,3  16,6   13:52   0,4   06:24   5,2   0,0   0,2   1,6  10,7   18:22   SSE
14   9,2  11,2   00:59   6,9   05:54   6,3   0,0   0,0   1,4  11,2   03:43   WSW
15  10,1  14,2   15:12   4,3   22:00   5,4   0,0   0,0   1,0   8,0   02:47   WSW
16   4,9  13,2   13:13  -1,2   05:44  10,6   0,0   0,0   0,1   2,7   14:36   NNE
17   5,9  13,4   14:29  -2,9   05:41   9,6   0,0   0,0   0,4   7,6   18:33     N
18   4,7   8,7   12:05   0,2   03:13  10,8   0,0   0,0   0,4   5,4   12:18    SW
19   1,3  10,7   13:01  -5,9   23:24  14,2   0,0   0,0   0,1   3,1   13:26   NNE
20  -1,2   7,3   14:53  -8,3   02:39  16,7   0,0   0,0   0,0   2,2   15:04     N
21   1,1   5,6   12:45  -2,0   21:22  14,4   0,0   0,2   0,4   6,7   14:39     N
22   0,6   4,7   15:09  -2,7   23:18  14,7   0,0   2,4   0,1   4,5   14:23   NNE
23   1,9   5,8   09:56  -2,2   00:00  13,5   0,0   0,6   0,4   4,0   10:22   NNE
24   1,9   4,8   11:55  -3,5   01:46  13,6   0,0   3,4   1,4   8,9   20:53   NNE
25   3,8   5,3   16:47   2,9   11:06  11,7   0,0   7,8   0,6   7,6   01:02     E
26   5,3   6,7   21:15   3,8   00:00  10,2   0,0   1,8   2,0  10,7   15:00   SSE
27   4,3   7,6   23:24  -0,1   04:10  11,2   0,0   0,0   0,5   6,7   12:18    SE
28   4,9   7,4   14:15  -1,3   23:42  10,6   0,0   0,6   0,1   4,5   03:19     N
29   2,0   6,6   19:18  -3,3   06:19  13,5   0,0   1,0   0,3   6,7   19:18   NNE
30   3,7   6,5   13:58   0,3   05:48  11,8   0,0   0,6   0,6   5,8   09:42    NW
----------------------------------------------------------------------------------
     6,7  19,8     2    -8,3    20   265,4   0,1  30,0   0,6  12,1    11       S

Max >=  18,0:  1
Max <=   0,0:  0
Min <=   0,0: 12
Min <= -18,0:  0
Max Rain: 7,8 on day 25
Days of Rain: 18 (>= 0,2 mm)  5 (>= 2,0 mm)  0 (>= 10,0 mm)
Heat Base: 15,5  Cool Base: 18,3  Method: Integration