NOAA style reports

NOAA-style Climate Reports

Select a Year or Month report

Report for 2014 Oct
                   Monthly Climatological Summary for okt 2014

Name: kvikklunsj.net   City: Alta   State: Norway
Elevation: 23 m  Lat: N 69° 55' 19"   Lon: E 023° 16' 15"

                  Temperature (°C), Rain (mm), Wind Speed (m/s)

                                      Heat  Cool        Avg
    Mean                              Deg   Deg         Wind                 Dom
Day Temp  High   Time   Low    Time   Days  Days  Rain  Speed High   Time    Dir
----------------------------------------------------------------------------------
 1   3,6   6,8   15:28  -1,4   07:56  11,9   0,0   0,0   0,3   5,8   02:09   SSE
 2   5,6   9,1   15:30   1,4   23:58   9,9   0,0   0,2   0,6   8,0   06:17   SSE
 3   5,9  10,7   14:28   1,1   00:26   9,6   0,0   0,0   1,7  12,5   22:32    SE
 4   9,4  11,6   14:28   6,9   02:36   6,1   0,0   0,0   2,6  10,7   11:59   SSE
 5  11,8  14,0   13:59  10,3   03:03   3,7   0,0   0,0   3,4  13,9   08:44   SSE
 6   7,1  13,6   13:26  -0,4   07:40   8,4   0,0   0,0   0,2   5,8   01:00   SSE
 7   5,1   7,3   13:01   2,4   08:02  10,4   0,0   0,0   0,8   7,6   13:21    SE
 8   3,4   4,8   00:21   1,1   23:32  12,1   0,0   0,4   0,2   4,0   19:02   ENE
 9   1,3   3,8   13:41  -1,6   23:08  14,2   0,0   0,0   0,3   5,4   15:55    SE
10   0,4   2,2   15:09  -1,6   00:00  15,1   0,0   0,0   1,8   8,9   07:40    SE
11  -0,5   3,2   14:46  -2,6   02:54  16,0   0,0   0,0   0,3   5,4   01:37   SSE
12  -2,7   3,3   13:22  -6,8   06:29  18,1   0,0   0,0   0,0   2,7   10:36    SE
13  -0,3   4,2   15:50  -4,7   01:54  15,8   0,0   0,0   0,2   5,8   23:45   SSE
14   0,3   2,2   13:26  -3,3   19:32  15,2   0,0   0,0   0,5   4,9   23:09   ESE
15  -2,0   2,5   14:48  -4,7   23:08  17,5   0,0   0,0   0,3   5,8   00:15   SSE
16  -0,4   1,9   20:34  -4,5   03:01  15,9   0,0   0,0   0,7   4,9   05:34   SSE
17   2,1   4,4   14:44  -0,3   02:08  13,4   0,0   0,0   1,0   5,8   09:00   SSE
18   0,0   3,4   01:30  -4,1   23:16  15,5   0,0   0,0   0,1   3,6   00:37   SSE
19  -4,2   0,9   14:32  -8,9   23:59  19,7   0,0   0,0   0,3   2,7   02:23    SE
20  -6,2  -3,2   14:05 -11,9   01:58  21,7   0,0   0,0   0,4   5,8   19:15   SSE
21  -4,5  -2,1   13:29  -6,6   20:29  20,0   0,0   0,0   2,4  12,1   13:29   SSE
22  -3,9  -2,5   23:29  -5,8   02:42  19,4   0,0   0,0   5,8  17,9   13:36   SSE
23  -1,0   0,1   12:00  -2,7   00:07  16,5   0,0   0,0   5,4  19,2   14:05   SSE
24   0,8   1,8   22:09  -0,4   00:33  14,7   0,0   0,0   4,1  15,6   02:53   SSE
25   2,0   3,4   17:31  -1,3   01:20  13,5   0,0   3,2   1,6  10,7   17:10    SE
26   2,8   6,1   18:18  -3,5   03:05  13,2   0,0   0,4   1,4  10,3   18:11   SSE
27   2,2   5,6   23:59   0,2   04:10  13,3   0,0   9,0   0,4   7,6   23:56   SSE
28   1,1   5,8   00:14  -1,9   15:43  14,4   0,0   0,2   0,7   7,6   00:09     S
29  -0,1   4,9   20:45  -5,2   08:31  15,6   0,0   0,4   0,3   5,8   17:25   WNW
30   0,9   3,6   00:00  -1,3   22:03  14,6   0,0   0,0   0,5   8,0   11:28   NNW
31  -3,8  -1,1   01:05  -6,7   23:49  19,3   0,0   0,0   0,0   4,0   00:56    SE
----------------------------------------------------------------------------------
     1,2  14,0     5   -11,9    20   444,7   0,0  13,8   1,2  19,2    23     SSE

Max >=  18,0:  0
Max <=   0,0:  4
Min <=   0,0: 24
Min <= -18,0:  0
Max Rain: 9,0 on day 27
Days of Rain: 7 (>= 0,2 mm)  2 (>= 2,0 mm)  0 (>= 10,0 mm)
Heat Base: 15,5  Cool Base: 18,3  Method: Integration