NOAA style reports

NOAA-style Climate Reports

Select a Year or Month report
V/Λ2018 > Jan Feb Mar Apr May Jun Jul Aug Sep Oct Nov Dec
V/Λ2017 > Jan Feb Mar Apr May Jun Jul Aug Sep Oct Nov Dec
V/Λ2016 > Jan Feb Mar Apr May Jun Jul Aug Sep Oct Nov Dec
V/Λ2015 > Jan Feb Mar Apr May Jun Jul Aug Sep Oct Nov Dec
V/Λ2014 > Jan Feb Mar Apr May Jun Jul Aug Sep Oct Nov Dec
V/Λ2013 > Jan Feb Mar Apr May Jun Jul Aug Sep Oct Nov Dec

Report for 2014 Nov
                   Monthly Climatological Summary for nov 2014

Name: kvikklunsj.net   City: Alta   State: Norway
Elevation: 23 m  Lat: N 69° 55' 19"   Lon: E 023° 16' 15"

                  Temperature (°C), Rain (mm), Wind Speed (m/s)

                                      Heat  Cool        Avg
    Mean                              Deg   Deg         Wind                 Dom
Day Temp  High   Time   Low    Time   Days  Days  Rain  Speed High   Time    Dir
----------------------------------------------------------------------------------
 1  -5,0  -0,5   23:59  -6,4   00:00  20,5   0,0   0,0   1,3  13,4   20:28    SE
 2   2,1   3,7   12:37  -0,5   00:00  13,4   0,0   0,0   2,0  11,6   00:32   SSE
 3   0,8   2,9   00:46  -0,2   13:32  14,7   0,0   0,0   0,7   8,0   21:40     E
 4  -3,6   0,3   01:13 -10,6   23:44  19,1   0,0   0,4   1,4  11,2   02:17   NNE
 5 -13,0  -9,9   00:07 -14,9   17:17  28,5   0,0   0,0   0,4   6,3   12:30   SSE
 6  -8,7  -6,6   15:13 -12,8   02:04  24,2   0,0   0,0   0,3   4,9   08:38     S
 7  -8,9  -3,7   22:56 -13,7   09:35  24,4   0,0   0,0   0,5  10,7   15:52   SSE
 8  -6,6  -2,6   05:44 -14,2   23:43  22,0   0,0   0,0   0,3   6,7   05:42   SSE
 9  -8,4   1,9   23:00 -17,4   05:25  23,9   0,0   0,0   0,1   2,7   19:54    SE
10  -0,6   1,8   00:53  -2,5   23:44  16,1   0,0   1,4   0,0   2,2   06:42    NE
11  -4,1  -2,1   10:54 -10,8   23:01  19,6   0,0   0,0   0,0   0,4   00:00   ---
12 -10,2  -6,7   16:33 -12,6   10:16  25,7   0,0   0,0   0,0   0,0   00:00   ---
13  -9,2  -4,0   16:40 -15,2   11:46  24,7   0,0   0,0   0,0   0,0   00:00   ---
14  -7,3  -4,2   21:34  -9,5   02:14  22,8   0,0   0,0   0,0   0,0   00:00   ---
15  -8,7  -5,8   04:14 -14,8   22:45  24,2   0,0   0,0   0,4  14,3   11:20    SE
16 -10,3  -7,7   19:56 -14,5   00:08  25,8   0,0   0,0   0,3   4,9   11:34    SE
17  -8,7  -5,3   23:47 -12,3   19:18  24,2   0,0   0,0   0,6   8,0   07:01    SE
18   1,4   7,7   13:34  -5,4   00:00  14,1   0,0   6,6   1,4   9,8   13:09     S
19   5,7   8,3   21:48  -0,3   03:29   9,8   0,0   0,0   1,2   7,6   21:28   SSW
20   0,7   7,1   00:00  -6,1   22:52  14,8   0,0   0,0   0,7   5,4   19:23   SSE
21  -2,4   0,7   17:58  -5,4   00:00  17,9   0,0   0,0   1,1   7,2   03:09   SSE
22  -1,9   0,5   18:46  -4,7   00:07  17,4   0,0   0,0   0,2   5,4   23:12   SSE
23  -8,6  -0,9   00:00 -15,3   22:31  24,1   0,0   0,0   0,3   3,6   03:33   SSE
24  -8,4  -4,3   11:58 -14,1   00:04  23,9   0,0   0,0   0,3   3,6   11:47    SE
25  -1,9   2,4   15:55  -9,9   04:48  17,4   0,0   0,2   1,2   8,5   10:53   SSE
26  -0,3   5,2   20:30  -3,4   12:03  15,8   0,0   0,0   0,5   4,5   15:37   SSE
27   1,4   4,1   21:15  -2,4   06:18  14,1   0,0   0,0   1,5  10,3   17:40   SSE
28  -2,6   2,6   00:00  -6,2   22:58  18,1   0,0   0,0   0,7   4,9   02:13   SSE
29  -5,2  -3,9   21:39  -6,4   04:16  20,6   0,0   0,0   0,1   1,8   02:26    SE
30  -6,3  -2,6   17:33 -11,4   08:51  21,8   0,0   0,0   1,0   9,4   21:06    SE
----------------------------------------------------------------------------------
    -4,6   8,3    19   -17,4     9   603,6   0,0   8,6   0,6  14,3    15     SSE

Max >=  18,0:  0
Max <=   0,0: 16
Min <=   0,0: 30
Min <= -18,0:  0
Max Rain: 6,6 on day 18
Days of Rain: 4 (>= 0,2 mm)  1 (>= 2,0 mm)  0 (>= 10,0 mm)
Heat Base: 15,5  Cool Base: 18,3  Method: Integration