NOAA style reports

NOAA-style Climate Reports

Select a Year or Month report
V/Λ2018 > Jan Feb Mar Apr May Jun Jul Aug Sep Oct Nov Dec
V/Λ2017 > Jan Feb Mar Apr May Jun Jul Aug Sep Oct Nov Dec
V/Λ2016 > Jan Feb Mar Apr May Jun Jul Aug Sep Oct Nov Dec
V/Λ2015 > Jan Feb Mar Apr May Jun Jul Aug Sep Oct Nov Dec
V/Λ2014 > Jan Feb Mar Apr May Jun Jul Aug Sep Oct Nov Dec
V/Λ2013 > Jan Feb Mar Apr May Jun Jul Aug Sep Oct Nov Dec

Report for 2014 Dec
                   Monthly Climatological Summary for des 2014

Name: kvikklunsj.net   City: Alta   State: Norway
Elevation: 23 m  Lat: N 69° 55' 19"   Lon: E 023° 16' 15"

                  Temperature (°C), Rain (mm), Wind Speed (m/s)

                                      Heat  Cool        Avg
    Mean                              Deg   Deg         Wind                 Dom
Day Temp  High   Time   Low    Time   Days  Days  Rain  Speed High   Time    Dir
----------------------------------------------------------------------------------
 1  -3,2  -1,4   22:56  -4,6   05:06  18,7   0,0   0,0   2,5   9,4   18:50   SSE
 2  -1,6  -0,8   08:29  -3,8   23:49  17,1   0,0   0,0   1,7   8,9   05:35   SSE
 3  -2,7  -0,7   15:17  -5,8   02:53  18,2   0,0   0,0   0,6   5,8   15:45   SSE
 4   2,3   5,4   10:42  -2,2   00:00  13,2   0,0   6,2   1,2   5,8   09:07     S
 5   1,8   4,4   13:27   0,3   00:28  13,7   0,0   0,0   1,0   8,9   13:36   SSE
 6   1,1   3,3   09:02  -2,1   22:44  14,4   0,0   0,0   2,0  11,2   16:25     S
 7  -1,4   0,6   03:16  -4,2   22:38  16,9   0,0   5,0   2,5   9,4   06:30   SSE
 8  -7,6  -3,4   00:44 -10,4   19:18  23,1   0,0   0,0   0,3   5,4   01:27   SSE
 9  -6,9  -2,7   09:40 -10,3   23:58  22,4   0,0   1,0   1,3   6,3   11:53   SSE
10  -2,5   3,3   18:24 -13,4   02:56  18,0   0,0   0,0   2,5  15,2   18:11   SSE
11   0,7   3,0   01:31  -1,8   16:10  14,8   0,0   0,0   2,1  11,6   02:40   SSE
12   0,5   1,4   00:02  -1,9   13:40  15,0   0,0   0,0   1,8   9,4   15:56   SSE
13  -1,3   1,3   01:57  -5,3   19:31  16,8   0,0   0,2   1,0   7,2   02:24   SSE
14  -8,2  -5,1   04:24 -10,7   23:38  23,7   0,0   0,0   0,7   4,0   03:52   SSE
15  -2,2   2,3   23:22 -10,7   00:10  17,7   0,0   0,0   1,4  10,3   04:02   SSE
16  -1,2   2,1   00:19  -3,7   23:30  16,7   0,0   0,6   0,1   3,6   00:48     S
17  -5,3  -3,1   08:00 -11,4   22:05  20,8   0,0   2,0   0,0   0,9   00:01     S
18 -14,5 -10,6   00:00 -17,3   10:41  30,0   0,0   0,0   0,0   0,9   00:52   ---
19  -5,6  -4,0   17:41 -11,9   01:52  21,1   0,0   0,0   1,0   8,0   15:07   SSE
20  -7,6  -4,6   02:41  -9,4   14:32  23,1   0,0   0,0   0,4   6,7   01:34   SSE
21 -12,8  -8,2   00:00 -17,4   23:22  28,3   0,0   0,0   0,0   0,9   10:47   ---
22 -14,0 -11,3   09:52 -18,4   03:20  29,5   0,0   1,5   0,1   2,7   07:16    SE
23 -17,8 -15,3   00:00 -19,4   20:58  33,3   0,0   0,0   0,0   2,2   08:58    SE
24 -16,3 -13,3   17:20 -19,9   02:13  31,8   0,0   0,0   0,1   4,0   21:31    SE
25  -5,3  -1,0   18:23 -14,4   00:16  20,8   0,0   0,0   1,1   9,8   13:18   SSW
26 -10,7  -1,6   01:24 -15,9   20:06  26,2   0,0   0,0   0,7   6,7   01:42   SSE
27 -17,1 -15,5   00:00 -18,7   23:00  32,6   0,0   0,0   0,6   4,9   08:50    SE
28 -18,1 -14,9   06:00 -21,1   21:38  33,6   0,0   0,0   0,7   5,8   20:24   SSE
29 -14,7 -11,2   21:22 -20,0   00:00  30,2   0,0   0,0   0,7   7,6   12:04   SSE
30  -1,4   6,6   19:55 -14,5   00:49  16,8   0,0   6,0   1,3  13,0   23:06   SSW
31   2,4   4,6   00:00  -1,4   21:32  13,1   0,0   0,2   1,0  13,9   01:55   WSW
----------------------------------------------------------------------------------
    -6,2   6,6    30   -21,1    28   671,6   0,0  22,7   1,0  15,2    10     SSE

Max >=  18,0:  0
Max <=   0,0: 19
Min <=   0,0: 30
Min <= -18,0:  6
Max Rain: 6,2 on day 4
Days of Rain: 9 (>= 0,2 mm)  4 (>= 2,0 mm)  0 (>= 10,0 mm)
Heat Base: 15,5  Cool Base: 18,3  Method: Integration