NOAA style reports

NOAA-style Climate Reports

Select a Year or Month report
V/Λ2018 > Jan Feb Mar Apr May Jun Jul Aug Sep Oct Nov Dec
V/Λ2017 > Jan Feb Mar Apr May Jun Jul Aug Sep Oct Nov Dec
V/Λ2016 > Jan Feb Mar Apr May Jun Jul Aug Sep Oct Nov Dec
V/Λ2015 > Jan Feb Mar Apr May Jun Jul Aug Sep Oct Nov Dec
V/Λ2014 > Jan Feb Mar Apr May Jun Jul Aug Sep Oct Nov Dec
V/Λ2013 > Jan Feb Mar Apr May Jun Jul Aug Sep Oct Nov Dec

Report for 2015
                   Annual Climatological Summary for 2015

Name: kvikklunsj.net   City: Alta   State: Norway
Elevation: 23 m  Lat: N 69° 55' 19"   Lon: E 023° 16' 15"

                  Temperature (°C), Heat Base: 15,5  Cool Base: 18,3
                          Dep.  Heat  Cool                       Max  Max  Min  Min
        Mean  Mean        From  Deg   Deg                        >=   <=   <=   <=
 YR MO  Max   Min   Mean  Norm  Days  Days  Hi  Date  Low  Date 18,0  0,0  0,0 -18,0
------------------------------------------------------------------------------------
 15  1  -7,4 -15,0 -10,8  -2,1   809     0   6,9   1 -25,5   11    0   30   31   11
 15  2  -2,0  -9,2  -5,1   2,8   576     0   4,2   9 -24,1    1    0   19   27    1
 15  3   3,0  -4,4  -0,4   4,8   489     0  11,3  16 -18,7   24    0    7   23    1
 15  4   5,0  -2,2   1,7   2,3   413     0   7,9  18  -7,8   30    0    0   24    0
 15  5   8,7   1,8   5,7   0,9   305     0  17,7  31  -6,0    1    0    0    7    0
 15  6  12,2   5,6   8,9  -1,1   197     0  19,0  24   2,9   21    1    0    0    0
 15  7  15,0   7,5  11,6  -1,8   127     1  20,7  31   4,3    1    5    0    0    0
 15  8  17,5   8,3  13,2   1,2    93     5  23,2   5   3,2   21   15    0    0    0
 15  9  13,1   5,9   9,4   2,2   182     0  17,7  14  -1,3   11    0    0    1    0
 15 10   5,3  -0,6   2,3   0,7   408     0  10,1  15  -8,8   31    0    2   18    0
 15 11   0,2  -5,3  -2,3   1,3   533     0   8,0   2 -13,7   23    0   13   27    0
 15 12  -1,5  -8,2  -4,8   2,2   623     0   4,3   5 -19,9   11    0   21   32    1
------------------------------------------------------------------------------------
         5,8  -1,3   2,5   1,1  4760     6  23,2 aug -25,5  jan   21   92  190   14

                                Precipitation (mm)

              Dep.   Max        Days of Rain
              From   Obs.           >=
 YR MO Total  Norm   Day Date  0,2  2,0 10,0
---------------------------------------------
 15  1  13,3 -18,7   3,5  14    12    2    0
 15  2  58,0  33,0  10,2  10    18   10    1
 15  3   4,6 -18,4   1,6  31     9    0    0
 15  4  21,2   4,2   8,2  13    11    2    0
 15  5  51,4  31,4  10,6   9    17    7    1
 15  6  51,2  18,2   9,4  25    22   10    0
 15  7  34,4 -19,6  11,2  29    12    5    1
 15  8  30,8 -18,2   8,6   1    13    4    0
 15  9  63,6  25,6  28,8  18    18    7    1
 15 10  18,2 -20,8   4,0   2    13    3    0
 15 11   6,4 -27,6   2,0   1     6    1    0
 15 12   1,8 -34,2   1,8  31     1    0    0
---------------------------------------------
       354,9 -45,1  28,8  sep  152   51    4

                                Wind Speed (m/s)
                          Dom
 YR MO   Avg.  Hi   Date  Dir
------------------------------
 15  1   0,9  14,3   14    SE
 15  2   1,4  18,7   26   SSE
 15  3   2,3  27,4    2   SSE
 15  4   1,0  16,1    6   SSE
 15  5   1,5  16,1    7   ENE
 15  6   1,2  12,8   16   NNW
 15  7   0,9  13,4   27   NNE
 15  8   0,9  15,6   28    SE
 15  9   0,7  17,8   29   SSE
 15 10   1,0  13,4   24   SSE
 15 11   1,2  17,8    9   SSE
 15 12   0,9  23,0   18   SSE
------------------------------
         1,1  27,4  mar    SE