NOAA style reports

NOAA-style Climate Reports

Select a Year or Month report
V/Λ2018 > Jan Feb Mar Apr May Jun Jul Aug Sep Oct Nov Dec
V/Λ2017 > Jan Feb Mar Apr May Jun Jul Aug Sep Oct Nov Dec
V/Λ2016 > Jan Feb Mar Apr May Jun Jul Aug Sep Oct Nov Dec
V/Λ2015 > Jan Feb Mar Apr May Jun Jul Aug Sep Oct Nov Dec
V/Λ2014 > Jan Feb Mar Apr May Jun Jul Aug Sep Oct Nov Dec
V/Λ2013 > Jan Feb Mar Apr May Jun Jul Aug Sep Oct Nov Dec

Report for 2015 Jan
                   Monthly Climatological Summary for jan 2015

Name: kvikklunsj.net   City: Alta   State: Norway
Elevation: 23 m  Lat: N 69° 55' 19"   Lon: E 023° 16' 15"

                  Temperature (°C), Rain (mm), Wind Speed (m/s)

                                      Heat  Cool        Avg
    Mean                              Deg   Deg         Wind                 Dom
Day Temp  High   Time   Low    Time   Days  Days  Rain  Speed High   Time    Dir
----------------------------------------------------------------------------------
 1   2,6   6,9   12:48  -1,2   23:29  12,9   0,0   0,8   0,8   8,9   12:52   SSW
 2  -3,2  -0,4   00:02  -7,7   23:37  18,7   0,0   0,0   0,1   2,7   00:22   SSE
 3  -5,4  -3,1   16:00  -8,5   01:18  20,9   0,0   0,0   0,2   7,2   23:33     S
 4  -6,9  -4,1   00:00  -9,3   21:57  22,4   0,0   0,0   0,9   8,0   23:02    SE
 5 -12,1  -8,8   00:22 -16,6   16:55  26,7   0,0   0,0   0,8   6,7   02:58   SSE
 6 -10,7  -7,5   23:39 -14,6   01:07  26,2   0,0   0,0   1,1  10,3   16:32   SSE
 7  -6,0  -3,2   16:08 -10,7   06:48  21,5   0,0   0,0   0,0   1,3   03:04   ---
 8  -3,0  -0,8   22:21  -6,6   01:21  18,5   0,0   0,0   2,3  12,5   21:14    SE
 9  -5,0  -0,8   00:00  -9,0   23:56  20,3   0,0   0,0   2,3  10,7   23:35    SE
10 -14,3  -9,0   00:00 -18,6   22:33  29,8   0,0   0,0   1,7  10,3   06:42    SE
11 -22,5 -17,4   00:00 -25,5   08:16  32,7   0,0   0,0   0,2   3,6   15:36    SE
12 -23,6 -22,7   23:43 -24,7   04:47  39,1   0,0   0,0   0,4   4,9   02:50   SSE
13 -18,8 -12,1   23:57 -23,6   02:23  34,3   0,0   0,0   1,9  13,4   15:30   SSE
14  -9,9  -8,9   10:30 -12,1   00:00  25,4   0,0   0,0   3,2  14,3   03:26   SSE
15 -11,2  -9,1   13:02 -16,1   23:33  26,7   0,0   0,0   0,9   7,6   00:48   SSE
16  -7,7  -1,7   17:54 -15,6   00:01  23,2   0,0   0,0   0,4   8,0   15:43    SE
17  -6,7  -3,1   01:02 -11,7   15:25  22,2   0,0   0,0   0,0   1,8   01:12     S
18  -6,0  -1,3   01:36 -12,5   19:58  21,5   0,0   0,0   0,7   8,0   07:39   NNE
19 -12,4  -8,6   04:57 -19,1   23:52  27,9   0,0   0,0   1,4   7,6   05:51   SSE
20 -20,5 -18,8   00:11 -22,1   05:47  36,0   0,0   0,0   0,9   5,8   15:04    SE
21 -19,0 -17,6   22:04 -20,2   00:00  34,5   0,0   0,0   0,4   6,3   07:46    SE
22 -17,9 -15,4   12:31 -20,6   23:59  33,4   0,0   0,0   1,0   6,7   13:46   SSE
23 -17,7 -14,2   23:13 -21,8   03:05  33,2   0,0   0,0   0,1   4,9   23:10     S
24 -13,0 -10,7   15:26 -15,6   00:21  28,5   0,0   0,0   1,7  11,2   15:14   SSE
25 -12,8  -7,4   18:00 -18,8   03:11  28,3   0,0   0,0   0,3   4,5   14:30    SE
26  -5,0  -2,5   11:50  -9,1   20:21  20,5   0,0   0,0   1,6  12,5   07:26   SSE
27  -4,1  -0,8   09:40  -8,8   01:49  19,6   0,0   0,0   0,5   6,7   09:24   SSE
28  -7,8  -3,7   21:52 -10,2   07:20  23,3   0,0   0,0   0,5   8,0   23:29   ESE
29  -8,9  -4,4   00:00 -15,8   23:16  24,4   0,0   0,0   1,0   8,9   04:35    NE
30 -10,4  -7,6   09:49 -15,3   00:00  25,9   0,0   0,0   0,3   6,7   10:18   ESE
31 -15,2 -11,5   15:15 -23,1   23:49  30,7   0,0   0,0   0,0   1,3   09:22    SE
----------------------------------------------------------------------------------
   -10,8   6,9     1   -25,5    11   809,2   0,0   0,8   0,9  14,3    14      SE

Max >=  18,0:  0
Max <=   0,0: 30
Min <=   0,0: 31
Min <= -18,0: 11
Max Rain: 0,8 on day 1
Days of Rain: 1 (>= 0,2 mm)  0 (>= 2,0 mm)  0 (>= 10,0 mm)
Heat Base: 15,5  Cool Base: 18,3  Method: Integration