NOAA style reports

NOAA-style Climate Reports

Select a Year or Month report
V/Λ2018 > Jan Feb Mar Apr May Jun Jul Aug Sep Oct Nov Dec
V/Λ2017 > Jan Feb Mar Apr May Jun Jul Aug Sep Oct Nov Dec
V/Λ2016 > Jan Feb Mar Apr May Jun Jul Aug Sep Oct Nov Dec
V/Λ2015 > Jan Feb Mar Apr May Jun Jul Aug Sep Oct Nov Dec
V/Λ2014 > Jan Feb Mar Apr May Jun Jul Aug Sep Oct Nov Dec
V/Λ2013 > Jan Feb Mar Apr May Jun Jul Aug Sep Oct Nov Dec

Report for 2015 Feb
                   Monthly Climatological Summary for feb 2015

Name: kvikklunsj.net   City: Alta   State: Norway
Elevation: 23 m  Lat: N 69° 55' 19"   Lon: E 023° 16' 15"

                  Temperature (°C), Rain (mm), Wind Speed (m/s)

                                      Heat  Cool        Avg
    Mean                              Deg   Deg         Wind                 Dom
Day Temp  High   Time   Low    Time   Days  Days  Rain  Speed High   Time    Dir
----------------------------------------------------------------------------------
 1 -14,9  -8,4   20:04 -24,1   02:01  30,4   0,0   0,0   1,0  13,0   21:54    SE
 2 -10,5  -8,7   00:11 -14,1   15:23  26,0   0,0   0,0   0,4   9,8   00:45    SE
 3 -11,0 -10,4   01:40 -11,5   09:10  26,5   0,0   0,0   1,2   8,9   13:35    SE
 4 -11,4  -8,7   23:37 -12,8   18:04  26,9   0,0   0,4   1,5   7,6   00:15   SSE
 5  -6,1  -2,1   17:23 -10,2   03:36  21,6   0,0   0,0   2,8  11,6   01:48   SSE
 6  -3,9  -0,9   23:40  -6,6   15:54  19,4   0,0   4,5   0,5   7,2   01:47   SSE
 7  -0,4   3,8   06:12  -5,6   23:02  15,9   0,0   1,6   2,8  16,1   18:45    NW
 8  -8,1  -4,1   01:21 -16,3   19:00  23,6   0,0   5,5   1,2  15,6   00:28   NNW
 9  -5,7   4,2   17:00 -14,8   04:11  21,2   0,0   2,2   1,7  14,8   17:05    SW
10  -1,1   1,1   00:53  -2,7   21:46  16,6   0,0  10,2   1,4  13,9   16:17   SSW
11  -2,1  -0,2   16:43  -4,3   23:36  17,6   0,0   5,0   2,0  11,6   04:40     S
12  -4,7  -3,3   01:48  -6,6   21:44  20,2   0,0   8,6   1,3   9,6   18:16    SW
13  -6,8  -4,9   00:58  -8,9   21:20  22,3   0,0   3,5   1,0  11,3   02:05   WSW
14  -8,5  -6,1   14:50 -14,4   22:32  24,0   0,0   7,0   0,5   5,4   02:51   SSE
15  -7,7  -4,9   21:42 -14,1   00:05  23,2   0,0   2,2   1,0   8,6   21:38   SSE
16  -9,0  -4,0   11:26 -15,3   19:38  24,5   0,0   0,0   0,6   7,0   00:00   SSE
17  -5,3  -1,4   23:36 -12,9   02:45  20,8   0,0   0,0   1,3  11,3   19:42   SSE
18  -1,9   0,5   08:08  -5,9   04:45  17,4   0,0   0,2   1,7  11,3   10:53   SSW
19  -3,6  -1,7   00:34  -5,5   23:06  19,1   0,0   0,3   0,6   9,1   00:31   SSE
20  -3,8  -0,7   09:40  -7,9   21:40  19,2   0,0   0,4   0,3   4,3   04:12    SE
21  -6,7  -3,4   14:34 -11,1   07:41  22,2   0,0   0,5   0,2   3,7   17:14   ESE
22  -7,2  -2,6   23:59 -11,5   07:42  22,7   0,0   0,0   0,1   7,0   23:57   ESE
23  -6,5  -1,7   00:14 -12,7   08:09  21,6   0,0   1,4   1,4  12,8   20:01   SSE
24   0,7   2,1   12:54  -2,8   00:00  14,8   0,0   0,9   3,8  16,1   03:18    SE
25   0,3   3,3   10:52  -3,2   22:38  15,2   0,0   0,0   0,6   5,4   03:56   SSE
26  -0,6   2,3   20:46  -3,1   06:00  16,1   0,0   3,6   1,5  18,7   21:08   SSE
27   2,6   3,6   11:05   1,4   03:14  12,9   0,0   0,0   4,2  17,2   02:26   SSE
28   1,2   2,6   13:24  -0,1   06:36  14,3   0,0   0,0   2,8  14,5   21:54   SSE
----------------------------------------------------------------------------------
    -5,1   4,2     9   -24,1     1   576,2   0,0  58,0   1,4  18,7    26     SSE

Max >=  18,0:  0
Max <=   0,0: 19
Min <=   0,0: 27
Min <= -18,0:  1
Max Rain: 10,2 on day 10
Days of Rain: 18 (>= 0,2 mm)  10 (>= 2,0 mm)  1 (>= 10,0 mm)
Heat Base: 15,5  Cool Base: 18,3  Method: Integration