NOAA style reports

NOAA-style Climate Reports

Select a Year or Month report

Report for 2015 Mar
                   Monthly Climatological Summary for mar 2015

Name: kvikklunsj.net   City: Alta   State: Norway
Elevation: 23 m  Lat: N 69° 55' 19"   Lon: E 023° 16' 15"

                  Temperature (°C), Rain (mm), Wind Speed (m/s)

                                      Heat  Cool        Avg
    Mean                              Deg   Deg         Wind                 Dom
Day Temp  High   Time   Low    Time   Days  Days  Rain  Speed High   Time    Dir
----------------------------------------------------------------------------------
 1   2,1   3,4   18:14   1,1   06:14  13,4   0,0   0,0   4,9  22,6   23:40   SSE
 2   2,3   3,1   12:43   0,9   01:16  13,2   0,0   0,0   6,4  27,4   05:54   SSE
 3   3,0   4,2   13:26   2,3   22:39  12,5   0,0   0,0   2,6  12,4   02:48   SSE
 4   0,8   4,8   11:46  -4,7   23:54  14,7   0,0   0,0   0,9   8,0   02:53   SSE
 5  -3,1   4,7   13:05  -8,7   06:07  18,5   0,0   0,0   1,0  12,4   22:36   SSE
 6   0,2   3,6   13:01  -2,6   00:00  15,3   0,0   0,0   2,4  17,2   02:52   SSE
 7   0,8   3,1   15:35  -1,7   05:27  14,7   0,0   0,0   4,1  22,6   11:09   SSE
 8   2,0   4,4   13:37   0,1   22:51  13,5   0,0   0,0   3,7  15,6   11:19   SSE
 9   0,9   2,9   12:43  -1,1   22:55  14,6   0,0   0,2   3,2  15,6   02:29     S
10  -0,1   2,5   14:15  -4,1   23:53  15,6   0,0   0,0   1,7   8,0   01:58   SSE
11  -0,3   3,2   14:32  -6,4   05:53  15,1   0,0   0,0   1,1  11,8   11:43     S
12   1,5   4,4   12:05  -0,5   02:27  14,0   0,0   0,2   3,2  14,5   20:59   SSE
13   3,7   5,1   15:20   1,3   00:05  11,8   0,0   0,4   3,3  13,4   21:28   SSE
14   5,1   7,8   13:34   1,1   21:06  10,4   0,0   0,2   1,9  16,7   06:00    SW
15   3,9   7,6   23:15  -1,4   01:54  11,6   0,0   0,0   2,1  10,7   13:46   SSE
16   6,0  11,3   12:28  -0,4   23:50   9,5   0,0   0,0   1,7   9,6   18:35   SSE
17   3,3   7,1   13:49  -1,6   01:22  12,2   0,0   0,0   2,3   9,1   09:01   SSE
18   5,7   7,7   13:05   4,2   23:24   9,8   0,0   0,0   1,6  10,7   10:29   SSE
19   1,8   4,7   04:01  -2,9   23:53  13,7   0,0   0,4   1,6  14,5   23:34     W
20  -4,8  -2,4   01:44  -7,0   23:10  20,2   0,0   0,0   2,1  13,4   03:24   NNW
21  -6,1  -3,8   12:19  -9,3   23:59  21,6   0,0   0,0   1,1   8,6   04:58   WNW
22  -6,9  -4,1   18:05 -12,6   05:09  22,4   0,0   0,0   2,2  11,8   10:48   SSE
23  -7,0  -4,8   00:00 -12,3   23:54  22,5   0,0   0,0   0,3   5,9   05:01    SE
24 -10,4  -2,6   12:06 -18,7   04:38  25,9   0,0   0,0   0,2   5,4   13:23     E
25  -8,4  -1,1   14:52 -14,7   00:37  23,9   0,0   0,2   0,3   3,2   01:03     E
26  -4,6   3,1   11:20 -12,7   02:27  20,1   0,0   1,2   1,8  13,9   21:41   SSE
27  -2,9  -0,6   22:12  -5,8   04:11  18,3   0,0   0,0   4,2  18,7   13:44   SSE
28   0,1   4,9   12:52  -6,4   23:23  15,4   0,0   0,2   1,1   9,6   01:03   SSE
29  -0,6   2,7   13:53  -6,6   01:36  15,4   0,0   0,0   3,9  19,8   16:38    SE
30   2,4   3,6   14:49   0,2   23:59  13,1   0,0   0,0   3,4  16,7   02:32   SSE
31  -1,4   1,4   12:53  -6,8   05:53  16,9   0,0   1,6   0,3   8,6   19:20    SE
----------------------------------------------------------------------------------
    -0,4  11,3    16   -18,7    24   489,8   0,0   4,6   2,3  27,4     2     SSE

Max >=  18,0:  0
Max <=   0,0:  7
Min <=   0,0: 23
Min <= -18,0:  1
Max Rain: 1,6 on day 31
Days of Rain: 9 (>= 0,2 mm)  0 (>= 2,0 mm)  0 (>= 10,0 mm)
Heat Base: 15,5  Cool Base: 18,3  Method: Integration