NOAA style reports

NOAA-style Climate Reports

Select a Year or Month report
V/Λ2018 > Jan Feb Mar Apr May Jun Jul Aug Sep Oct Nov Dec
V/Λ2017 > Jan Feb Mar Apr May Jun Jul Aug Sep Oct Nov Dec
V/Λ2016 > Jan Feb Mar Apr May Jun Jul Aug Sep Oct Nov Dec
V/Λ2015 > Jan Feb Mar Apr May Jun Jul Aug Sep Oct Nov Dec
V/Λ2014 > Jan Feb Mar Apr May Jun Jul Aug Sep Oct Nov Dec
V/Λ2013 > Jan Feb Mar Apr May Jun Jul Aug Sep Oct Nov Dec

Report for 2015 Apr
                   Monthly Climatological Summary for apr 2015

Name: kvikklunsj.net   City: Alta   State: Norway
Elevation: 23 m  Lat: N 69° 55' 19"   Lon: E 023° 16' 15"

                  Temperature (°C), Rain (mm), Wind Speed (m/s)

                                      Heat  Cool        Avg
    Mean                              Deg   Deg         Wind                 Dom
Day Temp  High   Time   Low    Time   Days  Days  Rain  Speed High   Time    Dir
----------------------------------------------------------------------------------
 1   1,2   4,9   13:47  -1,6   03:40  14,3   0,0   0,4   0,2   4,3   12:51   SSE
 2  -1,0   5,4   15:11  -6,5   23:59  16,5   0,0   0,0   0,8   5,9   10:28    SE
 3  -2,0   1,4   12:17  -7,4   01:39  17,5   0,0   0,6   0,1   2,2   06:47     N
 4   0,4   2,6   14:38  -2,3   22:46  15,1   0,0   1,4   0,3   4,3   13:53   NNW
 5   0,8   4,1   13:33  -2,0   04:07  14,7   0,0   1,0   1,8  14,5   22:31   SSE
 6   4,6   7,4   12:55   2,4   01:31  10,9   0,0   0,0   2,8  16,1   00:18   SSE
 7   4,9   7,6   11:35   2,1   06:33  10,6   0,0   0,0   1,5  10,7   18:11   SSE
 8   2,2   4,3   10:12  -0,7   23:57  13,3   0,0   4,6   1,4  13,9   11:11    SW
 9   2,1   6,4   16:00  -1,6   05:56  13,4   0,0   1,2   0,7   5,4   13:06     S
10   1,7   6,3   14:06  -1,6   05:40  13,8   0,0   0,0   1,3   8,0   10:25   SSE
11   1,5   4,6   15:25  -2,5   23:58  14,0   0,0   0,0   1,2   9,6   12:09   WNW
12   1,7   5,3   13:06  -3,6   03:11  13,8   0,0   0,0   2,1  10,2   15:58   SSE
13   1,9   3,3   10:08   0,7   22:24  13,7   0,0   8,2   0,3   5,4   15:46    NE
14   2,2   4,9   15:00  -0,1   05:36  13,3   0,0   0,4   0,6   8,0   21:27     E
15   3,3   5,7   17:17  -1,3   23:58  12,2   0,0   0,0   1,8  10,7   10:37    SE
16   1,2   5,9   10:21  -2,6   21:31  14,3   0,0   0,0   0,5   4,3   12:29   NNW
17   1,8   7,8   13:49  -4,3   04:32  13,7   0,0   0,0   0,5   5,9   18:39     S
18   4,7   7,9   12:16  -0,6   05:20  10,8   0,0   0,0   0,8   7,6   23:52   SSW
19   3,8   6,3   01:06   1,8   08:52  11,7   0,0   1,8   1,9  13,9   00:02   WNW
20   4,8   7,1   22:22   2,2   00:02  10,7   0,0   0,0   0,8   8,6   22:27     W
21   5,5   7,2   00:04   3,2   22:38  10,0   0,0   0,6   0,6   5,4   01:11   NNE
22   3,4   7,3   16:44  -3,4   23:49  12,1   0,0   1,0   0,8   8,0   08:37   WSW
23   1,4   6,4   13:30  -6,6   04:16  14,1   0,0   0,0   0,4   4,8   14:46   NNE
24  -0,1   2,5   15:36  -3,9   23:59  15,6   0,0   0,0   1,0  10,7   10:12    SE
25  -0,2   3,1   14:32  -5,4   01:29  15,7   0,0   0,0   0,5   5,9   12:09     N
26   0,7   2,4   14:48  -1,1   00:20  14,8   0,0   0,0   0,8   7,0   23:51   ESE
27   0,6   2,8   13:43  -1,4   23:44  14,9   0,0   0,0   1,2   8,0   00:13    SE
28  -0,6   1,8   12:58  -3,8   23:06  16,1   0,0   0,0   1,2   7,6   13:42     N
29  -0,2   3,4   16:13  -4,9   23:56  15,7   0,0   0,0   1,5   9,1   14:58   SSE
30  -0,9   4,4   14:49  -7,8   04:07  16,4   0,0   0,0   0,8   6,5   14:16   NNE
----------------------------------------------------------------------------------
     1,7   7,9    18    -7,8    30   413,7   0,0  21,2   1,0  16,1     6     SSE

Max >=  18,0:  0
Max <=   0,0:  0
Min <=   0,0: 24
Min <= -18,0:  0
Max Rain: 8,2 on day 13
Days of Rain: 11 (>= 0,2 mm)  2 (>= 2,0 mm)  0 (>= 10,0 mm)
Heat Base: 15,5  Cool Base: 18,3  Method: Integration