NOAA style reports

NOAA-style Climate Reports

Select a Year or Month report

Report for 2015 May
                   Monthly Climatological Summary for mai 2015

Name: kvikklunsj.net   City: Alta   State: Norway
Elevation: 23 m  Lat: N 69° 55' 19"   Lon: E 023° 16' 15"

                  Temperature (°C), Rain (mm), Wind Speed (m/s)

                                      Heat  Cool        Avg
    Mean                              Deg   Deg         Wind                 Dom
Day Temp  High   Time   Low    Time   Days  Days  Rain  Speed High   Time    Dir
----------------------------------------------------------------------------------
 1  -1,1   1,4   16:40  -6,0   02:50  16,6   0,0   0,4   0,5   3,7   16:52     N
 2   1,4   3,2   14:57  -1,2   23:34  14,1   0,0   1,0   0,8   5,9   19:14   NNE
 3   0,6   2,3   18:04  -1,7   03:53  14,8   0,0   0,0   1,6   8,0   19:55     N
 4   2,9   6,0   15:13  -1,6   23:55  12,6   0,0   0,0   1,3   7,0   12:32    SW
 5   2,3   6,4   19:18  -3,5   03:19  13,2   0,0   0,0   2,5  13,4   18:35    SE
 6   7,4   9,9   14:21   4,9   00:00   8,1   0,0   0,4   3,2  14,5   14:28   SSE
 7   7,1  10,9   14:47   4,1   02:34   8,4   0,0   2,2   2,3  16,1   12:57   SSE
 8   8,4  11,6   15:32   3,8   23:43   7,1   0,0   0,0   2,1  11,8   12:50   SSE
 9   4,7   5,8   11:30   1,8   03:13  10,8   0,0  10,6   0,4   4,3   16:08     N
10   6,9  10,7   18:22   3,3   02:14   8,6   0,0   1,0   1,6   9,6   04:18   WSW
11   6,4   9,3   14:55   1,4   01:33   9,1   0,0   0,0   1,1   7,6   09:22   WSW
12   7,8  11,8   09:55   0,5   03:22   7,7   0,0   0,0   1,0   6,5   12:52   NNW
13   7,3  10,1   18:17   2,6   02:42   8,2   0,0   0,2   1,1   8,0   21:35     N
14   3,4   6,3   00:17   1,1   08:56  12,1   0,0   7,8   2,1  15,0   14:17   NNE
15   2,2   3,7   12:34   0,6   06:40  13,3   0,0   1,0   3,6  12,4   11:18     N
16   2,7   4,9   20:34   0,9   03:49  12,8   0,0   0,0   1,2   6,5   00:34    NE
17   4,0   6,6   12:30   1,5   23:26  11,5   0,0   0,0   2,7  11,8   07:34    SE
18   5,4   9,9   16:49   0,0   03:21  10,1   0,0   0,0   1,5   8,6   09:25   SSE
19   4,6   7,8   13:52  -1,0   01:17  10,9   0,0   1,8   0,4   7,0   16:36     N
20   6,9   9,3   11:46   4,8   01:18   8,6   0,0   0,6   0,8   5,4   06:04     N
21   6,6   9,4   13:54   4,2   02:48   8,9   0,0   3,2   1,0   7,0   11:05   SSW
22   8,9  14,2   17:27   2,4   03:26   6,6   0,0   0,0   1,8  11,3   14:58   SSE
23   5,5   7,6   14:22   3,9   22:43  10,0   0,0   9,6   1,1   7,0   18:23   NNE
24   4,2   6,0   14:02   3,3   06:52  11,3   0,0   4,2   3,3  14,5   05:45    NW
25   4,6   6,1   10:31   2,4   23:36  10,9   0,0   0,0   1,8  10,2   00:39   NNW
26   6,2   9,6   19:11   1,9   02:05   9,3   0,0   0,0   0,9   5,9   14:37   NNW
27   9,1  15,0   14:27   0,7   02:40   6,4   0,0   1,8   0,6   5,4   09:52    NE
28   7,4   9,8   17:43   5,8   05:32   8,1   0,0   5,0   0,4   3,2   01:05     N
29   8,8  10,9   16:55   6,4   03:24   6,7   0,0   0,0   0,8   5,9   12:19   NNW
30  10,2  15,9   15:31   5,0   02:34   5,3   0,0   0,6   0,9  10,2   13:06   SSW
31  12,5  17,7   16:30   4,7   01:03   3,3   0,0   0,0   1,1   8,0   15:53   NNE
----------------------------------------------------------------------------------
     5,7  17,7    31    -6,0     1   305,4   0,0  51,4   1,5  16,1     7      NE

Max >=  18,0:  0
Max <=   0,0:  0
Min <=   0,0:  7
Min <= -18,0:  0
Max Rain: 10,6 on day 9
Days of Rain: 17 (>= 0,2 mm)  7 (>= 2,0 mm)  1 (>= 10,0 mm)
Heat Base: 15,5  Cool Base: 18,3  Method: Integration