NOAA style reports

NOAA-style Climate Reports

Select a Year or Month report

Report for 2015 Jun
                   Monthly Climatological Summary for jun 2015

Name: kvikklunsj.net   City: Alta   State: Norway
Elevation: 23 m  Lat: N 69° 55' 19"   Lon: E 023° 16' 15"

                  Temperature (°C), Rain (mm), Wind Speed (m/s)

                                      Heat  Cool        Avg
    Mean                              Deg   Deg         Wind                 Dom
Day Temp  High   Time   Low    Time   Days  Days  Rain  Speed High   Time    Dir
----------------------------------------------------------------------------------
 1  11,1  14,9   12:55   8,0   23:58   4,4   0,0   1,2   0,9   8,0   13:17    SE
 2  10,3  14,7   15:17   6,8   02:55   5,2   0,0   0,8   2,3  12,4   08:47   SSE
 3   9,0  12,7   07:54   5,1   23:59   6,5   0,0   0,0   1,6   9,1   19:42   NNW
 4   6,5   9,4   18:36   3,9   05:38   9,0   0,0   0,8   1,4   8,6   22:17   NNW
 5   6,8   8,6   10:03   4,6   03:03   8,7   0,0   0,0   1,8   9,6   09:38   SSW
 6   7,5  10,3   14:48   4,6   01:24   8,0   0,0   0,0   1,5   8,6   09:15   WSW
 7   7,1   9,3   16:39   5,1   21:53   8,4   0,0   0,2   1,9  10,2   16:27     N
 8   6,8   9,4   17:10   4,3   08:09   8,7   0,0   0,2   1,4   9,1   19:29   NNW
 9   9,4  13,4   13:26   6,3   02:06   6,1   0,0   0,0   2,2  12,4   15:48     S
10   9,4  14,6   09:15   5,5   23:21   6,1   0,0   3,0   1,1  10,2   11:39    SE
11   7,0   9,2   14:24   4,1   01:27   8,5   0,0   0,2   0,9   7,6   11:33     W
12   8,1  11,6   14:42   4,6   23:19   7,4   0,0   0,0   1,1   9,6   15:33   WSW
13   8,2  11,4   14:37   3,2   03:18   7,3   0,0   0,0   1,8   9,6   17:05     S
14  10,2  14,6   16:24   6,3   01:49   5,3   0,0   0,0   1,2   8,6   11:19     S
15   8,9  13,2   12:23   5,0   03:05   6,6   0,0   4,2   0,7   8,6   22:23   NNE
16   7,8  10,5   14:33   5,5   02:52   7,7   0,0   1,8   2,8  12,8   14:42     N
17   7,4   9,3   13:36   6,1   06:19   8,1   0,0   0,4   1,5   8,0   09:01     N
18   8,9  13,2   13:13   4,5   02:21   6,6   0,0   3,4   0,8   5,9   14:21     N
19   7,5   9,3   14:43   5,1   23:55   8,0   0,0   4,4   1,5   8,6   12:35     N
20   8,6  11,8   15:50   4,1   02:30   6,7   0,0   0,0   0,9   5,9   14:00   NNW
21   9,8  16,6   14:11   2,9   02:33   5,7   0,0   5,2   0,4   5,4   14:12     N
22  10,3  13,2   13:36   8,3   02:36   5,0   0,0   5,4   0,3   5,4   13:50     N
23  12,4  15,7   13:20   8,9   00:05   3,1   0,0   0,6   0,3   3,7   15:24   NNE
24  14,0  19,0   14:09   9,3   02:42   1,7   0,0   1,6   0,3   4,3   10:19   SSE
25  11,1  13,6   00:00   7,6   23:46   4,4   0,0   9,4   0,7   7,6   17:02   NNW
26   7,8   9,2   15:58   5,3   23:57   7,7   0,0   0,2   1,4   8,0   12:24   NNE
27   7,9  10,8   14:47   4,4   04:14   7,6   0,0   0,2   0,6   5,4   19:32     N
28  10,0  13,8   15:04   7,1   01:22   5,5   0,0   3,0   0,5   5,9   10:19   ENE
29   8,7  11,9   13:32   6,5   23:53   6,8   0,0   2,0   0,7   8,0   16:49   WNW
30   8,7  11,9   08:24   4,9   23:57   6,8   0,0   3,0   0,6   5,4   12:25   NNW
----------------------------------------------------------------------------------
     8,9  19,0    24     2,9    21   197,6   0,0  51,2   1,2  12,8    16     NNW

Max >=  18,0:  1
Max <=   0,0:  0
Min <=   0,0:  0
Min <= -18,0:  0
Max Rain: 9,4 on day 25
Days of Rain: 22 (>= 0,2 mm)  10 (>= 2,0 mm)  0 (>= 10,0 mm)
Heat Base: 15,5  Cool Base: 18,3  Method: Integration