NOAA style reports

NOAA-style Climate Reports

Select a Year or Month report
V/Λ2018 > Jan Feb Mar Apr May Jun Jul Aug Sep Oct Nov Dec
V/Λ2017 > Jan Feb Mar Apr May Jun Jul Aug Sep Oct Nov Dec
V/Λ2016 > Jan Feb Mar Apr May Jun Jul Aug Sep Oct Nov Dec
V/Λ2015 > Jan Feb Mar Apr May Jun Jul Aug Sep Oct Nov Dec
V/Λ2014 > Jan Feb Mar Apr May Jun Jul Aug Sep Oct Nov Dec
V/Λ2013 > Jan Feb Mar Apr May Jun Jul Aug Sep Oct Nov Dec

Report for 2015 Jul
                   Monthly Climatological Summary for jul 2015

Name: kvikklunsj.net   City: Alta   State: Norway
Elevation: 23 m  Lat: N 69° 55' 19"   Lon: E 023° 16' 15"

                  Temperature (°C), Rain (mm), Wind Speed (m/s)

                                      Heat  Cool        Avg
    Mean                              Deg   Deg         Wind                 Dom
Day Temp  High   Time   Low    Time   Days  Days  Rain  Speed High   Time    Dir
----------------------------------------------------------------------------------
 1   9,1  11,9   13:27   4,3   00:23   6,4   0,0   0,0   0,8   6,5   13:53     N
 2  11,4  17,1   14:55   5,4   01:34   4,2   0,0   0,2   0,3   3,7   07:32   NNE
 3  10,3  12,7   12:54   6,6   23:55   5,2   0,0   5,0   1,0   8,0   14:59   NNW
 4   7,9   9,9   11:21   5,9   01:42   7,6   0,0   1,0   1,3   9,6   14:34     N
 5   8,0  10,7   15:40   5,3   02:33   7,5   0,0   0,0   1,3   8,0   11:32     N
 6   8,5  11,8   15:18   5,8   02:38   7,0   0,0   5,4   0,5   5,9   15:31    SE
 7   6,9   9,2   13:16   4,9   05:11   8,6   0,0   6,0   0,8   7,0   13:28     N
 8  10,9  15,8   17:01   5,6   02:16   4,6   0,0   2,0   0,8   9,6   21:18    SE
 9  15,2  20,1   18:07  11,1   23:59   1,3   0,1   0,0   0,9   7,0   14:16   NNE
10  11,9  15,0   15:10   9,2   03:29   3,6   0,0   0,0   0,5   4,8   13:19     N
11  10,1  13,2   14:46   5,1   03:38   5,4   0,0   0,0   1,0   7,6   10:10     N
12  10,3  12,9   15:59   8,3   05:20   5,2   0,0   0,0   1,2   9,1   14:11     N
13   9,9  13,7   17:18   4,8   02:43   5,6   0,0   0,0   1,2   7,6   15:52     N
14   9,8  13,0   17:16   6,7   03:05   5,7   0,0   0,0   0,8   6,5   15:59     N
15  10,6  13,9   15:28   7,8   02:00   4,9   0,0   0,0   0,7   8,0   18:05   NNW
16   9,6  11,8   12:48   5,1   23:51   5,9   0,0   0,0   0,6   4,8   11:33     N
17  11,5  15,7   10:31   4,9   00:07   4,0   0,0   0,0   0,5   4,8   15:47     N
18  13,3  17,2   15:48   7,9   03:19   2,3   0,0   0,6   0,4   3,7   10:06     N
19  13,9  17,5   12:09   9,1   01:42   1,9   0,0   0,0   0,1   2,2   08:33    NE
20  14,2  17,3   15:13   9,9   23:58   1,6   0,0   0,0   1,2   7,6   18:05     N
21  11,6  14,3   15:32   7,9   01:27   3,9   0,0   0,0   0,4   4,3   12:20   ENE
22  12,7  18,2   15:30   7,6   02:23   2,9   0,0   0,0   0,5   5,4   18:08   ENE
23  11,9  15,9   12:53   6,1   03:31   3,6   0,0   0,0   0,9   6,5   14:47     N
24  10,7  13,8   12:07   5,7   03:12   4,8   0,0   0,2   1,0   8,6   16:15   NNW
25  11,2  14,4   13:54   8,3   01:42   4,3   0,0   0,2   0,7   6,5   14:56     N
26  13,1  16,8   13:07   6,4   02:13   2,5   0,0   0,0   1,0   9,6   11:53    SE
27  12,8  14,2   00:10  11,6   09:21   2,7   0,0   1,8   2,2  13,4   01:07    SE
28  16,6  20,5   18:41  11,4   01:07   0,6   0,3   0,0   2,6  12,4   08:59    SE
29  13,2  15,8   08:36   9,2   02:03   2,3   0,0  11,2   0,3   4,3   16:05    NE
30  16,2  20,4   16:15  12,7   06:05   0,8   0,4   0,8   0,4   8,0   23:27   ESE
31  16,6  20,7   17:09  11,9   23:56   0,7   0,3   0,0   0,8   4,3   00:44   NNE
----------------------------------------------------------------------------------
    11,6  20,7    31     4,3     1   127,6   1,1  34,4   0,9  13,4    27     NNE

Max >=  18,0:  5
Max <=   0,0:  0
Min <=   0,0:  0
Min <= -18,0:  0
Max Rain: 11,2 on day 29
Days of Rain: 12 (>= 0,2 mm)  5 (>= 2,0 mm)  1 (>= 10,0 mm)
Heat Base: 15,5  Cool Base: 18,3  Method: Integration