NOAA style reports

NOAA-style Climate Reports

Select a Year or Month report
V/Λ2018 > Jan Feb Mar Apr May Jun Jul Aug Sep Oct Nov Dec
V/Λ2017 > Jan Feb Mar Apr May Jun Jul Aug Sep Oct Nov Dec
V/Λ2016 > Jan Feb Mar Apr May Jun Jul Aug Sep Oct Nov Dec
V/Λ2015 > Jan Feb Mar Apr May Jun Jul Aug Sep Oct Nov Dec
V/Λ2014 > Jan Feb Mar Apr May Jun Jul Aug Sep Oct Nov Dec
V/Λ2013 > Jan Feb Mar Apr May Jun Jul Aug Sep Oct Nov Dec

Report for 2015 Aug
                   Monthly Climatological Summary for aug 2015

Name: kvikklunsj.net   City: Alta   State: Norway
Elevation: 23 m  Lat: N 69° 55' 19"   Lon: E 023° 16' 15"

                  Temperature (°C), Rain (mm), Wind Speed (m/s)

                                      Heat  Cool        Avg
    Mean                              Deg   Deg         Wind                 Dom
Day Temp  High   Time   Low    Time   Days  Days  Rain  Speed High   Time    Dir
----------------------------------------------------------------------------------
 1  10,6  12,1   07:33   9,6   01:41   4,9   0,0   8,6   0,2   4,3   08:36   NNE
 2  10,4  11,2   09:48   9,5   03:34   5,1   0,0   1,6   0,1   2,2   10:31   NNE
 3  10,9  12,8   13:44   9,2   02:56   4,6   0,0   1,6   0,3   4,8   15:08   NNE
 4  11,0  12,4   15:54   9,7   03:44   4,5   0,0   0,8   0,4   4,3   17:04    NE
 5  17,0  23,2   14:04   6,3   03:52   1,8   1,5   0,0   2,5  15,0   14:36   SSE
 6  15,5  21,0   09:49  12,5   23:03   0,7   0,1   0,4   1,1   8,6   00:09    SE
 7  13,5  16,1   15:06  12,1   23:51   2,0   0,0   0,2   0,1   3,2   07:04   NNW
 8  13,1  18,8   08:27   9,0   23:55   2,7   0,0   2,6   0,4   5,9   10:43   NNE
 9  12,2  16,2   12:36   7,4   04:30   3,3   0,0   0,0   0,4   4,3   13:42     N
10  15,0  20,1   17:51   7,3   04:07   2,0   0,3   0,2   1,1   8,6   13:36   SSE
11  17,0  23,1   13:30   9,3   04:09   1,1   0,8   0,2   1,7  13,4   22:19    SE
12  14,7  20,9   13:17   8,5   22:05   1,2   0,1   7,0   1,1  10,2   00:43    SE
13  10,4  13,6   09:31   6,8   03:21   5,1   0,0   0,6   0,9   8,6   23:34     S
14  11,2  12,6   16:29   9,8   23:04   4,3   0,0   0,0   1,1   9,1   00:02     N
15  12,3  18,3   14:53   7,3   03:38   3,5   0,0   0,0   0,6   4,8   12:15   SSE
16  15,3  21,9   16:21   7,0   23:58   2,2   0,8   0,0   2,0  11,3   08:42   SSE
17  14,0  20,1   14:06   4,8   02:20   3,0   0,3   0,0   0,6   4,3   14:27   NNE
18  12,8  17,6   13:07   6,4   03:06   3,0   0,0   0,0   0,7   5,4   14:15     N
19  13,0  19,3   11:22   4,2   04:14   3,4   0,0   0,0   0,4   4,3   13:44     N
20  13,4  19,4   11:44   4,8   04:13   3,2   0,1   0,0   0,4   4,8   12:19     N
21  12,6  19,5   14:45   3,2   04:49   3,9   0,1   0,0   0,4   4,3   12:21     N
22  14,0  21,4   16:56   5,4   00:07   3,3   0,6   0,0   0,4   3,7   13:47     N
23  14,4  22,9   12:25   7,3   01:48   2,4   0,5   0,0   0,4   5,9   14:20     N
24  13,6  15,6   11:56  11,1   23:43   1,9   0,0   0,2   0,5   5,9   15:46   NNW
25  11,8  13,7   12:30  10,2   03:02   3,7   0,0   0,0   0,4   4,3   12:38     N
26  12,4  17,7   16:25   9,0   04:29   3,2   0,0   0,0   0,3   5,4   19:42   ESE
27  13,2  16,3   16:59  10,5   00:53   2,4   0,0   0,0   2,2  10,7   19:15    SE
28  13,7  14,6   17:22  12,8   04:53   1,8   0,0   0,0   2,9  15,6   15:20    SE
29  12,5  14,6   10:29  10,3   06:48   3,1   0,0   0,0   2,3  11,8   04:47   SSE
30  14,2  20,1   15:09   5,8   05:18   2,5   0,2   0,0   1,0   7,0   13:41   SSE
31  12,3  14,8   12:29   8,7   23:58   3,2   0,0   6,8   0,5   8,0   01:20     S
----------------------------------------------------------------------------------
    13,2  23,2     5     3,2    21    93,0   5,4  30,8   0,9  15,6    28      SE

Max >=  18,0: 15
Max <=   0,0:  0
Min <=   0,0:  0
Min <= -18,0:  0
Max Rain: 8,6 on day 1
Days of Rain: 13 (>= 0,2 mm)  4 (>= 2,0 mm)  0 (>= 10,0 mm)
Heat Base: 15,5  Cool Base: 18,3  Method: Integration