NOAA style reports

NOAA-style Climate Reports

Select a Year or Month report
V/Λ2018 > Jan Feb Mar Apr May Jun Jul Aug Sep Oct Nov Dec
V/Λ2017 > Jan Feb Mar Apr May Jun Jul Aug Sep Oct Nov Dec
V/Λ2016 > Jan Feb Mar Apr May Jun Jul Aug Sep Oct Nov Dec
V/Λ2015 > Jan Feb Mar Apr May Jun Jul Aug Sep Oct Nov Dec
V/Λ2014 > Jan Feb Mar Apr May Jun Jul Aug Sep Oct Nov Dec
V/Λ2013 > Jan Feb Mar Apr May Jun Jul Aug Sep Oct Nov Dec

Report for 2015 Sep
                   Monthly Climatological Summary for sep 2015

Name: kvikklunsj.net   City: Alta   State: Norway
Elevation: 23 m  Lat: N 69° 55' 19"   Lon: E 023° 16' 15"

                  Temperature (°C), Rain (mm), Wind Speed (m/s)

                                      Heat  Cool        Avg
    Mean                              Deg   Deg         Wind                 Dom
Day Temp  High   Time   Low    Time   Days  Days  Rain  Speed High   Time    Dir
----------------------------------------------------------------------------------
 1   8,5  10,4   11:27   7,1   23:53   7,0   0,0   1,0   0,9   7,0   12:00     N
 2   7,3   9,4   15:29   5,6   02:56   8,2   0,0   2,4   0,1   2,6   07:27   NNE
 3   8,2  11,6   12:39   5,2   00:43   7,3   0,0   0,2   0,3   8,6   21:20    SW
 4   7,8  10,4   11:34   5,6   05:48   7,7   0,0   0,6   0,4   4,8   14:20     N
 5   7,3   9,6   15:42   5,4   04:17   8,2   0,0   4,0   0,1   2,2   12:51     N
 6   8,2  10,3   14:41   6,8   05:32   7,3   0,0   0,2   0,3   3,7   13:08     N
 7   8,9  14,5   14:35   5,4   05:02   6,6   0,0   0,0   0,4   5,9   11:00    SE
 8   8,8  12,6   22:51   4,9   05:58   6,7   0,0   0,0   0,6  11,3   22:09     S
 9  13,1  14,8   12:37  11,4   19:33   2,4   0,0   0,0   1,4  13,4   13:03     W
10  10,4  15,7   13:01   0,8   23:58   5,1   0,0   0,0   0,3   5,4   00:29    NE
11   6,2  15,4   13:09  -1,3   02:02   9,3   0,0   0,0   0,3   4,8   16:00     N
12   9,2  17,0   15:12   0,7   00:00   6,5   0,0   0,0   0,2   3,7   20:12   NNE
13   7,6  11,7   15:56   3,2   21:41   7,9   0,0   0,2   0,4   4,8   22:09   SSE
14  10,4  17,7   12:15   3,8   23:25   5,3   0,0   0,0   0,5   7,6   01:33    SE
15  10,8  16,6   13:41   2,7   06:50   4,8   0,0   0,0   1,1   9,6   14:14   SSE
16  13,4  16,8   13:09  10,2   06:55   2,1   0,0   0,6   1,8   8,6   13:18   SSE
17  12,2  14,2   14:56   9,6   03:29   3,3   0,0   0,2   1,4  10,7   20:16    SE
18  10,2  12,4   00:00   8,4   17:49   5,3   0,0  28,8   1,3  11,3   03:38    SE
19   9,4  11,4   13:18   8,2   04:43   6,1   0,0   8,4   0,1   3,2   12:35   NNW
20  10,3  11,9   12:31   9,0   05:23   5,2   0,0   0,0   0,1   3,7   13:38   NNW
21  10,8  14,1   16:09   8,1   05:47   4,7   0,0   0,0   0,3   5,9   23:57    SE
22  10,8  12,1   12:06   8,4   23:27   4,7   0,0   0,0   0,6   6,5   00:00    SE
23   9,6  12,1   14:41   7,6   06:16   5,9   0,0   0,8   0,3   7,6   21:28   SSE
24   9,5  15,6   15:15   5,5   23:08   6,0   0,0   4,0   0,1   2,2   07:41   ESE
25  10,3  14,3   11:56   5,7   00:00   5,2   0,0   1,0   0,4   5,4   17:38   SSE
26   9,8  13,9   11:33   8,4   05:54   5,7   0,0   7,6   0,3   4,8   17:06     N
27   9,3  10,7   12:17   7,6   23:00   6,2   0,0   0,2   1,7   8,0   10:05   NNE
28   7,9  12,2   12:19   2,1   07:14   7,6   0,0   0,0   0,8   6,5   17:53   SSE
29   9,6  12,4   20:16   7,2   03:43   5,9   0,0   3,0   2,5  17,8   17:24     S
30   7,2  10,3   00:01   5,0   03:45   8,3   0,0   0,4   2,1  15,6   00:27   SSW
----------------------------------------------------------------------------------
     9,4  17,7    14    -1,3    11   182,5   0,0  63,6   0,7  17,8    29     SSE

Max >=  18,0:  0
Max <=   0,0:  0
Min <=   0,0:  1
Min <= -18,0:  0
Max Rain: 28,8 on day 18
Days of Rain: 18 (>= 0,2 mm)  7 (>= 2,0 mm)  1 (>= 10,0 mm)
Heat Base: 15,5  Cool Base: 18,3  Method: Integration