NOAA style reports

NOAA-style Climate Reports

Select a Year or Month report

Report for 2015 Oct
                   Monthly Climatological Summary for okt 2015

Name: kvikklunsj.net   City: Alta   State: Norway
Elevation: 23 m  Lat: N 69° 55' 19"   Lon: E 023° 16' 15"

                  Temperature (°C), Rain (mm), Wind Speed (m/s)

                                      Heat  Cool        Avg
    Mean                              Deg   Deg         Wind                 Dom
Day Temp  High   Time   Low    Time   Days  Days  Rain  Speed High   Time    Dir
----------------------------------------------------------------------------------
 1   3,9   5,9   14:04   1,7   23:46  11,6   0,0   1,8   0,2   4,3   09:23    SE
 2   2,6   4,7   14:49  -0,1   05:47  12,9   0,0   4,0   0,2   6,5   17:05     N
 3   1,9   6,0   14:30  -1,2   01:51  13,6   0,0   0,0   0,6   6,5   13:48     S
 4   0,2   3,9   16:04  -3,7   05:58  15,3   0,0   0,0   0,4   8,0   23:45     N
 5   2,2   5,7   14:54  -2,2   22:06  13,3   0,0   1,4   1,5  12,4   09:25   NNW
 6   0,4   6,6   13:39  -3,3   04:30  15,1   0,0   0,0   0,5   4,8   14:03   SSE
 7   0,8   4,4   14:21  -2,7   06:26  14,7   0,0   0,0   1,6   8,6   12:27   SSE
 8   2,3   4,8   13:46   0,9   23:02  13,1   0,0   0,0   2,6  12,4   19:34    SE
 9   1,1   4,3   15:09  -1,4   23:34  14,4   0,0   0,0   2,3  11,3   02:38   SSE
10  -0,9   3,9   15:08  -4,1   18:53  16,4   0,0   0,0   0,3   3,7   01:36     E
11   3,4   9,8   14:24  -2,4   06:58  12,1   0,0   0,0   0,8   5,9   20:38   SSE
12   4,6   7,9   23:56   2,0   06:21  10,9   0,0   0,6   0,5   9,1   23:02   SSE
13   7,7   9,4   19:08   5,5   23:55   7,8   0,0   0,0   1,3   6,5   14:53     S
14   5,8   7,9   19:05   2,4   02:55   9,7   0,0   0,0   1,5   6,5   06:15   SSE
15   7,2  10,1   13:44   3,8   20:32   8,3   0,0   0,4   2,0  13,4   09:44   SSE
16   3,8   5,7   12:14   2,3   18:35  11,7   0,0   2,4   1,4  11,3   07:05   SSW
17   5,5   7,7   09:22   2,1   01:10   9,9   0,0   0,2   0,8   8,0   04:53   SSE
18   5,2   7,1   18:22   3,1   06:46  10,3   0,0   0,8   0,1   4,8   23:55   SSE
19   7,3   9,8   14:05   5,4   03:43   8,2   0,0   0,0   1,4   6,5   07:52   SSE
20   4,3   5,7   12:36   2,3   20:51  11,2   0,0   0,0   0,7   7,0   22:07   SSE
21   4,5   6,6   13:43   2,7   06:27  11,0   0,0   0,0   2,3  10,7   21:53   SSE
22   2,3   5,3   12:45  -0,9   23:54  13,2   0,0   1,2   0,3   5,4   00:01   SSE
23  -3,4  -0,9   00:00  -6,9   08:16  18,9   0,0   0,0   0,0   1,6   22:32     E
24   2,6   6,0   15:20  -3,2   00:27  12,9   0,0   0,2   2,1  13,4   21:49   SSE
25   3,7   5,3   00:37   2,1   18:53  12,3   0,0   3,8   0,9   9,6   01:12   SSE
26   1,9   4,5   05:37  -1,3   23:58  13,6   0,0   0,0   0,9   5,9   16:09     S
27  -0,5   1,1   23:14  -2,5   04:04  16,0   0,0   0,0   1,0   9,1   23:38   SSE
28   1,9   4,3   07:59  -1,0   21:51  13,6   0,0   0,4   0,9   9,6   00:13   WSW
29   0,2   2,3   03:24  -1,8   23:55  15,3   0,0   1,0   0,3   8,0   04:48    SE
30  -5,5  -1,8   00:00  -7,7   19:04  21,0   0,0   0,0   0,3   4,8   01:46    SE
31  -4,9   1,7   23:59  -8,8   04:14  20,4   0,0   0,0   0,3   7,0   19:00    SE
----------------------------------------------------------------------------------
     2,3  10,1    15    -8,8    31   408,7   0,0  18,2   1,0  13,4    15     SSE

Max >=  18,0:  0
Max <=   0,0:  2
Min <=   0,0: 18
Min <= -18,0:  0
Max Rain: 4,0 on day 2
Days of Rain: 13 (>= 0,2 mm)  3 (>= 2,0 mm)  0 (>= 10,0 mm)
Heat Base: 15,5  Cool Base: 18,3  Method: Integration