NOAA style reports

NOAA-style Climate Reports

Select a Year or Month report

Report for 2015 Nov
                   Monthly Climatological Summary for nov 2015

Name: kvikklunsj.net   City: Alta   State: Norway
Elevation: 23 m  Lat: N 69° 55' 19"   Lon: E 023° 16' 15"

                  Temperature (°C), Rain (mm), Wind Speed (m/s)

                                      Heat  Cool        Avg
    Mean                              Deg   Deg         Wind                 Dom
Day Temp  High   Time   Low    Time   Days  Days  Rain  Speed High   Time    Dir
----------------------------------------------------------------------------------
 1   5,2   6,7   17:44   1,6   00:26  10,3   0,0   2,0   2,5  13,4   23:06   SSE
 2   5,9   8,0   01:36   2,6   23:28   9,6   0,0   0,6   1,4  12,8   01:28   WSW
 3   2,7   5,7   17:18  -2,5   07:52  12,8   0,0   0,0   0,7   7,0   16:20   SSE
 4   2,3   4,2   01:09  -0,3   23:59  13,2   0,0   1,4   0,9   7,6   17:51   WNW
 5  -0,8   0,9   08:24  -3,1   04:45  15,8   0,0   0,0   0,3   4,8   08:15   SSE
 6  -3,7  -1,5   00:00  -5,8   16:13  18,9   0,0   0,0   0,0   2,6   22:16   SSE
 7  -0,5   1,3   23:41  -2,8   02:52  16,0   0,0   0,0   1,7  11,3   23:40   SSE
 8   0,4   2,1   05:22  -2,6   23:30  15,1   0,0   1,4   0,7  10,2   04:09   SSE
 9   0,4   2,3   14:43  -4,4   04:38  15,1   0,0   0,4   3,0  17,8   18:46   SSE
10   2,0   2,6   05:19   0,8   22:42  13,5   0,0   0,0   2,9  15,0   00:17   SSE
11  -0,3   1,6   01:26  -3,1   23:03  15,8   0,0   0,0   2,1  11,3   05:18    SE
12  -3,6  -2,8   00:03  -5,1   23:47  19,1   0,0   0,0   2,4   9,6   07:46    SE
13  -2,8   0,2   23:57  -5,3   01:07  18,3   0,0   0,0   2,5  13,4   10:57   SSE
14   0,1   1,1   01:20  -1,2   23:27  15,3   0,0   0,0   2,1  14,5   03:00   SSE
15  -3,9  -0,3   01:28  -9,4   18:26  18,7   0,0   0,0   0,2   3,7   01:07   SSE
16  -4,5  -1,7   23:38  -7,8   05:45  20,0   0,0   0,0   0,2   7,0   22:13   SSE
17  -0,3   1,3   13:40  -1,9   00:00  15,8   0,0   0,0   2,1  12,4   05:10   SSE
18  -1,6  -0,4   00:00  -4,1   23:03  17,1   0,0   0,0   1,4   8,6   12:03   SSE
19  -3,3  -2,8   01:48  -4,5   23:45  18,8   0,0   0,0   0,0   2,2   22:05   SSE
20  -8,1  -3,8   02:02 -12,2   21:11  23,6   0,0   0,0   0,3   3,7   02:28    SE
21 -10,9  -7,4   23:31 -13,1   04:07  26,4   0,0   0,0   0,1   4,8   05:18    SE
22  -9,1  -6,9   04:45 -12,2   08:14  24,6   0,0   0,0   0,3   4,8   20:31    SE
23  -9,4  -4,0   21:52 -13,7   06:16  24,9   0,0   0,0   0,9   6,5   04:40    SE
24  -4,2  -3,4   04:04  -5,1   08:02  19,7   0,0   0,0   0,4   5,4   14:01   SSE
25  -4,8  -2,3   15:46  -7,0   22:50  20,3   0,0   0,0   0,2   3,2   15:09    SE
26  -4,5   0,5   19:16  -9,6   10:57  20,0   0,0   0,0   0,9  13,4   23:41   SSE
27  -0,6   3,5   12:39  -2,4   04:02  15,7   0,0   0,6   1,4  12,8   00:07     S
28  -6,5  -1,4   01:51 -12,8   21:51  22,0   0,0   0,0   0,3   5,4   06:19   SSE
29  -6,3   0,6   22:24 -11,4   04:18  21,8   0,0   0,0   1,2  11,3   16:24   SSE
30   0,7   2,1   02:37  -0,5   14:48  14,8   0,0   0,0   1,9  13,4   04:19    SE
----------------------------------------------------------------------------------
    -2,3   8,0     2   -13,7    23   533,0   0,0   6,4   1,2  17,8     9     SSE

Max >=  18,0:  0
Max <=   0,0: 13
Min <=   0,0: 27
Min <= -18,0:  0
Max Rain: 2,0 on day 1
Days of Rain: 6 (>= 0,2 mm)  1 (>= 2,0 mm)  0 (>= 10,0 mm)
Heat Base: 15,5  Cool Base: 18,3  Method: Integration