NOAA style reports

NOAA-style Climate Reports

Select a Year or Month report
V/Λ2018 > Jan Feb Mar Apr May Jun Jul Aug Sep Oct Nov Dec
V/Λ2017 > Jan Feb Mar Apr May Jun Jul Aug Sep Oct Nov Dec
V/Λ2016 > Jan Feb Mar Apr May Jun Jul Aug Sep Oct Nov Dec
V/Λ2015 > Jan Feb Mar Apr May Jun Jul Aug Sep Oct Nov Dec
V/Λ2014 > Jan Feb Mar Apr May Jun Jul Aug Sep Oct Nov Dec
V/Λ2013 > Jan Feb Mar Apr May Jun Jul Aug Sep Oct Nov Dec

Report for 2015 Dec
                   Monthly Climatological Summary for des 2015

Name: kvikklunsj.net   City: Alta   State: Norway
Elevation: 23 m  Lat: N 69° 55' 19"   Lon: E 023° 16' 15"

                  Temperature (°C), Rain (mm), Wind Speed (m/s)

                                      Heat  Cool        Avg
    Mean                              Deg   Deg         Wind                 Dom
Day Temp  High   Time   Low    Time   Days  Days  Rain  Speed High   Time    Dir
----------------------------------------------------------------------------------
 1  -1,6   1,4   00:00  -4,6   23:25  17,1   0,0   0,0   0,2   7,6   00:06   SSE
 2  -6,1  -2,8   22:54  -9,7   16:49  21,6   0,0   0,0   0,2   7,6   23:01    SE
 3  -0,4   2,4   22:31  -3,4   00:00  15,9   0,0   0,0   2,9  13,9   01:22   SSE
 4   1,8   4,2   23:51  -0,3   19:37  13,7   0,0   0,0   2,9  12,4   07:21   SSE
 5  -1,3   4,3   00:29  -3,8   13:03  16,8   0,0   0,0   2,0  13,4   15:52   SSE
 6  -3,2  -2,3   12:20  -3,9   11:02  18,7   0,0   0,0   0,0   2,2   11:34    SE
 7  -0,6   3,0   11:23  -3,1   23:54  16,1   0,0   0,0   0,5   9,1   17:26   WNW
 8  -1,9   0,4   09:31  -5,1   23:39  17,4   0,0   0,0   0,0   4,3   03:12   ESE
 9  -3,8  -2,5   12:59  -5,4   00:44  19,3   0,0   0,0   0,0   0,0   00:00   ---
10  -4,5  -0,2   07:08 -15,0   23:59  20,0   0,0   0,0   0,0   0,0   00:00   ---
11 -10,2  -4,1   17:12 -19,9   04:11  25,7   0,0   0,0   0,0   0,0   00:00   ---
12  -8,8  -5,3   18:26 -11,1   00:54  24,3   0,0   0,0   0,0   0,0   00:00   ---
13  -7,8  -3,6   23:51 -13,8   05:35  23,3   0,0   0,0   0,7  13,4   23:43   SSE
14  -4,2  -1,5   02:59  -5,8   09:22  19,7   0,0   0,0   1,6  19,3   00:51     S
15  -4,8  -3,9   01:14  -5,8   05:11  20,3   0,0   0,0   0,2   6,5   06:06   WSW
16  -6,0  -4,6   06:34  -9,6   23:43  21,5   0,0   0,0   0,0   4,3   21:31   SSE
17 -12,1  -7,9   23:57 -15,3   12:09  27,6   0,0   0,0   0,1   8,6   23:52    SE
18  -4,2  -1,4   22:28  -7,9   00:00  19,6   0,0   0,0   3,2  23,0   09:42    SE
19  -2,0  -0,3   23:54  -3,1   06:47  17,5   0,0   0,0   0,7   8,6   17:55   SSE
20  -2,8   0,3   03:16  -6,0   21:57  18,3   0,0   0,0   1,0   9,1   07:08   SSE
21  -3,9  -2,3   05:55  -7,1   23:40  19,4   0,0   0,0   0,0   2,2   02:51    SE
22  -7,7  -5,4   00:02 -12,1   13:47  23,2   0,0   0,0   0,0   2,6   22:34    SE
23  -5,3  -1,3   14:05 -10,3   04:46  20,8   0,0   0,0   2,2  13,9   18:16   SSE
24  -2,8   0,6   18:52  -5,7   04:33  18,3   0,0   0,0   1,8  12,8   19:33   SSE
25  -0,7   2,3   23:34  -2,1   16:41  16,2   0,0   0,0   1,1  11,3   00:15   SSE
26  -3,3   2,0   00:00  -5,8   23:34  18,8   0,0   0,0   1,8  16,7   06:41    NW
27  -9,3  -5,3   00:51 -15,8   23:09  24,8   0,0   0,0   0,5   7,0   00:11   SSE
28 -12,8  -8,6   17:25 -16,8   00:44  28,3   0,0   0,0   0,5   5,4   23:48    SE
29  -9,3  -6,5   07:27 -11,6   04:11  12,2   0,0   0,0   0,9   4,8   10:07   SSE
30  -7,3  -2,7   23:49  -9,8   11:00  21,9   0,0   0,0   0,5  16,7   22:39   SSE
31   1,5   3,7   20:17  -2,7   00:00  13,7   0,0   1,8   4,2  20,4   04:27   SSE
----------------------------------------------------------------------------------
    -4,7   4,3     5   -19,9    11   612,0   0,0   1,8   0,9  23,0    18     SSE

Max >=  18,0:  0
Max <=   0,0: 20
Min <=   0,0: 31
Min <= -18,0:  1
Max Rain: 1,8 on day 31
Days of Rain: 1 (>= 0,2 mm)  0 (>= 2,0 mm)  0 (>= 10,0 mm)
Heat Base: 15,5  Cool Base: 18,3  Method: Integration