NOAA style reports

NOAA-style Climate Reports

Select a Year or Month report
V/Λ2018 > Jan Feb Mar Apr May Jun Jul Aug Sep Oct Nov Dec
V/Λ2017 > Jan Feb Mar Apr May Jun Jul Aug Sep Oct Nov Dec
V/Λ2016 > Jan Feb Mar Apr May Jun Jul Aug Sep Oct Nov Dec
V/Λ2015 > Jan Feb Mar Apr May Jun Jul Aug Sep Oct Nov Dec
V/Λ2014 > Jan Feb Mar Apr May Jun Jul Aug Sep Oct Nov Dec
V/Λ2013 > Jan Feb Mar Apr May Jun Jul Aug Sep Oct Nov Dec

Report for 2016
                   Annual Climatological Summary for 2016

Name: kvikklunsj.net   City: Alta   State: Norway
Elevation: 23 m  Lat: N 69° 55' 19"   Lon: E 023° 16' 15"

                  Temperature (°C), Heat Base: 15,5  Cool Base: 18,3
                          Dep.  Heat  Cool                       Max  Max  Min  Min
        Mean  Mean        From  Deg   Deg                        >=   <=   <=   <=
 YR MO  Max   Min   Mean  Norm  Days  Days  Hi  Date  Low  Date 18,0  0,0  0,0 -18,0
------------------------------------------------------------------------------------
 16  1  -9,4 -17,0 -13,1  -4,4   855     0   2,7  28 -30,1    7    0   28   30   15
 16  2  -3,5 -10,8  -6,8   1,1   647     0   3,5   8 -20,1   28    0   23   29    2
 16  3   1,6  -6,2  -2,2   3,0   546     0   9,1  15 -18,6   22    0   14   24    1
 16  4   5,5  -2,9   1,5   2,1   418     0  16,2  29  -7,4    3    0    0   26    0
 16  5  13,5   3,1   9,0   4,2   206     1  23,8  30  -2,1   21    4    0    5    0
 16  6  12,7   6,4   9,6  -0,4   188     5  25,6  27   2,4    5    5    0    0    0
 16  7  17,3  10,4  14,1   0,7    74    14  29,4  23   5,0   21   11    0    0    0
 16  8  14,7   5,6  10,8  -1,2   157     4  24,6  18  -1,4   24    4    0    1    0
 16  9  13,4   5,2   9,4   2,2   183     0  19,1   1   0,6   24    3    0    0    0
 16 10   6,3  -0,8   3,1   1,5   384     0  10,9   6  -9,3   18    0    0   19    0
 16 11  -1,9  -8,7  -5,0  -1,4   614     0   3,7  15 -16,1    5    0   22   28    0
 16 12   0,3  -6,4  -3,0   4,0   553     0   9,2  19 -21,3    3    0   13   28    2
------------------------------------------------------------------------------------
         5,9  -1,8   2,3   1,0  4829    25  29,4 jul -30,1  jan   27  100  190   20

                                Precipitation (mm)

              Dep.   Max        Days of Rain
              From   Obs.           >=
 YR MO Total  Norm   Day Date  0,2  2,0 10,0
---------------------------------------------
 16  1  10,3 -21,7   8,0   9     3    2    0
 16  2   2,8 -22,2   2,2   8     3    1    0
 16  3   2,8 -20,2   1,2  13     4    0    0
 16  4  19,6   2,6   8,4   7     8    4    0
 16  5  22,2   2,2   5,8  30     9    5    0
 16  6  86,8  53,8  21,0  17    18   10    2
 16  7 129,2  75,2  33,4  29    17   13    5
 16  8  38,2 -10,8  11,4  21    15    6    1
 16  9  41,8   3,8  11,2  12    13    7    1
 16 10  13,4 -25,6   4,6   1     9    2    0
 16 11  17,6 -16,4   5,6  26    10    2    0
 16 12  40,4   4,4  11,3  12    20    8    1
---------------------------------------------
       425,1  25,1  33,4  jul  129   60   10

                                Wind Speed (m/s)
                          Dom
 YR MO   Avg.  Hi   Date  Dir
------------------------------
 16  1   0,8  20,4    1    SE
 16  2   0,9  17,8   22   SSE
 16  3   2,0  25,2   29   SSE
 16  4   1,1  16,1   27    SE
 16  5   1,3  13,9   18   SSE
 16  6   1,1  12,4   21     N
 16  7   0,9  17,2    3     E
 16  8   0,7  14,5   31   ESE
 16  9   0,7  17,2   28    SE
 16 10   0,7  13,9   22   SSE
 16 11   0,9  18,7   15   SSE
 16 12   1,1  19,3   28    SE
------------------------------
         1,0  25,2  mar    SE