NOAA style reports

NOAA-style Climate Reports

Select a Year or Month report

Report for 2016 Jan
                   Monthly Climatological Summary for jan 2016

Name: kvikklunsj.net   City: Alta   State: Norway
Elevation: 23 m  Lat: N 69° 55' 19"   Lon: E 023° 16' 15"

                  Temperature (°C), Rain (mm), Wind Speed (m/s)

                                      Heat  Cool        Avg
    Mean                              Deg   Deg         Wind                 Dom
Day Temp  High   Time   Low    Time   Days  Days  Rain  Speed High   Time    Dir
----------------------------------------------------------------------------------
 1   1,3   2,4   00:00   0,1   14:21  14,1   0,0   0,0   4,5  20,4   13:58   SSE
 2  -3,9   1,1   01:42 -11,5   20:23  19,0   0,0   0,0   0,7  11,8   00:22   SSE
 3  -5,9  -2,6   01:07  -7,9   09:26  21,1   0,0   0,0   2,0  13,4   23:17    SE
 4 -14,1  -6,8   00:00 -18,2   17:53  29,6   0,0   0,0   2,2  18,2   05:25   SSE
 5 -18,4 -15,8   22:00 -20,6   10:30  33,9   0,0   0,0   0,6   5,9   06:15    SE
 6 -20,0 -15,9   01:38 -23,9   23:34  35,5   0,0   0,0   0,3   4,8   05:54   SSE
 7 -26,5 -22,8   00:32 -30,1   22:10  42,0   0,0   0,0   0,4   5,4   11:16    SE
 8 -19,8 -10,3   23:58 -28,9   00:14  35,3   0,0   0,0   0,0   0,5   00:23   ---
 9 -11,0  -6,7   13:58 -17,4   23:59  26,5   0,0   8,0   0,0   0,5   04:21   ---
10 -16,6 -15,0   18:10 -19,3   02:22  32,1   0,0   0,0   0,0   0,0   00:00   ---
11 -15,2 -10,9   09:01 -22,8   21:06  30,7   0,0   0,0   0,0   0,0   00:00   ---
12 -21,8 -20,1   07:06 -23,1   19:35  37,3   0,0   0,0   0,1   4,8   23:48    SE
13 -23,9 -22,3   00:30 -26,8   21:17  39,4   0,0   0,0   0,1   4,8   05:10    SE
14 -25,4 -16,1   23:56 -28,0   06:39  40,9   0,0   0,0   0,0   0,5   00:27   ---
15 -13,5 -10,3   08:58 -16,7   18:28  29,0   0,0   0,0   0,0   1,6   11:59   ---
16  -4,8  -0,2   17:30 -16,8   00:08  20,2   0,0   2,1   0,7   9,1   18:48   NNE
17 -11,3  -4,2   00:00 -19,1   23:36  25,9   0,0   0,0   0,8  12,4   15:49    SE
18 -22,9 -18,2   17:21 -23,8   18:59   9,9   0,0   0,0   0,2   6,5   07:39    SE
19 -23,3 -22,4   03:43 -24,8   20:14  38,8   0,0   0,0   0,3   5,9   03:48    SE
20 -23,5 -22,0   23:58 -24,6   06:41  39,0   0,0   0,0   1,2   9,6   17:49    SE
21 -18,9 -15,0   23:59 -22,2   00:04  34,4   0,0   0,0   1,0   9,1   20:04    SE
22  -8,6  -4,8   23:36 -15,0   00:00  24,1   0,0   0,0   0,4   7,6   00:56    SE
23  -5,7  -1,7   07:58 -10,9   19:17  21,0   0,0   0,0   0,4   6,5   23:04    SE
24  -8,4  -5,8   20:35 -11,7   05:16  23,9   0,0   0,0   1,2  12,8   08:29    SE
25  -8,0  -6,7   00:00  -8,9   23:06  23,5   0,0   0,0   0,9   8,0   23:37    SE
26  -7,6  -5,2   15:52 -10,3   04:40  23,1   0,0   0,0   1,6  15,0   11:00   SSE
27  -5,3  -2,3   23:54  -8,4   12:13  20,8   0,0   0,0   0,8   9,6   19:34    SE
28  -2,0   2,7   04:47  -7,4   21:07  17,5   0,0   0,2   1,4  10,7   05:08     S
29  -9,1  -5,8   02:52 -11,9   09:49  24,5   0,0   0,0   0,8  10,2   22:42   SSE
30  -6,3  -3,3   23:09  -9,2   00:15  21,8   0,0   0,0   2,1  12,8   00:39   SSE
31  -4,9  -3,0   02:04  -7,2   17:18  20,4   0,0   0,0   0,3   8,6   02:24   SSE
----------------------------------------------------------------------------------
   -13,1   2,7    28   -30,1     7   855,2   0,0  10,3   0,8  20,4     1      SE

Max >=  18,0:  0
Max <=   0,0: 28
Min <=   0,0: 30
Min <= -18,0: 15
Max Rain: 8,0 on day 9
Days of Rain: 3 (>= 0,2 mm)  2 (>= 2,0 mm)  0 (>= 10,0 mm)
Heat Base: 15,5  Cool Base: 18,3  Method: Integration