NOAA style reports

NOAA-style Climate Reports

Select a Year or Month report

Report for 2016 Feb
                   Monthly Climatological Summary for feb 2016

Name: kvikklunsj.net   City: Alta   State: Norway
Elevation: 23 m  Lat: N 69° 55' 19"   Lon: E 023° 16' 15"

                  Temperature (°C), Rain (mm), Wind Speed (m/s)

                                      Heat  Cool        Avg
    Mean                              Deg   Deg         Wind                 Dom
Day Temp  High   Time   Low    Time   Days  Days  Rain  Speed High   Time    Dir
----------------------------------------------------------------------------------
 1  -7,8  -5,3   16:18 -11,7   07:54  23,2   0,0   0,4   0,2   4,3   16:05    SE
 2 -11,4  -9,4   20:44 -13,7   05:13  26,9   0,0   0,0   0,6   4,8   13:54    SE
 3 -10,1  -7,9   23:47 -12,7   03:45  25,5   0,0   0,0   1,0   5,9   11:30   SSE
 4 -10,2  -7,7   02:19 -14,4   18:28  25,7   0,0   0,0   0,2   4,3   15:15   SSE
 5  -9,0  -6,4   14:54 -11,5   23:59  24,5   0,0   0,0   0,1   2,2   19:53    SE
 6 -11,9  -8,4   23:56 -14,2   08:42  27,4   0,0   0,0   1,7  11,8   21:08   SSE
 7  -6,6  -3,7   12:27  -9,3   20:56  22,1   0,0   0,0   1,1  10,7   05:07   SSE
 8  -0,8   3,5   14:57  -7,1   00:00  16,3   0,0   2,2   1,8  15,6   12:35     S
 9  -3,4   2,1   00:00  -5,8   17:41  18,9   0,0   0,0   0,4   6,5   01:27   SSE
10  -2,1  -0,9   12:34  -4,6   00:00  17,6   0,0   0,0   0,0   1,1   10:35   ---
11  -3,6  -1,7   12:31  -5,5   22:33  19,1   0,0   0,0   0,0   0,5   02:26   ---
12  -7,7  -1,6   02:20 -16,0   22:50  23,2   0,0   0,0   0,0   1,1   13:39   ---
13 -13,8  -9,1   22:06 -17,4   07:54  29,3   0,0   0,0   0,0   0,0   00:00   ---
14  -5,3  -1,9   11:55 -10,8   01:47  20,8   0,0   0,0   0,7  13,9   14:02    SE
15  -9,2  -5,3   13:23 -13,8   22:58  24,7   0,0   0,0   0,0   2,6   06:31    SE
16  -3,4   0,6   12:26 -13,4   00:00  18,9   0,0   0,0   0,5   9,1   11:17     W
17  -1,9  -0,1   21:16  -4,4   03:41  17,4   0,0   0,0   2,4  15,0   10:13   SSE
18  -1,9   0,2   01:16  -4,9   07:21  17,4   0,0   0,0   2,3  16,1   21:32   SSE
19  -4,6  -3,3   14:32  -8,4   19:46  20,0   0,0   0,0   0,9   9,6   00:36     S
20  -5,0  -0,2   20:58 -10,8   06:30  20,5   0,0   0,0   2,0  12,8   13:45   SSE
21  -0,4   0,1   10:45  -0,9   00:01  15,9   0,0   0,0   4,0  16,7   12:25    SE
22  -2,9  -0,1   00:00  -9,8   22:40  18,4   0,0   0,0   2,4  17,8   00:43    SE
23  -7,6  -3,2   13:31 -11,5   21:47  23,1   0,0   0,0   0,0   2,6   18:24   SSE
24  -8,9  -4,0   14:13 -11,7   05:12  24,4   0,0   0,0   0,0   0,5   00:48   ---
25  -6,9  -3,9   11:36  -8,9   00:00  22,4   0,0   0,0   0,0   2,2   22:16   SSE
26 -12,7  -8,7   00:00 -16,3   09:19  28,2   0,0   0,0   0,6   7,0   17:46    SE
27 -15,6 -12,5   13:31 -19,2   23:52  31,1   0,0   0,0   1,1   7,0   12:26   SSE
28 -13,0  -2,9   23:53 -20,1   04:46  28,5   0,0   0,0   0,2   4,3   23:28    SE
29  -0,8   1,3   10:59  -4,1   23:59  16,3   0,0   0,2   1,6   8,6   00:26     S
----------------------------------------------------------------------------------
    -6,8   3,5     8   -20,1    28   647,7   0,0   2,8   0,9  17,8    22     SSE

Max >=  18,0:  0
Max <=   0,0: 23
Min <=   0,0: 29
Min <= -18,0:  2
Max Rain: 2,2 on day 8
Days of Rain: 3 (>= 0,2 mm)  1 (>= 2,0 mm)  0 (>= 10,0 mm)
Heat Base: 15,5  Cool Base: 18,3  Method: Integration