NOAA style reports

NOAA-style Climate Reports

Select a Year or Month report
V/Λ2018 > Jan Feb Mar Apr May Jun Jul Aug Sep Oct Nov Dec
V/Λ2017 > Jan Feb Mar Apr May Jun Jul Aug Sep Oct Nov Dec
V/Λ2016 > Jan Feb Mar Apr May Jun Jul Aug Sep Oct Nov Dec
V/Λ2015 > Jan Feb Mar Apr May Jun Jul Aug Sep Oct Nov Dec
V/Λ2014 > Jan Feb Mar Apr May Jun Jul Aug Sep Oct Nov Dec
V/Λ2013 > Jan Feb Mar Apr May Jun Jul Aug Sep Oct Nov Dec

Report for 2016 Mar
                   Monthly Climatological Summary for mar 2016

Name: kvikklunsj.net   City: Alta   State: Norway
Elevation: 23 m  Lat: N 69° 55' 19"   Lon: E 023° 16' 15"

                  Temperature (°C), Rain (mm), Wind Speed (m/s)

                                      Heat  Cool        Avg
    Mean                              Deg   Deg         Wind                 Dom
Day Temp  High   Time   Low    Time   Days  Days  Rain  Speed High   Time    Dir
----------------------------------------------------------------------------------
 1  -7,7  -3,1   13:55 -11,7   20:38  23,2   0,0   0,0   0,9  10,2   23:24   SSE
 2  -3,7  -1,2   14:32  -8,2   00:19  19,2   0,0   0,0   4,2  18,7   10:43   SSE
 3  -6,0  -5,3   20:49  -6,7   06:20  21,5   0,0   0,0   4,0  16,1   20:50   SSE
 4  -4,5  -3,2   23:52  -6,5   00:45  20,0   0,0   0,0   3,2  19,8   07:05   SSE
 5  -2,9  -1,7   12:17  -3,9   05:55  18,2   0,0   0,0   3,7  16,7   04:41   SSE
 6  -0,9   1,1   13:03  -2,6   02:34  16,4   0,0   0,0   2,1  13,9   00:59   SSE
 7  -1,4   0,0   00:25  -2,7   07:16  16,9   0,0   0,0   2,5  12,8   01:07   SSE
 8  -1,5   0,4   23:58  -3,7   03:40  16,9   0,0   0,0   1,6  11,3   08:07   SSE
 9  -2,2   2,5   14:36  -8,9   23:39  17,7   0,0   0,0   1,0   8,0   05:03   SSE
10  -5,5   2,8   13:21 -11,3   04:04  21,0   0,0   0,0   0,8   5,4   16:34   SSE
11  -8,7  -4,4   11:36 -12,7   06:16  24,2   0,0   0,0   1,2   6,5   11:42   SSE
12   0,9   6,1   13:01  -7,7   00:00  14,6   0,0   0,0   1,0   5,9   18:41   SSE
13   2,7   4,8   19:32   0,3   13:03  12,8   0,0   1,2   1,0   8,0   19:29     S
14   4,7   8,8   22:50   2,3   17:21  10,8   0,0   0,4   1,8  12,8   23:06    SW
15   6,6   9,1   00:44   4,6   18:01   8,9   0,0   0,2   3,8  20,4   13:16     W
16   0,1   4,7   00:00  -4,4   23:57  15,4   0,0   0,0   2,7  16,1   02:14    NW
17  -5,0  -3,5   01:35  -6,4   21:03  20,5   0,0   0,0   3,4  17,2   04:39   NNW
18  -5,3  -3,6   12:17  -6,8   22:48  20,6   0,0   0,0   1,9   9,6   00:13   NNW
19  -4,3  -1,6   13:31  -7,7   23:58  19,8   0,0   0,0   1,4   9,6   04:05    NW
20  -6,0  -0,2   10:08 -11,4   23:35  21,5   0,0   0,0   0,3   5,9   12:51   NNE
21 -10,2  -0,4   15:29 -17,8   23:46  25,7   0,0   0,0   0,3   5,4   18:18    SE
22 -11,1  -3,4   14:02 -18,6   05:52  26,6   0,0   0,0   0,2   3,7   22:06    SE
23  -5,1   1,3   14:14 -14,5   04:44  20,6   0,0   0,0   0,9   9,6   22:56   SSE
24  -4,7   1,3   14:45 -11,3   23:17  20,2   0,0   0,0   0,9   8,0   11:15   WNW
25  -7,1  -2,0   12:17 -12,7   03:13  22,6   0,0   0,0   0,9   9,1   13:11    SE
26  -0,3   5,9   11:39  -9,3   00:00  15,8   0,0   1,0   1,6   9,1   17:52   SSE
27   3,9   5,9   12:53   1,8   05:35  11,2   0,0   0,0   3,4  16,1   21:20   SSE
28   6,4   8,3   16:34   4,9   00:00   9,1   0,0   0,0   3,8  17,8   13:04   SSE
29   4,3   5,6   11:10   2,3   07:01  11,2   0,0   0,0   3,9  25,2   13:28   SSE
30   5,0   7,4   14:16   1,6   23:57  10,5   0,0   0,0   3,1  15,0   10:48   SSE
31   2,6   6,2   14:40  -1,8   23:58  12,9   0,0   0,0   1,7   7,6   10:46   SSE
----------------------------------------------------------------------------------
    -2,2   9,1    15   -18,6    22   546,5   0,0   2,8   2,0  25,2    29     SSE

Max >=  18,0:  0
Max <=   0,0: 14
Min <=   0,0: 24
Min <= -18,0:  1
Max Rain: 1,2 on day 13
Days of Rain: 4 (>= 0,2 mm)  0 (>= 2,0 mm)  0 (>= 10,0 mm)
Heat Base: 15,5  Cool Base: 18,3  Method: Integration