NOAA style reports

NOAA-style Climate Reports

Select a Year or Month report

Report for 2016 Apr
                   Monthly Climatological Summary for apr 2016

Name: kvikklunsj.net   City: Alta   State: Norway
Elevation: 23 m  Lat: N 69° 55' 19"   Lon: E 023° 16' 15"

                  Temperature (°C), Rain (mm), Wind Speed (m/s)

                                      Heat  Cool        Avg
    Mean                              Deg   Deg         Wind                 Dom
Day Temp  High   Time   Low    Time   Days  Days  Rain  Speed High   Time    Dir
----------------------------------------------------------------------------------
 1   0,0   6,4   12:55  -4,9   06:18  15,5   0,0   0,0   0,6   7,0   02:04    SE
 2  -1,3   5,7   12:46  -7,2   05:38  16,8   0,0   0,0   1,2   6,5   22:39   SSE
 3  -0,7   3,8   14:28  -7,4   06:25  16,2   0,0   0,0   1,8   9,1   17:03   SSE
 4   2,3   5,2   13:54  -2,9   23:27  13,2   0,0   0,0   1,4   8,0   01:50   SSE
 5  -0,4   3,6   15:04  -6,1   03:55  15,9   0,0   0,0   0,2   2,6   13:30     N
 6   1,7   5,4   16:35  -0,9   02:29  13,8   0,0   0,0   1,1  10,7   23:55    SE
 7   1,0   3,1   22:42  -0,9   06:28  14,5   0,0   8,4   0,4  10,2   00:01   ESE
 8   3,2   6,3   09:59   1,3   23:56  12,3   0,0   3,4   0,6   6,5   02:47    SE
 9   2,2   3,4   09:51  -0,4   23:52  13,3   0,0   2,2   0,6   6,5   14:04     N
10   1,8   4,8   13:32  -1,1   01:03  13,6   0,0   0,4   0,4   4,3   10:05   ESE
11   2,4   4,9   13:14  -0,1   03:03  13,1   0,0   0,0   0,9   7,6   13:15    SW
12  -1,2   2,4   14:09  -5,6   23:54  16,7   0,0   1,2   0,9   9,6   16:01   NNE
13  -3,1   1,1   18:08  -6,2   03:58  18,6   0,0   0,0   0,8   7,6   12:56     W
14  -0,9   2,2   12:56  -4,2   01:15  16,4   0,0   0,0   1,8   9,6   14:20   SSE
15  -0,5   2,8   15:41  -3,0   06:10  16,0   0,0   0,0   2,2  11,3   10:43   SSE
16   0,1   4,7   13:59  -5,5   04:21  15,4   0,0   0,0   1,0   8,0   16:23   SSE
17   1,8   5,5   11:29  -1,8   04:32  13,7   0,0   2,2   0,6   4,8   11:57    SW
18   0,9   5,6   11:11  -4,7   04:48  14,6   0,0   0,0   0,6   4,8   00:37     E
19   0,0   3,4   13:58  -3,6   05:27  15,5   0,0   0,0   0,8   5,9   15:16   NNE
20   0,4   4,1   15:47  -5,1   23:56  15,1   0,0   0,0   1,0   5,9   16:02    SE
21  -0,9   2,8   15:39  -5,6   00:41  16,4   0,0   0,0   2,6  11,3   15:06   SSE
22   1,3   6,7   15:44  -1,8   00:00  14,1   0,0   0,0   1,0   7,6   11:27   SSE
23   0,7   3,9   14:41  -3,1   23:04  14,8   0,0   0,0   0,5   5,9   16:26     N
24   0,2   4,8   12:24  -5,5   04:27  15,3   0,0   0,0   1,2   7,6   15:38   SSE
25   0,4   4,9   12:16  -6,4   04:07  15,1   0,0   0,0   1,4   9,1   20:02   ESE
26   3,4   7,3   16:15  -1,0   04:04  12,1   0,0   0,4   2,1  15,6   12:30    SE
27   7,1  11,9   15:02   2,1   02:02   8,4   0,0   1,4   1,9  16,1   11:46    SE
28   8,1  11,6   16:09   3,9   23:17   7,4   0,0   0,0   1,3   8,6   08:55   SSE
29   9,2  16,2   12:48   2,9   23:52   6,3   0,0   0,0   0,6   4,8   15:10     E
30   6,8  11,9   14:06  -1,9   03:28   8,7   0,0   0,0   1,4   8,6   12:38   SSE
----------------------------------------------------------------------------------
     1,5  16,2    29    -7,4     3   418,8   0,0  19,6   1,1  16,1    27      SE

Max >=  18,0:  0
Max <=   0,0:  0
Min <=   0,0: 26
Min <= -18,0:  0
Max Rain: 8,4 on day 7
Days of Rain: 8 (>= 0,2 mm)  4 (>= 2,0 mm)  0 (>= 10,0 mm)
Heat Base: 15,5  Cool Base: 18,3  Method: Integration