NOAA style reports

NOAA-style Climate Reports

Select a Year or Month report
V/Λ2018 > Jan Feb Mar Apr May Jun Jul Aug Sep Oct Nov Dec
V/Λ2017 > Jan Feb Mar Apr May Jun Jul Aug Sep Oct Nov Dec
V/Λ2016 > Jan Feb Mar Apr May Jun Jul Aug Sep Oct Nov Dec
V/Λ2015 > Jan Feb Mar Apr May Jun Jul Aug Sep Oct Nov Dec
V/Λ2014 > Jan Feb Mar Apr May Jun Jul Aug Sep Oct Nov Dec
V/Λ2013 > Jan Feb Mar Apr May Jun Jul Aug Sep Oct Nov Dec

Report for 2016 May
                   Monthly Climatological Summary for mai 2016

Name: kvikklunsj.net   City: Alta   State: Norway
Elevation: 23 m  Lat: N 69° 55' 19"   Lon: E 023° 16' 15"

                  Temperature (°C), Rain (mm), Wind Speed (m/s)

                                      Heat  Cool        Avg
    Mean                              Deg   Deg         Wind                 Dom
Day Temp  High   Time   Low    Time   Days  Days  Rain  Speed High   Time    Dir
----------------------------------------------------------------------------------
 1   8,6  13,3   13:19   2,6   02:58   6,9   0,0   0,0   1,5   8,6   12:50   SSE
 2   8,6  13,7   11:54   2,3   03:42   6,9   0,0   0,0   1,3   8,6   12:15   SSE
 3   8,1  13,1   13:46  -0,1   03:24   7,4   0,0   0,0   1,7   9,6   14:20   SSE
 4   8,7  14,4   13:12   3,3   23:58   6,8   0,0   0,4   1,6   8,6   08:58   ESE
 5   7,6  12,2   11:26   0,8   02:31   7,9   0,0   0,2   1,4   7,0   14:55   SSE
 6   9,4  14,3   14:10   3,9   02:44   6,1   0,0   0,0   0,9   7,6   12:47    SE
 7  10,0  15,0   12:17   4,2   03:24   5,5   0,0   0,0   1,9  10,2   17:30   SSE
 8   8,6  13,3   13:47   2,7   03:25   6,9   0,0   0,0   1,4   9,6   13:14   WSW
 9   7,1   9,4   10:06   3,2   03:00   8,4   0,0   0,0   1,8  10,7   10:07     W
10   5,7   8,3   14:14   0,5   23:48   9,8   0,0   0,0   1,3   7,0   12:51   NNE
11   6,5   9,9   13:53  -0,2   01:08   9,0   0,0   0,0   1,3   7,6   14:31   SSE
12   8,2  12,4   16:35   4,8   23:50   7,3   0,0   0,0   2,2  10,7   15:39   SSE
13   7,2  10,7   14:47   3,3   05:21   8,3   0,0   0,2   1,7  12,4   15:31   SSE
14   7,9  11,9   16:52  -1,0   03:26   7,6   0,0   0,0   2,2  12,8   10:27   SSE
15   6,8   9,9   11:45   0,2   03:39   8,7   0,0   0,0   1,0   5,4   00:52     N
16   7,1  10,1   12:56   1,1   01:47   8,4   0,0   0,0   1,7  10,2   13:43   SSE
17   6,3   9,9   10:17   2,3   23:21   9,2   0,0   0,0   1,6   9,1   11:09     S
18   6,3  10,2   15:24   0,8   23:54   9,2   0,0   0,0   2,4  13,9   14:38     S
19   6,5  10,3   11:51  -0,6   00:43   9,0   0,0   2,4   1,5   7,0   08:42     N
20   6,5  10,5   16:13   0,1   23:59   9,0   0,0   2,2   1,0   7,6   16:14    SW
21  10,3  18,4   15:34  -2,1   02:29   5,6   0,0   0,0   1,4  11,3   09:52   SSE
22  12,9  16,1   16:22   7,7   23:58   2,5   0,0   0,0   0,7   7,0   11:26     E
23  12,0  20,7   13:38   5,6   01:19   4,3   0,2   5,6   0,8   8,0   09:40   SSE
24   9,3  14,4   15:36   7,1   06:27   6,2   0,0   4,2   0,7   5,9   03:53   NNE
25   9,4  11,4   10:51   5,8   23:54   6,1   0,0   0,0   1,2   8,0   03:01   NNW
26   8,6  12,1   12:45   4,1   23:59   6,9   0,0   0,0   0,6   6,5   15:06   NNW
27  13,8  21,5   15:29   1,1   02:35   3,7   0,8   0,0   1,1   9,1   15:15   SSE
28  12,1  17,2   11:28   8,3   23:54   3,4   0,0   1,2   1,0   9,1   15:10   NNE
29  11,5  15,7   17:57   7,5   03:43   4,0   0,0   0,0   0,7   5,9   19:48     N
30  15,3  23,8   14:59   9,3   00:52   1,7   0,5   5,8   1,2   8,0   13:25    SE
31  12,2  14,6   14:45   8,3   23:52   3,3   0,0   0,0   0,9   8,0   13:20     N
----------------------------------------------------------------------------------
     9,0  23,8    30    -2,1    21   206,0   1,5  22,2   1,3  13,9    18     SSE

Max >=  18,0:  4
Max <=   0,0:  0
Min <=   0,0:  5
Min <= -18,0:  0
Max Rain: 5,8 on day 30
Days of Rain: 9 (>= 0,2 mm)  5 (>= 2,0 mm)  0 (>= 10,0 mm)
Heat Base: 15,5  Cool Base: 18,3  Method: Integration