NOAA style reports

NOAA-style Climate Reports

Select a Year or Month report
V/Λ2018 > Jan Feb Mar Apr May Jun Jul Aug Sep Oct Nov Dec
V/Λ2017 > Jan Feb Mar Apr May Jun Jul Aug Sep Oct Nov Dec
V/Λ2016 > Jan Feb Mar Apr May Jun Jul Aug Sep Oct Nov Dec
V/Λ2015 > Jan Feb Mar Apr May Jun Jul Aug Sep Oct Nov Dec
V/Λ2014 > Jan Feb Mar Apr May Jun Jul Aug Sep Oct Nov Dec
V/Λ2013 > Jan Feb Mar Apr May Jun Jul Aug Sep Oct Nov Dec

Report for 2016 Jun
                   Monthly Climatological Summary for jun 2016

Name: kvikklunsj.net   City: Alta   State: Norway
Elevation: 23 m  Lat: N 69° 55' 19"   Lon: E 023° 16' 15"

                  Temperature (°C), Rain (mm), Wind Speed (m/s)

                                      Heat  Cool        Avg
    Mean                              Deg   Deg         Wind                 Dom
Day Temp  High   Time   Low    Time   Days  Days  Rain  Speed High   Time    Dir
----------------------------------------------------------------------------------
 1   8,8  11,0   11:43   6,7   23:57   6,7   0,0   0,0   1,5   8,6   17:55     N
 2   8,8  10,9   16:10   5,7   01:05   6,7   0,0   0,0   0,9   8,6   17:50     N
 3   5,6   7,8   00:11   4,1   22:31   9,9   0,0   2,6   1,6  11,8   23:06   NNW
 4   4,9   7,4   12:28   3,3   23:54  10,6   0,0   1,8   2,2  11,8   23:00     N
 5   4,7   6,7   16:12   2,4   04:00  10,8   0,0   1,0   1,5  11,3   12:34   NNW
 6   6,3   9,0   13:07   2,7   01:12   9,2   0,0   0,0   0,7   5,4   10:20     N
 7   7,7  10,6   14:19   4,9   01:25   7,8   0,0   7,0   0,4   7,6   23:37   ESE
 8   5,8   7,4   11:50   3,8   02:28   9,7   0,0  11,6   2,6  10,7   13:07     N
 9   4,5   5,4   09:32   2,9   03:52  11,0   0,0   1,0   2,6  11,8   09:42     N
10   6,2   9,3   15:08   3,9   01:26   9,3   0,0   0,0   1,0   5,4   02:09     N
11   7,7  10,7   13:10   4,4   02:34   7,8   0,0   0,2   0,8   5,9   11:27   NNW
12   8,3  11,6   13:10   3,8   02:41   7,2   0,0   0,0   0,6   5,9   14:10     N
13   8,9  11,3   14:29   6,3   01:53   6,6   0,0   0,0   1,0   8,0   13:30   NNW
14   8,6  11,1   17:38   4,6   01:00   6,9   0,0   0,0   1,4   8,0   13:07     N
15   9,0  12,9   13:51   2,7   02:34   6,5   0,0   0,0   0,9   8,0   14:20    NW
16   9,3  13,0   09:21   6,1   02:29   6,2   0,0   6,4   0,7   8,6   14:46     N
17  10,1  12,3   11:05   7,9   01:07   5,4   0,0  21,0   0,3   7,6   21:27   NNW
18   9,4  10,9   00:00   6,5   23:53   6,1   0,0   8,4   1,5   9,1   19:12     N
19   6,7   7,8   17:05   5,3   06:45   8,8   0,0   0,6   1,7   8,0   05:39   NNE
20   6,9   8,3   20:12   5,6   02:02   8,6   0,0   1,4   0,2   3,2   13:59     N
21  11,6  18,3   16:26   7,2   03:50   4,3   0,0   3,2   0,8  12,4   17:27   SSE
22  12,5  16,3   12:05   9,3   23:49   3,0   0,0   1,0   0,6   8,0   21:53     W
23  11,0  14,9   14:44   8,1   03:32   4,5   0,0   0,0   0,3   5,4   00:03    NW
24  12,3  19,6   07:47   8,8   01:19   3,4   0,0   8,4   0,4   4,8   12:08   NNE
25  11,2  14,2   13:16   8,7   03:28   4,3   0,0   0,2   0,5   5,4   17:14     N
26  11,8  14,4   23:20   8,1   01:44   3,7   0,0   0,0   0,8   8,6   23:32   NNW
27  20,2  25,6   16:17  11,2   01:44   0,6   3,2   0,0   2,4  11,3   12:05   SSE
28  17,0  20,1   00:00  13,1   23:56   0,2   0,1   0,0   0,9   7,0   01:47   SSE
29  13,6  16,8   15:21  11,4   07:18   2,0   0,0   8,2   0,3   3,2   10:08     N
30  18,5  24,2   16:11  12,9   01:35   0,7   2,0   2,8   0,9   9,1   16:18    SE
----------------------------------------------------------------------------------
     9,6  25,6    27     2,4     5   188,5   5,3  86,8   1,1  12,4    21       N

Max >=  18,0:  5
Max <=   0,0:  0
Min <=   0,0:  0
Min <= -18,0:  0
Max Rain: 21,0 on day 17
Days of Rain: 18 (>= 0,2 mm)  10 (>= 2,0 mm)  2 (>= 10,0 mm)
Heat Base: 15,5  Cool Base: 18,3  Method: Integration