NOAA style reports

NOAA-style Climate Reports

Select a Year or Month report

Report for 2016 Jul
                   Monthly Climatological Summary for jul 2016

Name: kvikklunsj.net   City: Alta   State: Norway
Elevation: 23 m  Lat: N 69° 55' 19"   Lon: E 023° 16' 15"

                  Temperature (°C), Rain (mm), Wind Speed (m/s)

                                      Heat  Cool        Avg
    Mean                              Deg   Deg         Wind                 Dom
Day Temp  High   Time   Low    Time   Days  Days  Rain  Speed High   Time    Dir
----------------------------------------------------------------------------------
 1  20,1  23,6   18:10  16,1   02:12   0,0   2,0   0,0   1,5  11,3   09:28   SSE
 2  19,8  24,1   17:16  14,6   02:34   0,1   2,0   0,0   2,7  13,4   18:47   SSE
 3  20,3  22,9   09:00  12,9   23:57   0,1   2,2   0,2   3,7  17,2   01:33   SSE
 4  16,0  20,0   14:37  11,3   02:17   0,8   0,1   0,0   0,8   7,0   19:41     N
 5  10,9  14,3   00:00  10,2   08:26   4,6   0,0  19,6   2,0  11,3   15:17     N
 6  12,3  15,9   15:36  10,1   01:07   3,2   0,0   2,6   1,0   6,5   23:52     N
 7  12,0  13,1   14:35  10,5   23:55   3,5   0,0   0,0   2,0   9,6   06:26   NNE
 8  11,5  12,9   11:36  10,3   01:26   4,0   0,0   0,6   1,4   7,6   10:18   NNE
 9  10,9  12,0   13:32  10,1   07:52   4,6   0,0   8,6   0,5   7,0   13:34   NNE
10   9,6  10,9   16:27   8,7   22:55   5,9   0,0  16,4   0,1   4,3   00:24    NE
11  12,8  16,4   14:41   8,5   01:09   2,8   0,0   0,0   0,4   3,7   17:14     N
12  16,7  21,1   09:46   8,4   01:47   1,3   0,8   0,0   0,6   5,4   17:47     N
13  12,2  13,5   09:36  10,0   23:32   3,3   0,0   3,4   0,4   3,7   06:42   NNE
14  10,6  12,4   16:32   9,6   02:02   4,9   0,0   4,0   0,1   3,7   14:44   SSE
15  11,6  14,7   12:18   8,0   23:59   3,9   0,0   2,4   0,4   4,3   15:05   NNE
16  12,4  15,1   10:18   6,0   00:52   3,1   0,0  15,0   0,2   3,7   22:33     N
17  16,7  21,1   14:47  12,3   01:22   0,8   0,6  12,0   1,7  10,7   13:29   SSE
18  13,2  15,7   12:38  10,2   20:19   2,3   0,0   1,0   0,7   5,4   07:42     S
19  13,3  16,9   15:24   9,8   00:37   2,3   0,0   0,0   0,6   7,6   01:31   SSW
20  14,1  19,1   15:13   8,5   23:59   2,0   0,0   0,0   0,4   4,8   09:54     W
21  12,4  16,9   10:02   5,0   01:53   3,2   0,0   0,0   0,6   7,6   14:21     N
22  17,8  24,3   17:09   7,6   01:33   1,6   2,2   0,0   0,4   3,7   13:36     N
23  21,8  29,4   13:21  12,0   01:16   0,2   4,2   0,0   0,9   8,6   11:37   SSE
24  14,8  18,5   05:42  11,2   02:27   1,0   0,0   0,0   0,6   6,5   17:52     N
25  13,0  14,8   16:46  11,7   03:00   2,5   0,0   3,4   0,4   3,7   18:40     N
26  13,9  16,1   17:19  11,8   02:04   1,7   0,0   2,4   0,3   5,9   16:21    SE
27  14,3  15,8   16:01  13,0   23:57   1,2   0,0   3,8   0,3   5,4   00:04    SE
28  13,8  16,2   13:54  11,6   05:19   1,7   0,0   0,0   0,7   7,6   23:22    SE
29  14,9  20,8   13:43  12,7   23:47   1,3   0,2  33,4   0,8  11,3   14:43    SE
30  13,4  15,9   07:25  11,6   21:30   2,1   0,0   0,0   0,8   8,0   19:49   NNW
31  11,0  12,5   17:33   9,6   23:42   4,5   0,0   0,4   0,2   3,2   09:13   NNE
----------------------------------------------------------------------------------
    14,1  29,4    23     5,0    21    74,5  14,3 129,2   0,9  17,2     3       E

Max >=  18,0: 11
Max <=   0,0:  0
Min <=   0,0:  0
Min <= -18,0:  0
Max Rain: 33,4 on day 29
Days of Rain: 17 (>= 0,2 mm)  13 (>= 2,0 mm)  5 (>= 10,0 mm)
Heat Base: 15,5  Cool Base: 18,3  Method: Integration