NOAA style reports

NOAA-style Climate Reports

Select a Year or Month report
V/Λ2018 > Jan Feb Mar Apr May Jun Jul Aug Sep Oct Nov Dec
V/Λ2017 > Jan Feb Mar Apr May Jun Jul Aug Sep Oct Nov Dec
V/Λ2016 > Jan Feb Mar Apr May Jun Jul Aug Sep Oct Nov Dec
V/Λ2015 > Jan Feb Mar Apr May Jun Jul Aug Sep Oct Nov Dec
V/Λ2014 > Jan Feb Mar Apr May Jun Jul Aug Sep Oct Nov Dec
V/Λ2013 > Jan Feb Mar Apr May Jun Jul Aug Sep Oct Nov Dec

Report for 2016 Aug
                   Monthly Climatological Summary for aug 2016

Name: kvikklunsj.net   City: Alta   State: Norway
Elevation: 23 m  Lat: N 69° 55' 19"   Lon: E 023° 16' 15"

                  Temperature (°C), Rain (mm), Wind Speed (m/s)

                                      Heat  Cool        Avg
    Mean                              Deg   Deg         Wind                 Dom
Day Temp  High   Time   Low    Time   Days  Days  Rain  Speed High   Time    Dir
----------------------------------------------------------------------------------
 1  10,0  11,4   14:07   8,6   23:59   5,5   0,0   1,8   0,1   4,8   20:02    NE
 2  10,8  12,7   12:43   8,4   02:54   4,7   0,0   0,4   0,5   8,0   21:37   ESE
 3  11,3  12,8   11:20   9,1   02:58   4,2   0,0   0,2   0,1   4,8   10:42   ENE
 4  12,8  18,6   10:13   8,8   04:09   2,8   0,0   2,0   0,2   3,7   08:46     N
 5  10,8  12,5   10:06   8,0   00:44   4,7   0,0   0,0   0,4   5,4   14:06   NNW
 6  11,1  15,3   13:29   9,2   02:09   4,4   0,0   4,6   0,2   4,8   15:22     N
 7  10,4  13,4   14:06   8,9   18:56   5,1   0,0   6,0   0,3   5,9   17:39   NNW
 8  13,2  16,7   20:04   9,1   01:47   2,6   0,0   4,8   1,1  12,8   12:09   SSE
 9  14,4  17,7   08:14   9,4   23:13   1,5   0,0   0,0   1,3  10,7   03:40    SE
10  10,5  14,3   14:30   2,7   23:46   5,0   0,0   0,0   0,7   7,6   08:17   WSW
11   8,6  12,7   14:47   2,7   00:18   6,9   0,0   0,2   0,5   5,9   18:22   NNW
12  10,2  12,2   15:05   8,4   23:57   5,3   0,0   1,4   0,9   7,6   11:54     N
13   9,1  11,7   16:27   6,6   23:55   6,4   0,0   0,0   0,1   2,6   15:22   NNE
14   8,8  12,8   16:20   3,0   23:20   6,7   0,0   0,0   0,4   4,3   12:00   NNW
15   9,8  17,2   11:25   1,6   03:34   5,8   0,0   0,0   0,4   5,4   16:02     N
16   8,6  14,2   13:45   0,5   04:28   6,9   0,0   0,0   0,4   6,5   13:27   NNW
17  11,4  17,8   12:26   3,4   03:49   4,6   0,0   0,0   0,4   4,3   13:59   NNE
18  18,0  24,6   15:21   3,8   02:42   1,4   2,0   0,0   1,5   7,6   13:55    SE
19  17,9  22,2   14:21  11,1   03:22   0,7   1,3   0,0   1,7   9,1   11:17   SSE
20  18,1  21,8   13:29  14,5   02:08   0,1   0,9   0,0   1,9  12,8   10:58   SSE
21  12,3  15,0   00:00   4,8   23:57   3,2   0,0  11,4   0,1   3,2   11:59    NE
22   9,6  14,1   16:00   4,4   00:52   5,9   0,0   0,2   0,4   5,4   17:25     N
23   9,0  10,4   00:00   1,1   23:50   6,6   0,0   0,0   1,4   8,6   09:52     N
24   6,7  14,8   13:32  -1,4   04:44   8,8   0,0   0,0   0,3   5,4   17:22   NNE
25   8,4  12,4   10:44   0,4   01:43   7,1   0,0   0,4   0,5   5,4   21:42   NNE
26   9,2  12,7   11:24   6,1   23:57   6,3   0,0   0,0   0,3   4,3   16:57   NNE
27   6,1   8,2   15:21   3,8   23:16   9,4   0,0   1,2   0,9   8,0   13:18     N
28   8,2  11,4   11:45   3,4   03:27   7,3   0,0   0,0   0,6   7,6   19:46    SW
29   9,9  16,1   16:13   4,2   05:38   5,6   0,0   0,0   0,9   8,0   10:48   SSW
30  10,1  15,3   11:42   5,8   04:24   5,4   0,0   1,0   0,3   3,7   16:33    NE
31   9,4  13,3   23:54   3,5   05:15   6,1   0,0   2,6   2,0  14,5   16:22   SSE
----------------------------------------------------------------------------------
    10,8  24,6    18    -1,4    24   157,0   4,2  38,2   0,7  14,5    31     ESE

Max >=  18,0:  4
Max <=   0,0:  0
Min <=   0,0:  1
Min <= -18,0:  0
Max Rain: 11,4 on day 21
Days of Rain: 15 (>= 0,2 mm)  6 (>= 2,0 mm)  1 (>= 10,0 mm)
Heat Base: 15,5  Cool Base: 18,3  Method: Integration