NOAA style reports

NOAA-style Climate Reports

Select a Year or Month report

Report for 2016 Sep
                   Monthly Climatological Summary for sep 2016

Name: kvikklunsj.net   City: Alta   State: Norway
Elevation: 23 m  Lat: N 69° 55' 19"   Lon: E 023° 16' 15"

                  Temperature (°C), Rain (mm), Wind Speed (m/s)

                                      Heat  Cool        Avg
    Mean                              Deg   Deg         Wind                 Dom
Day Temp  High   Time   Low    Time   Days  Days  Rain  Speed High   Time    Dir
----------------------------------------------------------------------------------
 1  14,0  19,1   14:51   9,2   22:58   2,0   0,0   2,2   1,0   9,6   00:59   SSE
 2   7,9  10,9   00:00   4,4   23:59   7,6   0,0   0,0   1,0   7,0   13:22   NNE
 3   7,1  11,7   14:33   1,3   02:03   8,4   0,0   0,0   0,7   8,0   19:10    SE
 4   8,0  11,1   12:20   2,7   23:57   7,5   0,0   4,4   1,1   8,6   13:02   SSE
 5   5,6   8,3   13:42   2,5   03:04   9,9   0,0   1,4   0,8   9,6   17:54     N
 6   7,6  12,4   14:41   1,2   04:07   7,9   0,0   0,0   1,7  12,4   23:22    SE
 7   8,4  10,4   12:55   6,6   22:53   7,1   0,0   7,4   0,5   9,6   01:00    SE
 8   8,2  12,5   14:31   5,8   23:04   7,3   0,0   0,0   0,0   2,2   14:59     N
 9  10,6  15,8   16:57   5,7   05:14   4,9   0,0   0,0   0,9   9,1   13:56    SE
10  11,2  14,3   14:35   5,6   23:36   4,3   0,0   0,0   1,0   7,0   14:29    SE
11   9,0  13,6   12:33   3,1   02:11   6,5   0,0   0,2   0,2   6,5   22:54    NE
12   9,0  11,7   00:00   6,4   20:57   6,5   0,0  11,2   0,1   3,7   12:05     N
13   8,9  15,1   15:32   0,7   06:22   6,6   0,0   0,0   0,0   2,6   15:55     N
14  11,5  16,3   12:20   7,5   23:41   4,0   0,0   2,6   0,1   5,4   13:57   ESE
15   8,6  10,4   03:53   6,2   22:57   6,9   0,0   0,2   0,2   5,4   09:12   NNE
16   7,4  14,3   13:19   2,4   20:12   8,1   0,0   0,0   0,2   3,7   07:25     E
17   9,6  15,9   15:56   3,3   04:19   5,9   0,0   0,0   1,3   9,1   11:01   SSE
18  11,1  18,5   15:18   6,4   00:00   4,5   0,0   0,0   0,4   4,3   02:52    SE
19  11,2  14,6   13:26   6,7   05:31   4,3   0,0   2,0   0,0   3,7   20:17   SSE
20  10,3  11,8   14:25   8,8   00:59   5,2   0,0   0,0   0,0   2,6   22:12    SE
21  11,2  15,6   16:57   5,8   23:13   4,3   0,0   0,0   0,3   5,9   11:35   SSE
22   9,1  16,3   15:36   4,4   04:40   6,5   0,0   0,2   0,1   2,6   15:28   ENE
23   8,5  13,7   14:15   3,2   03:29   7,0   0,0   0,0   0,5   7,6   14:30    SE
24   6,9   9,9   11:37   0,6   05:33   8,5   0,0   0,0   0,3   5,4   11:17    SE
25   8,3  12,1   16:33   5,4   06:21   7,2   0,0   0,4   0,1   4,3   16:05    SE
26  12,3  18,7   13:35   6,9   01:45   3,7   0,0   0,0   0,6   9,1   20:49   SSE
27  11,2  12,7   12:42   9,6   06:45   4,3   0,0   0,0   0,7   8,0   18:53    SE
28  12,0  14,3   13:35  10,2   05:52   3,5   0,0   0,0   3,7  17,2   21:28    SE
29  11,0  12,1   01:09   8,6   22:20   4,5   0,0   0,2   2,2  12,8   01:35   SSE
30   7,2   8,8   00:00   5,4   23:42   8,3   0,0   9,4   0,2   4,8   14:08   NNW
----------------------------------------------------------------------------------
     9,4  19,1     1     0,6    24   183,2   0,0  41,8   0,7  17,2    28      SE

Max >=  18,0:  3
Max <=   0,0:  0
Min <=   0,0:  0
Min <= -18,0:  0
Max Rain: 11,2 on day 12
Days of Rain: 13 (>= 0,2 mm)  7 (>= 2,0 mm)  1 (>= 10,0 mm)
Heat Base: 15,5  Cool Base: 18,3  Method: Integration