NOAA style reports

NOAA-style Climate Reports

Select a Year or Month report
V/Λ2018 > Jan Feb Mar Apr May Jun Jul Aug Sep Oct Nov Dec
V/Λ2017 > Jan Feb Mar Apr May Jun Jul Aug Sep Oct Nov Dec
V/Λ2016 > Jan Feb Mar Apr May Jun Jul Aug Sep Oct Nov Dec
V/Λ2015 > Jan Feb Mar Apr May Jun Jul Aug Sep Oct Nov Dec
V/Λ2014 > Jan Feb Mar Apr May Jun Jul Aug Sep Oct Nov Dec
V/Λ2013 > Jan Feb Mar Apr May Jun Jul Aug Sep Oct Nov Dec

Report for 2016 Oct
                   Monthly Climatological Summary for okt 2016

Name: kvikklunsj.net   City: Alta   State: Norway
Elevation: 23 m  Lat: N 69° 55' 19"   Lon: E 023° 16' 15"

                  Temperature (°C), Rain (mm), Wind Speed (m/s)

                                      Heat  Cool        Avg
    Mean                              Deg   Deg         Wind                 Dom
Day Temp  High   Time   Low    Time   Days  Days  Rain  Speed High   Time    Dir
----------------------------------------------------------------------------------
 1   7,1   9,3   19:46   5,4   00:00   8,4   0,0   4,6   0,3   6,5   23:51    SW
 2   7,6   9,6   12:45   5,3   23:55   7,9   0,0   0,6   1,1  11,3   10:54   WSW
 3   3,4   5,4   14:28  -0,2   22:51  12,1   0,0   1,4   0,6   7,6   14:35    NW
 4   2,8   8,3   14:04  -2,5   22:00  12,7   0,0   0,0   0,6   5,9   09:07   SSE
 5   5,3  10,5   14:05  -0,4   02:24  10,2   0,0   0,0   1,0   7,6   23:28   SSE
 6   8,0  10,9   10:55   0,8   19:49   7,5   0,0   0,0   1,0   9,6   00:24     W
 7   7,0  10,3   14:33   4,1   00:00   8,5   0,0   0,0   0,1   2,6   15:47     S
 8   7,7   9,4   13:01   6,4   06:41   7,8   0,0   0,0   0,1   2,2   00:00     S
 9   3,1   7,5   13:21  -2,1   23:55  12,4   0,0   0,0   0,4   4,8   01:21   SSE
10  -2,0   2,9   13:00  -6,4   08:00  16,9   0,0   0,2   0,0   2,2   20:35    SE
11   0,4   9,4   23:58  -6,4   01:43  15,1   0,0   0,2   0,7   7,0   18:55   SSE
12   8,0  10,2   02:17   3,8   22:24   7,5   0,0   0,0   0,6   8,0   09:02   WSW
13   7,6  10,3   02:41   5,2   00:19   7,9   0,0   0,0   0,4   9,1   02:30     W
14   5,7   9,3   14:43   2,9   17:49   9,8   0,0   0,0   0,2   5,4   23:41   SSE
15   4,4   6,9   13:12  -0,9   23:58  10,6   0,0   0,0   0,7   4,8   20:39   SSE
16   4,7   9,7   14:45  -1,1   00:04  10,8   0,0   0,0   0,6   5,9   11:33   SSE
17  -1,7   1,3   00:05  -6,3   22:31  17,2   0,0   0,0   0,6   4,8   11:40   SSE
18  -4,8   1,9   13:24  -9,3   08:21  20,3   0,0   0,0   0,0   1,6   03:33   ESE
19  -0,6   2,7   14:08  -8,9   02:09  16,0   0,0   0,2   0,0   2,6   06:32   ESE
20   2,6   7,3   14:00  -2,5   23:26  12,9   0,0   0,0   0,2   3,7   09:11    SE
21   3,0   5,7   13:28  -2,2   00:00  12,5   0,0   0,0   1,2   9,1   14:58   SSE
22   3,0   5,2   12:17   0,8   23:16  12,5   0,0   0,0   1,8  13,9   15:12   SSE
23   1,3   3,0   11:17  -0,4   08:03  14,2   0,0   0,0   1,6   9,6   13:12   SSE
24   1,7   3,9   14:34  -1,1   23:59  13,7   0,0   0,0   2,1   9,6   03:01   SSE
25   1,7   4,6   13:30  -4,2   02:22  13,8   0,0   0,0   1,3  11,3   11:54   SSE
26   1,9   3,2   12:26  -2,7   09:31  13,6   0,0   0,0   1,3  10,2   21:25   SSE
27   1,5   3,1   22:28   0,6   08:33  14,0   0,0   0,0   2,6  11,8   10:28    SE
28   1,9   3,1   01:42   0,5   09:29  13,6   0,0   3,4   0,7  10,7   00:06   SSE
29   2,2   4,4   19:51   0,1   02:29  13,3   0,0   1,8   0,2   6,5   19:40   NNE
30   1,0   4,2   02:20  -1,3   22:46  15,1   0,0   1,0   0,2   9,1   03:38   NNE
31  -0,7   0,6   11:49  -1,5   04:20  16,0   0,0   0,0   0,1   2,6   20:19    SE
----------------------------------------------------------------------------------
     3,1  10,9     6    -9,3    18   384,8   0,0  13,4   0,7  13,9    22     SSE

Max >=  18,0:  0
Max <=   0,0:  0
Min <=   0,0: 19
Min <= -18,0:  0
Max Rain: 4,6 on day 1
Days of Rain: 9 (>= 0,2 mm)  2 (>= 2,0 mm)  0 (>= 10,0 mm)
Heat Base: 15,5  Cool Base: 18,3  Method: Integration