NOAA style reports

NOAA-style Climate Reports

Select a Year or Month report
V/Λ2018 > Jan Feb Mar Apr May Jun Jul Aug Sep Oct Nov Dec
V/Λ2017 > Jan Feb Mar Apr May Jun Jul Aug Sep Oct Nov Dec
V/Λ2016 > Jan Feb Mar Apr May Jun Jul Aug Sep Oct Nov Dec
V/Λ2015 > Jan Feb Mar Apr May Jun Jul Aug Sep Oct Nov Dec
V/Λ2014 > Jan Feb Mar Apr May Jun Jul Aug Sep Oct Nov Dec
V/Λ2013 > Jan Feb Mar Apr May Jun Jul Aug Sep Oct Nov Dec

Report for 2016 Nov
                   Monthly Climatological Summary for nov 2016

Name: kvikklunsj.net   City: Alta   State: Norway
Elevation: 23 m  Lat: N 69° 55' 19"   Lon: E 023° 16' 15"

                  Temperature (°C), Rain (mm), Wind Speed (m/s)

                                      Heat  Cool        Avg
    Mean                              Deg   Deg         Wind                 Dom
Day Temp  High   Time   Low    Time   Days  Days  Rain  Speed High   Time    Dir
----------------------------------------------------------------------------------
 1  -1,2   0,0   12:02  -4,4   21:01  16,7   0,0   0,0   0,2   3,2   10:09    SE
 2  -1,7  -0,6   12:06  -3,3   22:30  17,2   0,0   0,0   0,0   1,1   00:00    SE
 3  -3,7  -2,4   01:01  -4,9   04:53  19,2   0,0   0,0   0,0   2,2   22:55   SSE
 4  -9,1  -3,6   00:00 -14,3   23:55  24,6   0,0   0,0   0,2   5,4   01:47    SE
 5 -10,4  -5,8   23:36 -16,1   05:38  25,9   0,0   0,0   0,0   1,6   12:09    SE
 6  -8,2  -3,6   04:28 -13,8   19:52  23,7   0,0   0,0   0,2   3,2   08:47    SE
 7 -10,6  -8,2   20:00 -14,2   00:54  26,1   0,0   0,0   0,6   5,9   21:43   SSE
 8  -6,7  -3,8   16:14  -9,3   00:51  22,2   0,0   0,0   1,9  10,2   13:16     S
 9 -10,2  -6,3   23:57 -15,7   04:09  25,7   0,0   0,0   0,1   4,3   09:33    SE
10  -6,4  -2,2   11:30 -10,9   18:33  21,9   0,0   0,0   0,7   7,6   19:44   SSE
11  -6,9  -4,8   23:59 -10,2   01:45  22,4   0,0   0,0   0,3   5,4   02:44   SSE
12  -7,3  -4,2   01:40  -9,9   09:04  21,1   0,0   1,7   0,2   3,7   18:12    SE
13  -4,1   0,0   00:19  -9,8   01:00  19,3   0,0   0,0   0,9   7,6   19:07   SSE
14  -1,7   1,7   22:25  -4,4   03:28  17,2   0,0   0,3   3,0  17,8   14:05   SSE
15   2,4   3,7   18:40   0,7   02:49  13,1   0,0   1,8   3,7  18,7   14:35   SSE
16  -0,3   2,9   06:20  -4,7   18:50  15,8   0,0   3,4   1,6  10,7   06:30   SSE
17  -0,7   1,2   06:24  -2,3   00:03  16,2   0,0   0,4   1,7  13,9   22:43    SE
18   1,7   2,9   21:04   0,4   00:01  13,8   0,0   0,7   3,5  17,2   15:56    SE
19   0,4   2,6   00:00  -2,0   20:04  15,1   0,0   0,0   2,2  13,4   01:32    SE
20  -2,8   0,2   08:13  -7,2   23:28  18,3   0,0   0,0   1,1  11,3   00:32   SSE
21 -12,0  -5,8   00:30 -14,7   17:01  27,4   0,0   0,0   0,0   1,6   21:11    SE
22 -10,5  -3,3   23:57 -14,9   08:07  26,0   0,0   0,0   0,0   1,6   16:16    SE
23  -4,7  -3,0   00:38  -7,4   23:51  20,2   0,0   1,4   0,0   1,6   18:10    SE
24  -7,0  -5,8   11:40  -8,2   08:49  22,5   0,0   0,0   0,1   2,2   03:11    SE
25  -8,0  -3,9   23:55 -11,2   13:19  23,5   0,0   0,0   0,8  16,1   23:39   SSE
26  -6,3  -3,7   00:05 -13,6   22:47  21,8   0,0   5,6   1,2  14,5   02:24    SE
27  -5,7  -0,7   23:55 -14,2   00:37  21,2   0,0   0,0   1,1  12,8   16:31     N
28  -5,0  -0,2   05:00  -8,8   13:18  20,5   0,0   1,0   1,1  15,6   00:49     N
29  -2,4   1,5   13:22  -7,8   05:15  17,9   0,0   1,3   0,7  10,2   22:08   SSE
30  -2,1  -1,0   23:59  -2,5   05:28  17,6   0,0   0,0   0,0   2,6   00:03    SE
----------------------------------------------------------------------------------
    -5,0   3,7    15   -16,1     5   614,1   0,0  17,6   0,9  18,7    15     SSE

Max >=  18,0:  0
Max <=   0,0: 22
Min <=   0,0: 28
Min <= -18,0:  0
Max Rain: 5,6 on day 26
Days of Rain: 10 (>= 0,2 mm)  2 (>= 2,0 mm)  0 (>= 10,0 mm)
Heat Base: 15,5  Cool Base: 18,3  Method: Integration