NOAA style reports

NOAA-style Climate Reports

Select a Year or Month report
V/Λ2018 > Jan Feb Mar Apr May Jun Jul Aug Sep Oct Nov Dec
V/Λ2017 > Jan Feb Mar Apr May Jun Jul Aug Sep Oct Nov Dec
V/Λ2016 > Jan Feb Mar Apr May Jun Jul Aug Sep Oct Nov Dec
V/Λ2015 > Jan Feb Mar Apr May Jun Jul Aug Sep Oct Nov Dec
V/Λ2014 > Jan Feb Mar Apr May Jun Jul Aug Sep Oct Nov Dec
V/Λ2013 > Jan Feb Mar Apr May Jun Jul Aug Sep Oct Nov Dec

Report for 2016 Dec
                   Monthly Climatological Summary for des 2016

Name: kvikklunsj.net   City: Alta   State: Norway
Elevation: 23 m  Lat: N 69° 55' 19"   Lon: E 023° 16' 15"

                  Temperature (°C), Rain (mm), Wind Speed (m/s)

                                      Heat  Cool        Avg
    Mean                              Deg   Deg         Wind                 Dom
Day Temp  High   Time   Low    Time   Days  Days  Rain  Speed High   Time    Dir
----------------------------------------------------------------------------------
 1  -1,1   0,9   11:33  -3,2   23:57  16,6   0,0   0,0   0,9   7,6   12:59   NNE
 2 -14,8  -3,2   00:00 -19,4   22:31  30,2   0,0   0,0   0,0   1,6   04:30     E
 3 -17,7 -15,7   23:30 -21,3   05:39  33,2   0,0   0,0   0,4   6,5   18:34    SE
 4  -8,8  -7,0   23:58 -16,2   00:00  24,3   0,0   0,0   2,8  14,5   11:54   SSE
 5 -10,4  -7,0   00:00 -17,7   18:53  21,5   0,0   0,0   0,7   8,6   00:59   SSE
 6  -0,1   2,3   23:50  -2,5   18:45   3,4   0,0   0,0   1,7  11,3   19:24    SE
 7   1,8   3,0   16:55  -0,3   23:18  13,7   0,0   3,4   0,9   7,6   10:25   WNW
 8  -0,6   2,1   16:38  -2,4   23:47  16,1   0,0   3,5   1,6  16,1   21:58    NW
 9  -3,2  -0,8   16:01  -5,6   07:26  18,7   0,0   4,2   3,8  16,1   05:11    NW
10  -3,1  -1,1   10:29  -5,8   21:06  18,6   0,0   3,5   1,3  12,4   05:03   NNW
11  -7,3  -3,6   00:00  -9,8   15:58  22,8   0,0   3,0   0,1   8,0   00:11    NE
12 -10,2  -6,9   23:30 -15,3   06:43  25,2   0,0  11,3   0,0   0,0   00:00   ---
13  -3,9  -1,9   10:57  -6,9   00:07  19,0   0,0   0,0   0,0   0,0   00:07   ---
14  -3,3  -0,9   23:50  -4,9   00:00  17,5   0,0   0,0   0,0   0,0   00:00   ---
15   1,2   6,2   21:55  -1,1   00:00  14,3   0,0   0,4   0,4   7,6   21:31    SW
16   4,9   6,2   09:48   1,7   23:44  10,6   0,0   0,2   1,8  11,8   08:39     W
17   4,1   7,7   02:23   0,9   19:24  11,4   0,0   0,0   1,0   9,1   14:14    SE
18   2,0   4,8   05:11  -0,6   11:08  13,5   0,0   0,2   1,0  11,3   06:20   SSE
19   3,1   9,2   19:10  -1,3   01:33  12,4   0,0   0,4   1,0  10,7   20:09    SE
20   2,5   6,7   00:00  -0,1   08:12  13,0   0,0   0,4   1,5  12,8   23:29    SE
21   1,0   2,2   08:11  -0,1   05:04  14,5   0,0   1,7   1,9  12,8   10:50    SE
22   0,0   2,5   10:02  -3,1   02:34  15,5   0,0   0,7   0,9   9,1   13:04    SE
23  -1,6   1,2   00:00  -4,4   09:51  17,1   0,0   0,2   1,4   8,6   17:53    SE
24  -5,7  -3,3   00:28  -9,3   09:02  21,2   0,0   0,0   1,1   9,6   13:16    SE
25  -8,2  -5,5   00:00 -13,6   22:39  23,6   0,0   2,7   0,0   2,2   18:42    SE
26  -7,2  -4,7   15:51 -10,8   07:11  22,7   0,0   0,3   0,7   8,0   18:54    SE
27  -4,8   1,2   20:50  -9,3   14:23  20,3   0,0   0,0   0,4   7,6   23:58    NW
28  -1,3   4,4   23:20  -5,7   08:36  16,8   0,0   1,1   2,3  19,3   18:31    SE
29   2,0   3,9   00:00   0,5   06:38  13,5   0,0   2,4   1,8  13,9   07:43   SSE
30   0,2   2,2   00:07  -1,3   11:20  15,3   0,0   0,6   1,2   9,6   09:30    SE
31  -1,2   3,0   08:00  -8,1   23:35  16,7   0,0   0,2   0,6   5,9   02:39    SE
----------------------------------------------------------------------------------
    -3,0   9,2    19   -21,3     3   553,2   0,0  40,4   1,1  19,3    28     SSE

Max >=  18,0:  0
Max <=   0,0: 13
Min <=   0,0: 28
Min <= -18,0:  2
Max Rain: 11,3 on day 12
Days of Rain: 20 (>= 0,2 mm)  8 (>= 2,0 mm)  1 (>= 10,0 mm)
Heat Base: 15,5  Cool Base: 18,3  Method: Integration