NOAA style reports

NOAA-style Climate Reports

Select a Year or Month report

Report for 2017
                   Annual Climatological Summary for 2017

Name: kvikklunsj.net   City: Alta   State: Norway
Elevation: 23 m  Lat: N 69° 55' 19"   Lon: E 023° 16' 15"

                  Temperature (°C), Heat Base: 15,5  Cool Base: 18,3
                          Dep.  Heat  Cool                       Max  Max  Min  Min
        Mean  Mean        From  Deg   Deg                        >=   <=   <=   <=
 YR MO  Max   Min   Mean  Norm  Days  Days  Hi  Date  Low  Date 18,0  0,0  0,0 -18,0
------------------------------------------------------------------------------------
 17  1  -1,8  -9,8  -5,9   2,8   659     0   8,2  27 -25,9    4    0   19   28    5
 17  2  -3,7 -11,7  -7,2   0,7   643     0   7,5  13 -19,4   19    0   22   26    1
 17  3   0,5  -9,6  -3,7   1,5   593     0   5,5  26 -21,5    7    0   15   31    3
 17  4   2,4  -7,0  -1,8  -1,2   516     0   7,3  29 -15,4    9    0    5   29    0
 17  5   6,0  -0,6   3,1  -1,7   383     0  12,2  17  -4,7    7    0    1   20    0
 17  6  12,1   5,1   8,9  -1,1   202     1  21,4   8   0,9    1    3    0    0    0
 17  7  15,8   8,7  12,7  -0,7   109     7  25,3   2   2,8    1   12    0    0    0
 17  8  15,0   7,4  11,4  -0,6   132     0  21,4  19   3,1   22    5    0    0    0
 17  9  12,7   3,8   8,4   1,2   215     0  18,1   5  -1,8   30    1    0    5    0
 17 10   4,6  -0,5   2,2   0,6   410     0  16,5   1 -11,6   31    0    4   18    0
 17 11  -2,1  -8,5  -5,1  -1,5   617     0   5,6   4 -17,2   20    0   19   29    0
 17 12  -3,8 -11,4  -7,8  -0,8   720     0   5,1  20 -19,4   16    0   24   31    5
------------------------------------------------------------------------------------
         4,8  -2,8   1,3  -0,1  5205     9  25,3 jul -25,9  jan   21  109  217   14

                                Precipitation (mm)

              Dep.   Max        Days of Rain
              From   Obs.           >=
 YR MO Total  Norm   Day Date  0,2  2,0 10,0
---------------------------------------------
 17  1  39,6   7,6   8,6  21    15    7    0
 17  2  30,4   5,4   7,0  18    11    6    0
 17  3  34,2  11,2   6,8  27    18    7    0
 17  4   8,9  -8,1   2,3   1     9    2    0
 17  5  14,0  -6,0   3,2   1    15    3    0
 17  6  50,4  17,4   8,6   5    11    8    0
 17  7 101,4  47,4  19,4   5    16   11    5
 17  8  79,6  30,6  16,2  13    20   11    3
 17  9  10,8 -27,2   6,4  15     8    2    0
 17 10  28,4 -10,6   6,6  21    12    6    0
 17 11  22,4 -11,6  12,0   6     6    4    1
 17 12  22,9 -13,1   8,4  14    12    5    0
---------------------------------------------
       443,0  43,0  19,4  jul  153   72    9

                                Wind Speed (m/s)
                          Dom
 YR MO   Avg.  Hi   Date  Dir
------------------------------
 17  1   1,2  23,0   25    SE
 17  2   0,8  20,9   13    SE
 17  3   1,2  18,7   26    SE
 17  4   0,9  15,0   20    SE
 17  5   1,3  15,0    4   NNW
 17  6   1,2  11,8    1   NNW
 17  7   0,8  15,0   16    SE
 17  8   1,0  11,3   29    SE
 17  9   1,0  17,2   11    SE
 17 10   1,1  18,2   14    SE
 17 11   0,9  23,6   24    SE
 17 12   1,0  16,7    8    SE
------------------------------
         1,0  23,6  nov    SE