NOAA style reports

NOAA-style Climate Reports

Select a Year or Month report

Report for 2017 Jan
                   Monthly Climatological Summary for jan 2017

Name: kvikklunsj.net   City: Alta   State: Norway
Elevation: 23 m  Lat: N 69° 55' 19"   Lon: E 023° 16' 15"

                  Temperature (°C), Rain (mm), Wind Speed (m/s)

                                      Heat  Cool        Avg
    Mean                              Deg   Deg         Wind                 Dom
Day Temp  High   Time   Low    Time   Days  Days  Rain  Speed High   Time    Dir
----------------------------------------------------------------------------------
 1  -4,0  -1,6   10:47  -8,8   23:59  19,5   0,0   1,3   0,0   3,7   11:06   NNW
 2 -13,7  -8,8   00:00 -17,6   16:45  29,2   0,0   0,0   0,0   0,0   00:00   ---
 3 -18,7 -12,9   00:11 -23,5   23:05  34,1   0,0   0,0   0,0   0,0   00:00   ---
 4 -23,7 -20,7   02:41 -25,9   16:37  39,2   0,0   0,0   0,0   3,7   21:13    SE
 5 -16,6  -5,8   23:54 -23,4   00:58  32,1   0,0   0,0   0,4  12,4   22:46    SE
 6  -6,3  -3,8   23:41  -9,1   05:35  21,8   0,0   0,3   3,1  15,0   14:12    SE
 7  -2,5   0,9   14:37  -5,6   12:47  18,0   0,0   3,9   1,7  16,1   00:16    SE
 8   0,6   3,6   18:12  -2,0   03:32  14,8   0,0   4,0   2,2  11,8   15:25    SE
 9  -2,1   1,0   00:04  -7,1   21:49  17,6   0,0   0,0   1,2  13,4   06:48    SE
10  -9,8  -3,9   01:47 -13,1   09:43  25,3   0,0   0,0   0,2   4,8   23:29    SE
11 -10,7  -7,0   12:10 -17,8   21:12  26,2   0,0   1,7   0,2   4,3   00:00    SE
12  -6,0  -0,3   08:56 -16,7   00:00  21,5   0,0   0,0   1,7  10,2   09:40    SE
13  -4,8  -2,8   13:37  -7,4   19:31  20,3   0,0   0,8   1,3  10,2   06:47    SE
14  -7,6  -4,5   00:18  -9,8   19:05  22,0   0,0   0,0   0,1   6,5   00:16    SE
15  -8,3  -4,3   23:27 -11,0   08:21  23,8   0,0   2,0   0,0   3,2   21:05    SE
16  -4,7  -1,7   22:54  -7,8   13:30  20,2   0,0   0,0   1,2  10,2   19:15    SE
17  -0,9   1,2   17:08  -3,7   00:51  16,3   0,0   0,0   2,0  11,3   16:10    SE
18  -1,2   0,9   03:41  -3,1   16:54  16,7   0,0   3,2   1,8  11,8   22:30    SE
19  -3,0   0,9   00:59  -5,8   18:59  18,5   0,0   0,6   1,7  13,4   15:41   WNW
20  -4,5  -3,3   14:55  -5,3   00:10  20,0   0,0   1,0   1,0  12,4   01:59    NW
21  -2,7  -1,5   23:36  -4,6   00:00  18,1   0,0   8,6   0,8  11,3   23:58    NW
22  -7,9  -1,5   02:21 -12,8   14:06  23,4   0,0   5,0   0,7  10,2   00:22    NW
23 -16,2 -11,2   00:54 -20,6   19:20  31,7   0,0   0,0   0,0   1,6   00:30    SE
24 -11,2  -3,7   23:30 -20,4   00:59  26,7   0,0   0,0   1,6  15,0   23:21    SE
25   1,1   6,8   14:28  -4,1   01:59  14,4   0,0   4,4   3,8  23,0   12:23    SE
26   2,2   5,8   01:05   0,6   13:23  12,6   0,0   1,8   1,6  11,8   06:22    NW
27   3,3   8,2   09:09   0,2   15:31  12,2   0,0   1,0   1,3   8,0   07:13    SE
28   2,6   7,8   02:34  -1,5   16:22  12,9   0,0   0,0   0,8  13,9   02:29    SE
29   2,3   5,4   04:16   0,8   16:36  13,2   0,0   0,0   2,0  11,8   08:22    SE
30  -1,5   1,8   10:37  -6,7   22:38  17,0   0,0   0,0   1,9  13,4   11:16    NW
31  -5,0  -1,4   15:19  -9,0   05:39  20,5   0,0   0,0   2,2  13,4   16:51    SE
----------------------------------------------------------------------------------
    -5,9   8,2    27   -25,9     4   659,8   0,0  39,6   1,2  23,0    25      SE

Max >=  18,0:  0
Max <=   0,0: 19
Min <=   0,0: 28
Min <= -18,0:  5
Max Rain: 8,6 on day 21
Days of Rain: 15 (>= 0,2 mm)  7 (>= 2,0 mm)  0 (>= 10,0 mm)
Heat Base: 15,5  Cool Base: 18,3  Method: Integration