NOAA style reports

NOAA-style Climate Reports

Select a Year or Month report

Report for 2017 Feb
                   Monthly Climatological Summary for feb 2017

Name: kvikklunsj.net   City: Alta   State: Norway
Elevation: 23 m  Lat: N 69° 55' 19"   Lon: E 023° 16' 15"

                  Temperature (°C), Rain (mm), Wind Speed (m/s)

                                      Heat  Cool        Avg
    Mean                              Deg   Deg         Wind                 Dom
Day Temp  High   Time   Low    Time   Days  Days  Rain  Speed High   Time    Dir
----------------------------------------------------------------------------------
 1  -8,8  -4,6   00.17 -13,7   09.07  24,3   0,0   0,9   1,4  13,4   20.27    SE
 2  -4,5  -2,2   09.07  -6,9   21.35  19,5   0,0   0,7   1,1   9,1   00.04    SE
 3  -7,6  -6,4   10.44 -10,3   23.54  23,0   0,0   0,0   0,6   5,4   10.31    SE
 4  -9,6  -7,1   12.44 -12,4   06.14  25,1   0,0   0,0   0,4   4,3   20.00    SE
 6  -5,1  -1,4   11.06 -16,6   07.22  32,5   0,0   0,0   0,2  13,4   12.22    SE
 7  -9,5  -4,6   00.26 -15,0   23.58  23,9   0,0   0,0   0,8   5,9   12.48    SE
 8 -14,2 -11,8   13.13 -17,9   06.30  28,8   0,0   0,0   0,6   6,5   19.40    SE
 9 -14,1 -11,2   01.01 -16,9   21.35  29,6   0,0   0,0   0,8   5,9   23.04    SE
10 -15,9 -14,2   12.59 -17,3   01.17  31,3   0,0   0,0   0,8   5,9   05.17    SE
11 -11,5  -8,5   13.32 -14,9   01.53  27,0   0,0   0,0   0,5   6,5   21.40    SE
12   1,4   6,9   15.20 -11,2   01.08  14,1   0,0   1,0   3,2  18,2   17.33   SSW
13   3,3   7,5   12.14   0,5   06.41  12,2   0,0   4,4   2,3  20,9   10.31    NW
14  -0,6   1,9   02.35  -2,7   23.13  16,1   0,0   5,4   0,8  11,8   00.02    NW
15   1,1   6,0   20.52  -3,7   05.46  14,4   0,0   3,6   1,1  12,8   23.13    SW
16   3,3   5,8   00.04   0,2   23.12  12,2   0,0   0,4   1,2  12,8   00.55   SSE
17  -2,6   0,6   00.12  -4,3   17.22  18,1   0,0   0,8   0,8  11,3   21.51    SE
18  -7,6  -2,8   03.23 -15,3   23.50  23,1   0,0   7,0   0,0   1,6   00.12    NW
19 -14,3  -9,2   22.13 -19,4   02.20  29,8   0,0   0,0   0,3   8,0   19.59    SE
20 -10,4  -8,4   20.06 -12,4   07.58  25,9   0,0   0,0   0,7   6,5   13.38    SE
21  -8,0  -5,1   02.14 -12,0   08.43  23,5   0,0   4,0   0,2   7,6   23.36    SE
22 -11,2  -7,1   00.37 -13,9   08.24  26,6   0,0   0,0   0,2   5,4   00.03    SE
23 -12,9 -10,1   13.00 -16,0   22.52  28,4   0,0   0,0   0,0   0,0   00.00   ---
24  -9,2  -3,1   19.06 -15,5   00.00  24,7   0,0   0,0   0,0   0,0   00.00   ---
25  -3,0  -0,1   13.36  -8,6   00.55  18,5   0,0   2,2   0,7   8,6   19.25   NNW
26  -9,1  -4,1   00.00 -14,6   19.38  24,6   0,0   0,0   0,0   3,7   04.39    SE
27  -9,3  -3,6   13.35 -14,3   05.33  24,8   0,0   0,0   0,0   3,2   09.35    SE
28  -7,1  -5,2   14.03 -11,6   02.10  22,6   0,0   0,0   0,9   9,6   15.02    SE
----------------------------------------------------------------------------------
    -7,3   7,5    13   -19,4    19   624,6   0,0  30,4   0,7  20,9    13     SSE

Max >=  18,0:  0
Max <=   0,0: 21
Min <=   0,0: 25
Min <= -18,0:  1
Max Rain: 7,0 on day 18
Days of Rain: 11 (>= 0,2 mm)  6 (>= 2,0 mm)  0 (>= 10,0 mm)
Heat Base: 15,5  Cool Base: 18,3  Method: Integration